000
CXUS54 KEWX 021626 CCA
CLMATT

CLIMATE REPORT...CORRECTED FOR CLIMATE PERIOD OF RECORD
NATIONAL WEATHER SERVICE AUSTIN/SAN ANTONIO, TX
1125 AM CDT SAT AUG 2 2014

...................................

...THE AUSTIN CAMP MABRY CLIMATE SUMMARY FOR THE MONTH OF JULY 2014...

CLIMATE NORMAL PERIOD 1981 TO 2010
CLIMATE RECORD PERIOD 1897 TO 2014

WEATHER         OBSERVED          NORMAL  DEPART  LAST YEAR`S
                 VALUE   DATE(S)  VALUE   FROM    VALUE  DATE(S)
                                          NORMAL
................................................................
TEMPERATURE (F)
HIGHEST           101   07/14                        105  07/13
LOWEST             69   07/05                         67  07/03
AVG. MAXIMUM     95.2              95.6    -0.4     97.3
AVG. MINIMUM     73.6              74.4    -0.8     74.3
MEAN             84.4              85.0    -0.6     85.8
DAYS MAX >= 90     28                                 30
DAYS MAX <= 32      0                                  0
DAYS MIN <= 32      0                                  0
DAYS MIN <= 0       0                                  0

PRECIPITATION (INCHES)
TOTALS           5.58              1.88    3.70     2.91
DAILY AVG.       0.18              0.06    0.12     0.09
DAYS >= .01         6                                  6
DAYS >= .10         3                                  3
DAYS >= .50         2                                  3
DAYS >= 1.00        2                                  1
GREATEST
 24 HR. TOTAL    5.05   07/17 TO 07/18

SNOWFALL (INCHES)
TOTALS            0.0               0.0     0.0      0.0
SINCE 7/1         0.0

DEGREE_DAYS
HEATING TOTAL       0                 0       0        0
 SINCE 7/1          0                 0       0        0
COOLING TOTAL     607               620     -13      649
 SINCE 1/1       1700              1749     -49     1885
.................................................................

WIND (MPH)
AVERAGE WIND SPEED              4.4
HIGHEST WIND SPEED/DIRECTION    20/030    DATE  07/03
HIGHEST GUST SPEED/DIRECTION    30/140    DATE  07/05

SKY COVER
POSSIBLE SUNSHINE (PERCENT)   MM
AVERAGE SKY COVER           0.20
NUMBER OF DAYS FAIR           25
NUMBER OF DAYS PC              4
NUMBER OF DAYS CLOUDY          2

AVERAGE RH (PERCENT)     66

WEATHER CONDITIONS. NUMBER OF DAYS WITH
THUNDERSTORM              0     MIXED PRECIP               0
HEAVY RAIN                3     RAIN                       3
LIGHT RAIN                6     FREEZING RAIN              0
LT FREEZING RAIN          0     HAIL                       0
HEAVY SNOW                0     SNOW                       0
LIGHT SNOW                0     SLEET                      0
FOG                      12     FOG W/VIS <= 1/4 MILE      1
HAZE                      3

-  INDICATES NEGATIVE NUMBERS.
R  INDICATES RECORD WAS SET OR TIED.
MM INDICATES DATA IS MISSING.
T  INDICATES TRACE AMOUNT.

&&

MONTHLY CLIMATOLOGICAL SUMMARY:
JULY 2014 WAS THE 54TH COOLEST AND THE 10TH WETTEST JULY SINCE
RECORD KEEPING BEGAN FOR THE AUSTIN AREA.

SEA LEVEL PRESSURE DATA:
HIGHEST SLP OF 30.19 ON THE 5TH
LOWEST SLP OF 29.75 ON THE 17TH

PRELIMINARY LOCAL CLIMATOLOGICAL DATA (WS FORM: F-6)

                                          STATION:   AUSTIN CAMP MABRY
                                          MONTH:     JULY
                                          YEAR:      2014
                                          LATITUDE:   30 17 N
                                          LONGITUDE:  97 42 W

  TEMPERATURE IN F:       :PCPN:    SNOW:  WIND      :SUNSHINE: SKY     :PK WND
================================================================================
1   2   3   4   5  6A  6B    7    8   9   10  11  12  13   14  15   16   17  18
                                     12Z  AVG MX 2MIN
DY MAX MIN AVG DEP HDD CDD  WTR  SNW DPTH SPD SPD DIR MIN PSBL S-S WX    SPD DR
================================================================================

 1  96  75  86   2   0  21 0.00  0.0    0  6.3 15 150   M    M   3        22 140
 2  97  73  85   1   0  20 0.00  0.0    0  4.0 14 150   M    M   1 1      18 160
 3  96  72  84   0   0  19 0.07  0.0    0  2.9 20  30   M    M   1 13     29  20
 4  93  71  82  -2   0  17 0.00  0.0    0  3.6 16 120   M    M   1 3      23 120
 5  94  69  82  -2   0  17 0.00  0.0    0  4.1 18 130   M    M   1 1      30 140
 6  95  72  84   0   0  19 0.00  0.0    0  4.8 13 160   M    M   3 1      20 150
 7  96  73  85   1   0  20 0.00  0.0    0  5.3 13 130   M    M   0        19 130
 8  98  74  86   2   0  21 0.00  0.0    0  6.5 13 150   M    M   1        21 170
 9  98  72  85   1   0  20 0.00  0.0    0  5.9 14 150   M    M   1        23 140
10  96  72  84  -1   0  19 0.00  0.0    0  4.6 14 170   M    M   2        24 150
11  95  71  83  -2   0  18 0.00  0.0    0  5.1 13 160   M    M   2        22 130
12  98  71  85   0   0  20 0.00  0.0    0  3.8 13 140   M    M   1        20 180
13 100  74  87   2   0  22 0.00  0.0    0  4.3 13 150   M    M   0        17 150
14 101  75  88   3   0  23 0.00  0.0    0  3.7 10 150   M    M   0        16 130
15  92  73  83  -2   0  18 0.06  0.0    0  3.3 15 280   M    M   3 13     23 290
16  95  73  84  -1   0  19 0.31  0.0    0  4.4 15 140   M    M   5 13     22 140
17  89  74  82  -3   0  17 3.53  0.0    0  4.7 13 140   M    M   7 123    19 150
18  78  72  75 -10   0  10 1.52  0.0    0  3.4 14 170   M    M   8 13     27 160
19  86  70  78  -7   0  13 0.00  0.0    0  2.4  8 120   M    M   8 18     11  80
20  94  74  84  -1   0  19 0.00  0.0    0  4.1 12 110   M    M   5        18 100
21  96  77  87   2   0  22 0.00  0.0    0  5.7 10 120   M    M   3 1      20 180
22  96  76  86   1   0  21 0.00  0.0    0  2.1  8 150   M    M   1        14 110
23  97  75  86   0   0  21 0.00  0.0    0  2.5  7 120   M    M   1 18     14  90
24  94  74  84  -2   0  19 0.09  0.0    0  2.6  8 120   M    M   4 18     12  80
25  96  75  86   0   0  21 0.00  0.0    0  4.7 12 170   M    M   1        18 150
26  98  76  87   1   0  22 0.00  0.0    0  6.4 15 150   M    M   1        25 220
27  98  75  87   1   0  22 0.00  0.0    0  6.2 13 160   M    M   1        22 180
28  99  74  87   1   0  22 0.00  0.0    0  3.1  9 220   M    M   1        15 200
29  97  76  87   1   0  22 0.00  0.0    0  4.0 13  50   M    M   0        23  80
30  96  76  86   0   0  21 0.00  0.0    0  6.3 14 160   M    M   1        22 150
31  97  77  87   1   0  22 0.00  0.0    0  4.1 13  10   M    M   5        19  10
================================================================================
SM 2951 2281         0 607  5.58     0.0 134.9          M       72
================================================================================
AV 95.2 73.6                               4.4 FASTST   M    M   2    MAX(MPH)
                                 MISC ---->  # 20  30               # 30  140
================================================================================
NOTES:
# LAST OF SEVERAL OCCURRENCES

COLUMN 17 PEAK WIND IN M.P.H.

SYMBOLS USED IN COLUMN 16

1 = FOG OR MIST
2 = FOG REDUCING VISIBILITY
    TO 1/4 MILE OR LESS
3 = THUNDER
4 = ICE PELLETS
5 = HAIL
6 = FREEZING RAIN OR DRIZZLE
7 = DUSTSTORM OR SANDSTORM:
    VSBY 1/2 MILE OR LESS
8 = SMOKE OR HAZE
9 = BLOWING SNOW
X = TORNADO

$$
