000
CXUS54 KEWX 011732
CLMATT

CLIMATE REPORT
NATIONAL WEATHER SERVICE AUSTIN/SAN ANTONIO, TX
1231 PM CDT THU JUN 1 2017

...................................

...THE AUSTIN CAMP MABRY CLIMATE SUMMARY FOR THE MONTH OF MAY 2017...

CLIMATE NORMAL PERIOD 1981 TO 2010
CLIMATE RECORD PERIOD 1897 TO 2017

WEATHER         OBSERVED          NORMAL  DEPART  LAST YEAR`S
                 VALUE   DATE(S)  VALUE   FROM    VALUE  DATE(S)
                                          NORMAL
................................................................
TEMPERATURE (F)
HIGHEST            97   05/27                         91  05/28
                                                          05/10
LOWEST             51   05/01                         54  05/04
AVG. MAXIMUM     88.1              86.5     1.6     83.2
AVG. MINIMUM     64.6              66.7    -2.1     65.2
MEAN             76.3              76.6    -0.3     74.2
DAYS MAX >= 90     13                                  3
DAYS MAX <= 32      0                                  0
DAYS MIN <= 32      0                                  0
DAYS MIN <= 0       0                                  0

PRECIPITATION (INCHES)
TOTALS           2.86              4.44   -1.58     7.15
DAILY AVG.       0.09              0.14   -0.05     0.23
DAYS >= .01        10                                 17
DAYS >= .10         5                                 15
DAYS >= .50         2                                  4
DAYS >= 1.00        1                                  2
GREATEST
 24 HR. TOTAL    1.22   05/20 TO 05/20

SNOWFALL (INCHES)
TOTALS              T               0.0     0.0      0.0
SINCE 7/1           T

DEGREE_DAYS
HEATING TOTAL       0                 2      -2        1
 SINCE 7/1        834              1539    -705     1081
COOLING TOTAL     359               361      -2      293
 SINCE 1/1        862               613     249      615
.................................................................

WIND (MPH)
AVERAGE WIND SPEED              5.6
HIGHEST WIND SPEED/DIRECTION    21/340    DATE  05/23
HIGHEST GUST SPEED/DIRECTION    34/330    DATE  05/28

SKY COVER
POSSIBLE SUNSHINE (PERCENT)   MM
AVERAGE SKY COVER           0.40
NUMBER OF DAYS FAIR           14
NUMBER OF DAYS PC              8
NUMBER OF DAYS CLOUDY          9

AVERAGE RH (PERCENT)     65

WEATHER CONDITIONS. NUMBER OF DAYS WITH
THUNDERSTORM              0     MIXED PRECIP               0
HEAVY RAIN                3     RAIN                       6
LIGHT RAIN               11     FREEZING RAIN              0
LT FREEZING RAIN          0     HAIL                       1
HEAVY SNOW                0     SNOW                       0
LIGHT SNOW                0     SLEET                      0
FOG                      12     FOG W/VIS <= 1/4 MILE      0
HAZE                      6

-  INDICATES NEGATIVE NUMBERS.
R  INDICATES RECORD WAS SET OR TIED.
MM INDICATES DATA IS MISSING.
T  INDICATES TRACE AMOUNT.

&&

MONTHLY CLIMATE SUMMARY:
MAY WAS THE 38TH WARMEST AND 38TH DRIEST MAY SINCE
RECORD KEEPING BEGAN.

SEA LEVEL PRESSURE DATA:
HIGHEST SLP 30.12 INCHES ON THE 4TH
LOWEST SLP 29.64 INCHES ON THE 25TH

COMMENTS:
1/4" TO 5/8" DIAMETER HAIL FOR 11 MINUTES FROM
659 PM TO 710 PM CDT ON MAY 28TH.

PRELIMINARY LOCAL CLIMATOLOGICAL DATA (WS FORM: F-6)

                                          STATION:   AUSTIN CAMP MABRY
                                          MONTH:     MAY
                                          YEAR:      2017
                                          LATITUDE:   30 17 N
                                          LONGITUDE:  97 42 W

  TEMPERATURE IN F:       :PCPN:    SNOW:  WIND      :SUNSHINE: SKY     :PK WND
================================================================================
1   2   3   4   5  6A  6B    7    8   9   10  11  12  13   14  15   16   17  18
                                     12Z  AVG MX 2MIN
DY MAX MIN AVG DEP HDD CDD  WTR  SNW DPTH SPD SPD DIR MIN PSBL S-S WX    SPD DR
================================================================================

 1  91  51  71  -2   0   6 0.00  0.0    0  5.9 14 220   M    M   0        23 220
 2  92  62  77   4   0  12 0.00  0.0    0  7.3 16 140   M    M   0        25 150
 3  95  64  80   6   0  15    T  0.0    0  7.7 18 360   M    M   7 18     31  10
 4  79  60  70  -4   0   5 0.00  0.0    0  8.4 18 350   M    M   1        34 360
 5  86  55  71  -3   0   6 0.00  0.0    0  4.3 13  10   M    M   0        20 340
 6  91  54  73  -1   0   8 0.00  0.0    0  3.5 12 140   M    M   0        17 230
 7  88  61  75   1   0  10 0.00  0.0    0  6.3 15 140   M    M   0        23 150
 8  84  64  74  -1   0   9 0.00  0.0    0  7.6 16 140   M    M   5        23 110
 9  76  66  71  -4   0   6 0.04  0.0    0  6.0 12 140   M    M   8 138    18 130
10  83  71  77   2   0  12    T  0.0    0  6.7 14 150   M    M  10        23 160
11  88  71  80   4   0  15 0.22    T    0  3.0 15 290   M    M   8 13     25 290
12  88  63  76   0   0  11 0.00  0.0    0  6.9 14 360   M    M   1 13     25 340
13  89  58  74  -2   0   9 0.00  0.0    0  2.5 10  90   M    M   0        16  80
14  93  62  78   2   0  13 0.00  0.0    0  4.8 13 120   M    M   0        20 150
15  92  67  80   4   0  15 0.00  0.0    0  6.8 15 160   M    M   3        24 160
16  86  70  78   1   0  13 0.00  0.0    0  9.2 20 150   M    M  10        32 150
17  90  70  80   3   0  15 0.12  0.0    0  5.1 14 140   M    M   8 18     24 150
18  94  73  84   7   0  19    T  0.0    0  9.5 20 140   M    M   7 18     33 140
19  95  75  85   8   0  20 0.00  0.0    0  9.6 18 140   M    M   7        29 140
20  84  66  75  -3   0  10 1.22  0.0    0  3.8 15 360   M    M   8 13     23 320
21  78  62  70  -8   0   5 0.67  0.0    0  5.5 14  10   M    M  10 13     25  10
22  77  61  69  -9   0   4 0.02  0.0    0  4.2  9  50   M    M   9        16 360
23  86  58  72  -6   0   7 0.07  0.0    0  5.0 21 340   M    M   6 13     33 350
24  87  56  72  -6   0   7 0.00  0.0    0  4.6 12 280   M    M   0        19 310
25  94  62  78  -1   0  13 0.00  0.0    0  7.3 17 150   M    M   0        29 210
26  92  75  84   5   0  19 0.00  0.0    0  6.2 13 170   M    M   9 1      24 200
27  97  76  87   8   0  22 0.01  0.0    0  6.6 15 150   M    M   7 18     23 150
28  94  66  80   1   0  15 0.47    T    0  4.2 18 310   M    M   6 1358   34 330
29  88  68  78  -2   0  13 0.00  0.0    0  2.3  8 120   M    M   4        11 360
30  88  68  78  -2   0  13 0.00  0.0    0  1.5  8  90   M    M   2        14 110
31  85  68  77  -3   0  12 0.02  0.0    0  1.6 17 110   M    M   3        26 100
================================================================================
SM 2730 2003         0 359  2.86    T    173.9          M      139
================================================================================
AV 88.1 64.6                               5.6 FASTST   M    M   4    MAX(MPH)
                                 MISC ---->  # 21 340               # 34  360
================================================================================
NOTES:
# LAST OF SEVERAL OCCURRENCES

COLUMN 17 PEAK WIND IN M.P.H

SYMBOLS USED IN COLUMN 16
1 = FOG OR MIST
2 = FOG REDUCING VISIBILITY
3 = THUNDER
4 = ICE PELLETS
5 = HAIL
6 = FREEZING RAIN OR DRIZZLE
7 = DUSTSTORM OR SANDSTORM:
8 = SMOKE OR HAZE
9 = BLOWING SNOW
X = TORNADO

$$
