000
CXUS54 KEWX 011843
CLMATT

CLIMATE REPORT
NATIONAL WEATHER SERVICE AUSTIN/SAN ANTONIO...TX
1243 PM CST MON FEB 1 2016

...................................

...THE AUSTIN CAMP MABRY CLIMATE SUMMARY FOR THE MONTH OF JANUARY 2016...

CLIMATE NORMAL PERIOD 1981 TO 2010
CLIMATE RECORD PERIOD 1897 TO 2016

WEATHER         OBSERVED          NORMAL  DEPART  LAST YEAR`S
                 VALUE   DATE(S)  VALUE   FROM    VALUE  DATE(S)
                                          NORMAL
................................................................
TEMPERATURE (F)
HIGHEST            86   01/31                         83  01/27
LOWEST             31   01/23                         23  01/08
AVG. MAXIMUM     63.0              61.5     1.5     58.3
AVG. MINIMUM     40.8              41.5    -0.7     39.0
MEAN             51.9              51.5     0.4     48.7
DAYS MAX >= 90      0                                  0
DAYS MAX <= 32      0                                  0
DAYS MIN <= 32      3                                  4
DAYS MIN <= 0       0                                  0

PRECIPITATION (INCHES)
TOTALS           0.34              2.22   -1.88     5.02
DAILY AVG.       0.01              0.07   -0.06     0.16
DAYS >= .01         3                                 10
DAYS >= .10         2                                  9
DAYS >= .50         0                                  3
DAYS >= 1.00        0                                  1
GREATEST
 24 HR. TOTAL    0.20   01/02 TO 01/02
                        01/02 TO 01/03

SNOWFALL (INCHES)
TOTALS            0.0               0.4    -0.4        T
SINCE 7/1         0.0

DEGREE_DAYS
HEATING TOTAL     406               428     -22      501
 SINCE 7/1        825              1040    -215     1100
COOLING TOTAL       8                 9      -1        3
 SINCE 1/1          8                 0       8        3
.................................................................

WIND (MPH)
AVERAGE WIND SPEED              4.1
HIGHEST WIND SPEED/DIRECTION    22/340    DATE  01/21
HIGHEST GUST SPEED/DIRECTION    36/320    DATE  01/21

SKY COVER
POSSIBLE SUNSHINE (PERCENT)   MM
AVERAGE SKY COVER           0.30
NUMBER OF DAYS FAIR           18
NUMBER OF DAYS PC              9
NUMBER OF DAYS CLOUDY          4

AVERAGE RH (PERCENT)     64

WEATHER CONDITIONS. NUMBER OF DAYS WITH
THUNDERSTORM              0     MIXED PRECIP               0
HEAVY RAIN                1     RAIN                       2
LIGHT RAIN                8     FREEZING RAIN              0
LT FREEZING RAIN          0     HAIL                       0
HEAVY SNOW                0     SNOW                       0
LIGHT SNOW                0     SLEET                      0
FOG                       5     FOG W/VIS <= 1/4 MILE      1
HAZE                      3

-  INDICATES NEGATIVE NUMBERS.
R  INDICATES RECORD WAS SET OR TIED.
MM INDICATES DATA IS MISSING.
T  INDICATES TRACE AMOUNT.

&&

MONTHLY CLIMATE SUMMARY
JANUARY 2016 WAS THE 42ND WARMEST AND 16TH DRIEST SINCE RECORD
KEEPING BEGAN.

SEA LEVEL PRESSURE DATA
HIGHEST SLP 30.54 ON  1ST
LOWEST  SLP 29.68 ON  8TH

PRELIMINARY LOCAL CLIMATOLOGICAL DATA (WS FORM: F-6)

                                          STATION:   AUSTIN CAMP MABRY
                                          MONTH:     JANUARY
                                          YEAR:      2016
                                          LATITUDE:   30 17 N
                                          LONGITUDE:  97 42 W

  TEMPERATURE IN F:       :PCPN:    SNOW:  WIND      :SUNSHINE: SKY     :PK WND
================================================================================
1   2   3   4   5  6A  6B    7    8   9   10  11  12  13   14  15   16   17  18
                                     12Z  AVG MX 2MIN
DY MAX MIN AVG DEP HDD CDD  WTR  SNW DPTH SPD SPD DIR MIN PSBL S-S WX    SPD DR
================================================================================

 1  48  44  46  -5  19   0    T  0.0    0  8.1 15  10   M    M   9        24 360
 2  47  42  45  -6  20   0 0.20  0.0    0  2.3  8 360   M    M   9        13 360
 3  62  41  52   1  13   0    T  0.0    0  3.4  9 320   M    M   4        14 320
 4  58  37  48  -3  17   0 0.00  0.0    0  3.5  9  10   M    M   0        13 360
 5  56  36  46  -5  19   0    T  0.0    0  3.2  9 100   M    M   3        12 100
 6  53  46  50  -1  15   0 0.13  0.0    0  2.8  9 140   M    M  10 138    13 140
 7  73  49  61  10   4   0 0.00  0.0    0  2.0  9 140   M    M   5 12     13 150
 8  66  44  55   4  10   0 0.00  0.0    0  2.5 13 150   M    M   2 138    18 150
 9  58  38  48  -3  17   0 0.00  0.0    0  8.5 18 320   M    M   4        30 330
10  50  33  42  -9  23   0 0.00  0.0    0  4.2 12 350   M    M   0        16 350
11  56  34  45  -6  20   0 0.00  0.0    0  1.0  7 150   M    M   3         9  80
12  66  34  50  -1  15   0 0.00  0.0    0  2.2 10 290   M    M   0        16 300
13  66  38  52   1  13   0 0.00  0.0    0  2.2 10 150   M    M   0        17 140
14  70  47  59   8   6   0 0.00  0.0    0  2.7 12 210   M    M   4        19 190
15  70  48  59   8   6   0 0.00  0.0    0  3.2 10 310   M    M   0        17 280
16  64  43  54   3  11   0    T  0.0    0  4.6 20 360   M    M   4        29 350
17  57  32  45  -6  20   0 0.00  0.0    0  3.1 12 140   M    M   1        18 150
18  59  36  48  -4  17   0 0.00  0.0    0  1.7  8 140   M    M   0        12  10
19  69  43  56   4   9   0 0.00  0.0    0  4.0 14 200   M    M   5 1      26 200
20  57  45  51  -1  14   0 0.00  0.0    0  4.3 12  10   M    M   9        17 360
21  64  43  54   2  11   0 0.01  0.0    0  6.7 22 340   M    M   4 18     36 320
22  54  37  46  -6  19   0 0.00  0.0    0  7.7 18 350   M    M   0        26 340
23  57  31  44  -8  21   0 0.00  0.0    0  2.6  8 160   M    M   0        12 160
24  70  35  53   1  12   0 0.00  0.0    0  5.4 14 170   M    M   1        24 170
25  75  56  66  14   0   1 0.00  0.0    0  4.2 10  30   M    M   5        20  20
26  58  43  51  -1  14   0    T  0.0    0  9.5 18  30   M    M   7        30  20
27  59  36  48  -4  17   0 0.00  0.0    0  4.7 14 360   M    M   0        21 360
28  71  32  52   0  13   0 0.00  0.0    0  2.3 10 290   M    M   0        17 320
29  76  38  57   5   8   0 0.00  0.0    0  4.3 14 210   M    M   0        24 200
30  77  46  62  10   3   0 0.00  0.0    0  5.8 14 200   M    M   0        25 180
31  86  58  72  19   0   7 0.00  0.0    0  5.0 12 210   M    M   4        19 200
================================================================================
SM 1952 1265       406   8  0.34     0.0 127.7          M       93
================================================================================
AV 63.0 40.8                               4.1 FASTST   M    M   3    MAX(MPH)
                                 MISC ---->  # 22 340               # 36  320
================================================================================
NOTES:
# LAST OF SEVERAL OCCURRENCES

COLUMN 17 PEAK WIND IN M.P.H.

SYMBOLS USED IN COLUMN 16
1 = FOG OR MIST
2 = FOG REDUCING VISIBILITY
3 = THUNDER
4 = ICE PELLETS
5 = HAIL
6 = FREEZING RAIN OR DRIZZLE
7 = DUSTSTORM OR SANDSTORM:
8 = SMOKE OR HAZE
9 = BLOWING SNOW
X = TORNADO

$$
