000
CXUS53 KABR 011555
CLMATY


CLIMATE REPORT
NATIONAL WEATHER SERVICE ABERDEEN SD
1050 AM CDT MON AUG 1 2016

...................................

...THE WATERTOWN SD CLIMATE SUMMARY FOR THE MONTH OF JULY 2016...

CLIMATE NORMAL PERIOD 1981 TO 2010
CLIMATE RECORD PERIOD 1898 TO 2016

WEATHER         OBSERVED          NORMAL  DEPART  LAST YEAR`S
                 VALUE   DATE(S)  VALUE   FROM    VALUE  DATE(S)
                                          NORMAL
................................................................
TEMPERATURE (F)
RECORD
 HIGH             110   07/21/1934
 LOW               35   07/03/1917
HIGHEST            95   07/21        MM      MM       94  07/12
LOWEST             42   07/01        MM      MM       44  07/07
AVG. MAXIMUM     84.0              82.6     1.4     82.7
AVG. MINIMUM     60.6              59.6     1.0     60.4
MEAN             72.3              71.1     1.2     71.5
DAYS MAX >= 90      6               4.6     1.4        3
DAYS MAX <= 32      0               0.0     0.0        0
DAYS MIN <= 32      0               0.0     0.0        0
DAYS MIN <= 0       0               0.0     0.0        0

PRECIPITATION (INCHES)
RECORD
 MAXIMUM        10.36   1963
 MINIMUM         0.26   2007
TOTALS           2.48              3.02   -0.54     3.57
DAYS >= .01         9               9.7    -0.7        9
DAYS >= .10         7               6.2     0.8        5
DAYS >= .50         2               2.0     0.0        4
DAYS >= 1.00        0               0.5    -0.5        1

SNOWFALL (INCHES)
RECORDS
 TOTAL             MM   MM
 SNOW DEPTH        MM   MM
TOTALS            0.0               0.0     0.0      0.0
SINCE 7/1         0.0               0.0     0.0      0.0
SNOWDEPTH AVG.      0                MM      MM        0
DAYS >= TRACE       0               0.0     0.0        0
DAYS >= 1.0         0               0.0     0.0        0
GREATEST
 SNOW DEPTH         0   MM                             0  MM

DEGREE_DAYS
HEATING TOTAL      12                17      -5       13
 SINCE 7/1         12                17      -5       13
COOLING TOTAL     245               206      39      223
 SINCE 1/1        468               324     144      328

FREEZE DATES
RECORD
 EARLIEST     MM
 LATEST       MM
EARLIEST                        MM
LATEST                          MM
.................................................................

WIND (MPH)
AVERAGE WIND SPEED              9.6
RESULTANT WIND SPEED/DIRECTION   3/175
HIGHEST WIND SPEED/DIRECTION    31/020    DATE  07/10
HIGHEST GUST SPEED/DIRECTION    39/030    DATE  07/10

SKY COVER
POSSIBLE SUNSHINE (PERCENT)   MM
AVERAGE SKY COVER           0.20
NUMBER OF DAYS FAIR           29
NUMBER OF DAYS PC              2
NUMBER OF DAYS CLOUDY          0

AVERAGE RH (PERCENT)     68

WEATHER CONDITIONS. NUMBER OF DAYS WITH
THUNDERSTORM              0     MIXED PRECIP               0
HEAVY RAIN                5     RAIN                       8
LIGHT RAIN               12     FREEZING RAIN              0
LT FREEZING RAIN          0     HAIL                       0
HEAVY SNOW                0     SNOW                       0
LIGHT SNOW                0     SLEET                      0
FOG                      11     FOG W/VIS <= 1/4 MILE      1
HAZE                      1

-  INDICATES NEGATIVE NUMBERS.
R  INDICATES RECORD WAS SET OR TIED.
MM INDICATES DATA IS MISSING.
T  INDICATES TRACE AMOUNT.

$$
