000
CXUS54 KEWX 011823
CLMAUS

CLIMATE REPORT
NATIONAL WEATHER SERVICE AUSTIN/SAN ANTONIO, TX
1223 PM CST SUN FEB 1 2015

...................................

...THE AUSTIN BERGSTROM CLIMATE SUMMARY FOR THE MONTH OF JANUARY 2015...

CLIMATE NORMAL PERIOD 1981 TO 2010
CLIMATE RECORD PERIOD 1943 TO 2015

WEATHER         OBSERVED          NORMAL  DEPART  LAST YEAR`S
                 VALUE   DATE(S)  VALUE   FROM    VALUE  DATE(S)
                                          NORMAL
................................................................
TEMPERATURE (F)
HIGHEST            80   01/28                         79  01/20
                        01/27
                        01/20
LOWEST             21   01/08                         12  01/07
AVG. MAXIMUM     57.8              62.1    -4.3     61.5
AVG. MINIMUM     34.3              36.3    -2.0     31.1
MEAN             46.0              49.2    -3.2     46.3
DAYS MAX >= 90      0                                  0
DAYS MAX <= 32      0                                  0
DAYS MIN <= 32     11                                 17
DAYS MIN <= 0       0                                  0

PRECIPITATION (INCHES)
TOTALS           5.28              2.20    3.08     0.57
DAILY AVG.       0.17              0.07    0.10     0.02
DAYS >= .01         9                                  6
DAYS >= .10         9                                  2
DAYS >= .50         2                                  0
DAYS >= 1.00        1                                  0
GREATEST
 24 HR. TOTAL    2.84   01/21 TO 01/22

SNOWFALL (INCHES)
TOTALS              TR               MM      MM        T
SINCE 7/1           T                MM      MM        T

DEGREE_DAYS
HEATING TOTAL     581               495      86      574
 SINCE 7/1       1279              1242      37     1443
COOLING TOTAL       0                 5      -5        1
 SINCE 1/1          0                 0       0        1
.................................................................

WIND (MPH)
AVERAGE WIND SPEED              8.3
HIGHEST WIND SPEED/DIRECTION    35/020    DATE  01/07
HIGHEST GUST SPEED/DIRECTION    42/030    DATE  01/07

SKY COVER
POSSIBLE SUNSHINE (PERCENT)   MM
AVERAGE SKY COVER           0.60
NUMBER OF DAYS FAIR            7
NUMBER OF DAYS PC             12
NUMBER OF DAYS CLOUDY         12

AVERAGE RH (PERCENT)     71

WEATHER CONDITIONS. NUMBER OF DAYS WITH
THUNDERSTORM              0     MIXED PRECIP               0
HEAVY RAIN                4     RAIN                       4
LIGHT RAIN               14     FREEZING RAIN              0
LT FREEZING RAIN          1     HAIL                       0
HEAVY SNOW                0     SNOW                       2
LIGHT SNOW                0     SLEET                      1
FOG                      19     FOG W/VIS <= 1/4 MILE      3
HAZE                      5

-  INDICATES NEGATIVE NUMBERS.
R  INDICATES RECORD WAS SET OR TIED.
MM INDICATES DATA IS MISSING.
T  INDICATES TRACE AMOUNT.

&&

MONTHLY CLIMATE SUMMARY
JANUARY 2015 WAS 12TH COOLEST AND THE 6TH WETTEST JANUARY SINCE
RECORD KEEPING BEGAN.

SEA LEVEL PRESSURE DATA
HIGHEST SLP 30.78 ON THE 8TH
LOWEST  SLP 29.84 ON THE 20TH

PRELIMINARY LOCAL CLIMATOLOGICAL DATA (WS FORM: F-6)

                                          STATION:   AUSTIN BERGSTROM
                                          MONTH:     JANUARY
                                          YEAR:      2015
                                          LATITUDE:   30 13 N
                                          LONGITUDE:  97 40 W

  TEMPERATURE IN F:       :PCPN:    SNOW:  WIND      :SUNSHINE: SKY     :PK WND
================================================================================
1   2   3   4   5  6A  6B    7    8   9   10  11  12  13   14  15   16   17  18
                                     12Z  AVG MX 2MIN
DY MAX MIN AVG DEP HDD CDD  WTR  SNW DPTH SPD SPD DIR MIN PSBL S-S WX    SPD DR
================================================================================

 1  39  35  37 -12  28   0 0.41  0.0    0 10.8 15 350   M    M  10 13     18  20
 2  42  38  40  -9  25   0 0.14  0.0    0  9.5 15  10   M    M  10 13     20 300
 3  60  34  47  -2  18   0 0.63  0.0    0  4.1 14 290   M    M   5 13     20 280
 4  51  29  40  -9  25   0 0.00  0.0    0 11.7 24 360   M    M   4        31 360
 5  51  24  38 -11  27   0 0.00  0.0    0  5.5 13  30   M    M   4        15  40
 6  68  31  50   1  15   0 0.00  0.0    0  4.4 13 190   M    M   3        18 190
 7  51  30  41  -8  24   0 0.00  0.0    0 16.9 35  20   M    M   5        42  30
 8  37  21  29 -20  36   0 0.00  0.0    0  8.1 23  20   M    M   6        27  10
 9  39  34  37 -12  28   0    T  0.0    0 12.7 24  10   M    M  10 1      28  10
10  37  32  35 -14  30   0 0.37    T    0  9.0 14  20   M    M  10 1346   17  10
11  49  35  42  -7  23   0 0.21  0.0    0  5.3 14 360   M    M   8 13     16 360
12  47  42  45  -4  20   0 0.00  0.0    0 13.4 23 360   M    M  10 12     27  20
13  42  36  39 -10  26   0    T  0.0    0 11.9 20 350   M    M  10 18     25 340
14  41  38  40  -9  25   0    T  0.0    0  9.2 16  10   M    M  10 18     18  10
15  58  35  47  -2  18   0    T  0.0    0  6.5 15 320   M    M   6 1      21  10
16  63  27  45  -4  20   0 0.00  0.0    0  3.7 13 190   M    M   4 1      15 170
17  71  33  52   3  13   0 0.00  0.0    0  6.6 20 200   M    M   6 1      24 200
18  70  32  51   2  14   0 0.00  0.0    0  4.8 13 170   M    M   2        16 190
19  72  29  51   2  14   0 0.00  0.0    0  6.5 20 200   M    M   1        26 210
20  80  33  57   8   8   0 0.00  0.0    0  4.6 16 360   M    M   0 18     17 360
21  56  48  52   3  13   0 0.41  0.0    0  9.9 17 360   M    M   8 128    20  10
22  53  40  47  -2  18   0 2.44  0.0    0 19.9 31  10   M    M  10 13     37  10
23  50  34  42  -7  23   0 0.41    T    0 10.8 24  10   M    M   7 1      32  10
24  62  26  44  -5  21   0 0.00  0.0    0  5.2 10 310   M    M   5 1      14 280
25  72  32  52   2  13   0 0.00  0.0    0  7.3 17 350   M    M   3        24 340
26  74  34  54   4  11   0 0.00  0.0    0  5.0 12 320   M    M   5        17 320
27  80  35  58   8   7   0 0.00  0.0    0  3.7 13 320   M    M   2        18 310
28  80  36  58   8   7   0 0.00  0.0    0  6.5 23 180   M    M   1        28 180
29  76  44  60  10   5   0 0.00  0.0    0  7.9 24  10   M    M   7 12     30  30
30  58  44  51   1  14   0    T  0.0    0 11.7 25  20   M    M   9        33  20
31  62  43  53   3  12   0 0.26  0.0    0  5.3 21 140   M    M  10 18     25 140
================================================================================
SM 1791 1064       581   0  5.28    T    258.4          M      191
================================================================================
AV 57.8 34.3                               8.3 FASTST   M    M   6    MAX(MPH)
                                 MISC ---->  # 35  20               # 42   30
================================================================================
NOTES:
# LAST OF SEVERAL OCCURRENCES

COLUMN 17 PEAK WIND IN M.P.H.

SYMBOLS USED IN COLUMN 16

1 = FOG OR MIST
2 = FOG REDUCING VISIBILITY
    TO 1/4 MILE OR LESS
3 = THUNDER
4 = ICE PELLETS
5 = HAIL
6 = FREEZING RAIN OR DRIZZLE
7 = DUSTSTORM OR SANDSTORM:
    VSBY 1/2 MILE OR LESS
8 = SMOKE OR HAZE
9 = BLOWING SNOW
X = TORNADO

$$
