000
CXUS52 KGSP 020119 CCA
CLMAVL

CLIMATE REPORT
NATIONAL WEATHER SERVICE GREENVILLE-SPARTANBURG SC
958 AM EDT SUN MAY 1 2016

...................................

...THE ASHEVILLE CLIMATE SUMMARY FOR THE MONTH OF APRIL 2016...

CLIMATE NORMAL PERIOD 1981 TO 2010
CLIMATE RECORD PERIOD 1869 TO 2016

WEATHER         OBSERVED          NORMAL  DEPART  LAST YEAR`S
                 VALUE   DATE(S)  VALUE   FROM    VALUE  DATE(S)
                                          NORMAL
................................................................
TEMPERATURE (F)
RECORD
 HIGH              90   04/18/1896
 LOW               20   04/07/2007
                        04/05/1944
                        04/01/1923
HIGHEST            84   04/28        MM      MM       83  04/09
LOWEST             27   04/10        MM      MM       29  04/05
AVG. MAXIMUM     69.4              67.7     1.7     69.0
AVG. MINIMUM     44.2              42.8     1.4     48.1
MEAN             56.8              55.2     1.6     58.6
DAYS MAX >= 90      0               0.0     0.0        0
DAYS MAX <= 32      0               0.0     0.0        0
DAYS MIN <= 32      2               3.1    -1.1        1
DAYS MIN <= 0       0               0.0     0.0        0

PRECIPITATION (INCHES)
RECORD
 MAXIMUM         8.70   1998
 MINIMUM         0.25   1976
TOTALS           2.50              3.33   -0.83     4.94
DAILY AVG.       0.08              0.11   -0.03     0.16
DAYS >= .01         7              10.2    -3.2       15
DAYS >= .10         6               6.3    -0.3       10
DAYS >= .50         2               2.5    -0.5        3
DAYS >= 1.00        1               0.8     0.2        1
GREATEST
 24 HR. TOTAL    1.07   04/30 TO 04/30


 STORM TOTAL       MM                                 MM
 (MM/DD(HH))            MM                    04/16(00) TO 04/16(00)
                                                 04/16(00) TO 04/16(00)6
                                                 04/16(00) TO 04/16(00)6

SNOWFALL (INCHES)
RECORDS
 TOTAL           11.5   1987
 24 HR TOTAL     11.5   04/03/1987 TO 04/03/1987
 SNOW DEPTH        12   04/04/1987
TOTALS            0.0               0.7    -0.7      0.0
 LIQUID EQUIV    0.00              0.10   -0.10     0.00
SINCE 7/1        13.9               9.9     4.0     13.3
 LIQUID 7/1      1.39              1.00    0.39     1.33
SNOWDEPTH AVG.      0                MM      MM        0
DAYS >= TRACE       0               0.3    -0.3        0
DAYS >= 1.0         0               0.2    -0.2        0
GREATEST
 SNOW DEPTH         0   MM                             0  MM
 24 HR TOTAL      0.0   04/30 TO 04/30           04/16 TO 04/16
                                                          04/16 TO 04/16
                                                          04/16 TO 04/16
 STORM TOTAL       MM                                 MM
 (MM/DD(HH))            MM                    04/16(00) TO 04/16(00)
                                                 04/16(00) TO 04/16(00)6
                                                 04/16(00) TO 04/16(00)6

DEGREE_DAYS
HEATING TOTAL     255               300     -45      206
 SINCE 7/1       3363              4072    -709     3940
COOLING TOTAL      16                 7       9       19
 SINCE 1/1         16                 8       8       19

FREEZE DATES
RECORD
 EARLIEST     MM
 LATEST       MM
EARLIEST                        MM
LATEST                          MM
.......................................................

WIND (MPH)
AVERAGE WIND SPEED              7.4
HIGHEST WIND SPEED/DIRECTION    36/340    DATE  04/09
HIGHEST GUST SPEED/DIRECTION    48/340    DATE  04/09

SKY COVER
POSSIBLE SUNSHINE (PERCENT)   MM
AVERAGE SKY COVER           0.20
NUMBER OF DAYS FAIR           22
NUMBER OF DAYS PC              7
NUMBER OF DAYS CLOUDY          1

AVERAGE RH (PERCENT)     56

WEATHER CONDITIONS. NUMBER OF DAYS WITH
THUNDERSTORM              3     MIXED PRECIP               0
HEAVY RAIN                5     RAIN                       6
LIGHT RAIN               11     FREEZING RAIN              0
LT FREEZING RAIN          0     HAIL                       0
HEAVY SNOW                0     SNOW                       0
LIGHT SNOW                0     SLEET                      0
FOG                       9     FOG W/VIS <= 1/4 MILE      0
HAZE                      2

-  INDICATES NEGATIVE NUMBERS.
R  INDICATES RECORD WAS SET OR TIED.
MM INDICATES DATA IS MISSING.
T  INDICATES TRACE AMOUNT.

$$
