000
CXUS53 KGRR 011819
CLMAZO


CLIMATE REPORT
NATIONAL WEATHER SERVICE GRAND RAPIDS, MI
206 PM EDT SAT JUL 1 2017

...................................

...THE KALAMAZOO MI CLIMATE SUMMARY FOR THE MONTH OF JUNE 2017...

CLIMATE NORMAL PERIOD 1981 TO 2010
CLIMATE RECORD PERIOD 1998 TO 2017

WEATHER         OBSERVED          NORMAL  DEPART  LAST YEAR`S
                 VALUE   DATE(S)  VALUE   FROM    VALUE  DATE(S)
                                          NORMAL
................................................................
TEMPERATURE (F)
HIGHEST            93   06/13        MM      MM       91  06/11
                        06/12
LOWEST             48   06/27        MM      MM       42  06/09
                        06/06
                        06/02
AVG. MAXIMUM     81.2              79.2     2.0     81.2
AVG. MINIMUM     58.5              57.3     1.2     57.5
MEAN             69.9              68.2     1.7     69.4
DAYS MAX >= 90      5               1.7     3.3        2
DAYS MAX <= 32      0               0.0     0.0        0
DAYS MIN <= 32      0               0.0     0.0        0
DAYS MIN <= 0       0               0.0     0.0        0

PRECIPITATION (INCHES)
TOTALS           1.24              3.58   -2.34     1.90
DAILY AVG.       0.04              0.12   -0.08     0.06
DAYS >= .01        14                MM      MM        9
DAYS >= .10         5                MM      MM        3
DAYS >= .50         0                MM      MM        2
DAYS >= 1.00        0                MM      MM        0
GREATEST
 24 HR. TOTAL    0.37   06/29 TO 06/29

DEGREE_DAYS
HEATING TOTAL      19                48     -29       28
 SINCE 7/1       5390              6416   -1026     5515
COOLING TOTAL     172               145      27      169
 SINCE 1/1        211               186      25      236
.................................................................

WIND (MPH)
AVERAGE WIND SPEED              8.0
RESULTANT WIND SPEED/DIRECTION   4/243
HIGHEST WIND SPEED/DIRECTION    32/290    DATE  06/19
HIGHEST GUST SPEED/DIRECTION    41/270    DATE  06/19

SKY COVER
POSSIBLE SUNSHINE (PERCENT)   MM
AVERAGE SKY COVER           0.30
NUMBER OF DAYS FAIR           21
NUMBER OF DAYS PC              9
NUMBER OF DAYS CLOUDY          0

AVERAGE RH (PERCENT)     60

WEATHER CONDITIONS. NUMBER OF DAYS WITH
THUNDERSTORM              8     MIXED PRECIP               0
HEAVY RAIN                4     RAIN                       8
LIGHT RAIN               16     FREEZING RAIN              0
LT FREEZING RAIN          0     HAIL                       0
HEAVY SNOW                0     SNOW                       0
LIGHT SNOW                0     SLEET                      0
FOG                       7     FOG W/VIS <= 1/4 MILE      1
HAZE                      8

-  INDICATES NEGATIVE NUMBERS.
R  INDICATES RECORD WAS SET OR TIED.
MM INDICATES DATA IS MISSING.
T  INDICATES TRACE AMOUNT.

$$

63
