000
CXUS51 KOKX 011742
CLMBDR

CLIMATE REPORT
NATIONAL WEATHER SERVICE NEW YORK NY
141 PM EDT FRI JUL 1 2016

...................................

...THE BRIDGEPORT CT CLIMATE SUMMARY FOR THE MONTH OF JUNE 2016...

CLIMATE NORMAL PERIOD 1981 TO 2010
CLIMATE RECORD PERIOD 1948 TO 2016

WEATHER         OBSERVED          NORMAL  DEPART  LAST YEAR`S
                 VALUE   DATE(S)  VALUE   FROM    VALUE  DATE(S)
                                          NORMAL
................................................................
TEMPERATURE (F)
RECORD
 HIGH              97   06/09/2008
 LOW               41   06/01/1967
HIGHEST            89   06/22        MM      MM       89  06/21
LOWEST             52   06/11        MM      MM       47  06/03
AVG. MAXIMUM     78.7              77.0     1.7     75.9
AVG. MINIMUM     62.0              60.4     1.6     60.8
MEAN             70.3              68.7     1.6     68.3
DAYS MAX >= 90      0               1.1    -1.1        0
DAYS MAX <= 32      0               0.0     0.0        0
DAYS MIN <= 32      0               0.0     0.0        0
DAYS MIN <= 0       0               0.0     0.0        0

PRECIPITATION (INCHES)
RECORD
 MAXIMUM        17.70   1972
 MINIMUM         0.07   1949
TOTALS           1.26              3.61   -2.35     4.73
DAILY AVG.       0.04              0.12   -0.08     0.16
DAYS >= .01         7              11.1    -4.1       13
DAYS >= .10         2               6.8    -4.8        9
DAYS >= .50         1               2.3    -1.3        4
DAYS >= 1.00        0               0.8    -0.8        1
GREATEST
 24 HR. TOTAL    0.90   06/05 TO 06/05           06/27 TO 06/28
                        06/04 TO 06/05                    06/30 TO 06/30
                        06/05 TO 06/05                    06/30 TO 06/30
 STORM TOTAL       MM                                 MM
 (MM/DD(HH))            MM                    06/28(00) TO 06/28(00)
                                                 06/30(00) TO 06/30(00)0
                                                 06/30(00) TO 06/30(00)0

DEGREE_DAYS
HEATING TOTAL       4                32     -28       52
 SINCE 7/1       4421              5392    -971     5673
COOLING TOTAL     172               143      29      161
 SINCE 1/1        230               167      63      215
.................................................

WIND (MPH)
AVERAGE WIND SPEED              8.2
HIGHEST WIND SPEED/DIRECTION    28/300    DATE  06/12
HIGHEST GUST SPEED/DIRECTION    37/360    DATE  06/12


WEATHER CONDITIONS. NUMBER OF DAYS WITH
THUNDERSTORM              0     MIXED PRECIP               0
HEAVY RAIN                1     RAIN                       2
LIGHT RAIN                8     FREEZING RAIN              0
LT FREEZING RAIN          0     HAIL                       0
HEAVY SNOW                0     SNOW                       0
LIGHT SNOW                0     SLEET                      0
FOG                       9     FOG W/VIS <= 1/4 MILE      0
HAZE                      6

-  INDICATES NEGATIVE NUMBERS.
R  INDICATES RECORD WAS SET OR TIED.
MM INDICATES DATA IS MISSING.
T  INDICATES TRACE AMOUNT.

$$
