000
CXUS51 KOKX 011352
CLMBDR

CLIMATE REPORT
NATIONAL WEATHER SERVICE NEW YORK NY
952 AM EDT MON SEP 1 2014

...................................

...THE BRIDGEPORT CT CLIMATE SUMMARY FOR THE MONTH OF AUGUST 2014...

CLIMATE NORMAL PERIOD 1981 TO 2010
CLIMATE RECORD PERIOD 1948 TO 2014

WEATHER         OBSERVED          NORMAL  DEPART  LAST YEAR`S
                 VALUE   DATE(S)  VALUE   FROM    VALUE  DATE(S)
                                          NORMAL
................................................................
TEMPERATURE (F)
RECORD
 HIGH             100   08/09/2001
                        08/27/1948
 LOW               44   08/29/1982
HIGHEST            87   08/27        MM      MM       88  08/21
LOWEST             58   08/18        MM      MM       56  08/15
                        08/16
                        08/15
AVG. MAXIMUM     80.4              80.9    -0.5     80.4
AVG. MINIMUM     64.7              65.8    -1.1     65.2
MEAN             72.6              73.3    -0.7     72.8
DAYS MAX >= 90      0               1.7    -1.7        0
DAYS MAX <= 32      0               0.0     0.0        0
DAYS MIN <= 32      0               0.0     0.0        0
DAYS MIN <= 0       0               0.0     0.0        0

PRECIPITATION (INCHES)
RECORD
 MAXIMUM        13.29   1952
 MINIMUM         0.72   1981
TOTALS           2.11              3.96   -1.85     2.11
DAILY AVG.       0.07              0.13   -0.06     0.07
DAYS >= .01         6               8.9    -2.9        9
DAYS >= .10         3               5.9    -2.9        7
DAYS >= .50         1               2.6    -1.6        1
DAYS >= 1.00        1               1.1    -0.1        0
GREATEST
 24 HR. TOTAL    1.70   08/12 TO 08/13           08/26 TO 08/27
                                                          08/31 TO 08/31
                                                          08/31 TO 08/31
 STORM TOTAL       MM                                 MM
 (MM/DD(HH))            MM                    08/27(00) TO 08/27(00)
                                                 08/31(00) TO 08/31(00)1
                                                 08/31(00) TO 08/31(00)1

DEGREE_DAYS
HEATING TOTAL       0                 3      -3        0
 SINCE 7/1          0                 4      -4        0
COOLING TOTAL     242               262     -20      247
 SINCE 1/1        734               718      16      885
..................................................

WIND (MPH)
AVERAGE WIND SPEED              7.6
HIGHEST WIND SPEED/DIRECTION    30/090    DATE  08/13
HIGHEST GUST SPEED/DIRECTION    38/100    DATE  08/13


WEATHER CONDITIONS. NUMBER OF DAYS WITH
THUNDERSTORM              0     MIXED PRECIP               0
HEAVY RAIN                1     RAIN                       1
LIGHT RAIN               11     FREEZING RAIN              0
LT FREEZING RAIN          0     HAIL                       0
HEAVY SNOW                0     SNOW                       0
LIGHT SNOW                0     SLEET                      0
FOG                       4     FOG W/VIS <= 1/4 MILE      0
HAZE                      1

-  INDICATES NEGATIVE NUMBERS.
R  INDICATES RECORD WAS SET OR TIED.
MM INDICATES DATA IS MISSING.
T  INDICATES TRACE AMOUNT.

$$
