000
CXUS55 KCYS 060420
CLMBFF


CLIMATE REPORT
NATIONAL WEATHER SERVICE CHEYENNE WY
919 PM MST THU MAR 5 2015

...................................

...THE SCOTTSBLUFF NE AIRPORT CLIMATE SUMMARY FOR THE MONTH OF FEBRUARY 2015...

CLIMATE NORMAL PERIOD 1981 TO 2010
CLIMATE RECORD PERIOD 1871 TO 2015

WEATHER         OBSERVED          NORMAL  DEPART  LAST YEAR`S
                 VALUE   DATE(S)  VALUE   FROM    VALUE  DATE(S)
                                          NORMAL
................................................................
TEMPERATURE (F)
RECORD
 HIGH              77   02/11/1962
 LOW              -45   02/12/1899
HIGHEST            72   02/07        45      27       68
LOWEST              5   02/23        17     -12      -20
AVG. MAXIMUM     46.5              44.4     2.1     32.5
AVG. MINIMUM     20.2              16.3     3.9      8.7
MEAN             33.4              30.4     3.0     20.6
DAYS MAX >= 90      0               0.0                0
DAYS MAX <= 32      6               5.1               16
DAYS MIN <= 32     26              27.0               27
DAYS MIN <= 0       0               2.7               10

PRECIPITATION (INCHES)
RECORD
 MAXIMUM         1.93   1986
 MINIMUM            T   2002
                        1996
                        1954
TOTALS           0.39              0.60   -0.21     1.14
DAYS >= .01         6               5.3     0.7       13
DAYS >= .10         1               1.9    -0.9        4
DAYS >= .50         0               0.2    -0.2        0
DAYS >= 1.00        0               0.0     0.0        0
GREATEST
 24 HR. TOTAL    0.28   02/03 TO 02/04

SNOWFALL (INCHES)
RECORDS
 TOTAL             MM   MM
TOTALS            5.9               7.0    -1.1     21.1
SINCE 7/1        42.3              28.4    13.9     51.3
SNOWDEPTH AVG.      0
DAYS >= TRACE      11               4.4     6.6       16
DAYS >= 1.0         1               2.4    -1.4        7
GREATEST
 SNOW DEPTH         4   02/05                         10  02/11
                                                          02/10
                                                          02/09
 24 HR TOTAL      4.1   02/03 TO 02/04           02/08 TO 02/09
                                                          02/09 TO 02/09
                                                          02/09 TO 02/09

DEGREE_DAYS
HEATING TOTAL     880               970     -90     1234
 SINCE 7/1       4715              4912    -197     5033
COOLING TOTAL       0                 0       0        0
 SINCE 1/1          0                 0       0        0
..........................................................

WIND (MPH)
AVERAGE WIND SPEED              9.9
HIGHEST WIND SPEED/DIRECTION    39/320    DATE  02/17
HIGHEST GUST SPEED/DIRECTION    49/320    DATE  02/17

SKY COVER
POSSIBLE SUNSHINE (PERCENT)   MM
AVERAGE SKY COVER           0.40
NUMBER OF DAYS FAIR           13
NUMBER OF DAYS PC             12
NUMBER OF DAYS CLOUDY          3

AVERAGE RH (PERCENT)     64

WEATHER CONDITIONS. NUMBER OF DAYS WITH
THUNDERSTORM              0     MIXED PRECIP               0
HEAVY RAIN                0     RAIN                       0
LIGHT RAIN                3     FREEZING RAIN              0
LT FREEZING RAIN          0     HAIL                       0
HEAVY SNOW                0     SNOW                       4
LIGHT SNOW               10     SLEET                      0
FOG                       8     FOG W/VIS <= 1/4 MILE      0
HAZE                      8

-  INDICATES NEGATIVE NUMBERS.
R  INDICATES RECORD WAS SET OR TIED.
MM INDICATES DATA IS MISSING.
T  INDICATES TRACE AMOUNT.

$$
