000
CXUS46 KHNX 020220
CLMBFL


CLIMATE REPORT
NATIONAL WEATHER SERVICE SAN JOAQUIN VALLEY - HANFORD CA
720 PM PDT SAT NOV 1 2014

...................................

...THE BAKERSFIELD CLIMATE SUMMARY FOR THE MONTH OF OCTOBER 2014...

CLIMATE NORMAL PERIOD 1981 TO 2010
CLIMATE RECORD PERIOD 1889 TO 2014

WEATHER         OBSERVED          NORMAL  DEPART  LAST YEAR`S
                 VALUE   DATE(S)  VALUE   FROM    VALUE  DATE(S)
                                          NORMAL
................................................................
TEMPERATURE (F)
RECORD
 HIGH             104   10/05/1933
                        10/04/1933
 LOW               29   10/30/1971
HIGHEST            97   10/05        MM      MM       91  10/06
LOWEST             49   10/27        MM      MM       45  10/31
                                                          10/30
AVG. MAXIMUM     84.0              79.4     4.6     79.3
AVG. MINIMUM     58.9              55.0     3.9     52.3
MEAN             71.4              67.2     4.2     65.8
DAYS MAX >= 90     10               3.5     6.5        1
DAYS MIN <= 32      0               0.0     0.0        0

PRECIPITATION (INCHES)
RECORD
 MAXIMUM         2.04   1889
TOTALS           0.64              0.30    0.34     0.03
DAYS >= .01         1               1.8    -0.8        1
DAYS >= .10         1               0.9     0.1        0
DAYS >= .50         1               0.1     0.9        0
DAYS >= 1.00        0               0.0     0.0        0
GREATEST
 24 HR. TOTAL    0.64   10/31 TO 10/31

SNOWFALL (INCHES)
RECORDS
 TOTAL             MM   MM
TOTALS            0.0               0.0

DEGREE_DAYS
HEATING TOTAL      10                56     -46       42
 SINCE 7/1         10                58     -48       44
COOLING TOTAL     217               124      93       77
 SINCE 1/1       2983              2254     729     2557
.................................................................

WIND (MPH)
AVERAGE WIND SPEED              5.1
HIGHEST WIND SPEED/DIRECTION    36/310    DATE  10/31
HIGHEST GUST SPEED/DIRECTION    44/310    DATE  10/31

AVERAGE RH (PERCENT)     41

WEATHER CONDITIONS. NUMBER OF DAYS WITH
THUNDERSTORM              0     RAIN                       1
HAIL                      0     FOG                        1
FOG W/VIS <= 1/4 MILE     0     HAZE                      11

-  INDICATES NEGATIVE NUMBERS.
R  INDICATES RECORD WAS SET OR TIED.
MM INDICATES DATA IS MISSING.
T  INDICATES TRACE AMOUNT.

$$

SANGER/OCHS

WEATHER.GOV/HANFORD
