000
CXUS46 KHNX 011508
CLMBFL


CLIMATE REPORT
NATIONAL WEATHER SERVICE SAN JOAQUIN VALLEY, CA
759 AM PDT MON AUG 1 2016

...................................

...THE BAKERSFIELD CLIMATE SUMMARY FOR THE MONTH OF JULY 2016...

CLIMATE NORMAL PERIOD 1981 TO 2010
CLIMATE RECORD PERIOD 1889 TO 2016

WEATHER         OBSERVED          NORMAL  DEPART  LAST YEAR`S
                 VALUE   DATE(S)  VALUE   FROM    VALUE  DATE(S)
                                          NORMAL
................................................................
TEMPERATURE (F)
RECORD
 HIGH             118   07/28/1908
 LOW               46   07/13/1914
                        07/07/1903
HIGHEST           111   07/30        MM      MM      107  07/29
LOWEST             64   07/10        MM      MM       64  07/10
AVG. MAXIMUM    100.5              97.1     3.4     96.8
AVG. MINIMUM     71.8              70.5     1.3     72.2
MEAN             86.2              83.8     2.4     84.5
DAYS MAX >= 90     30              27.4     2.6       29
DAYS MIN <= 32      0               0.0     0.0        0

PRECIPITATION (INCHES)
RECORD
 MAXIMUM         0.43   1913
TOTALS           0.00R                T    0.00     0.04
DAYS >= .01         0               0.1    -0.1        2
DAYS >= .10         0               0.0     0.0        0
DAYS >= .50         0               0.0     0.0        0
DAYS >= 1.00        0               0.0     0.0        0
GREATEST
 24 HR. TOTAL    0.00   07/31 TO 07/31
                        07/30 TO 07/30
                        07/29 TO 07/29

SNOWFALL (INCHES)
RECORDS
 TOTAL            0.0
TOTALS            0.0               0.0

DEGREE_DAYS
HEATING TOTAL       0                 0       0        0
 SINCE 7/1          0                 0       0        0
COOLING TOTAL     665               583      82      610
 SINCE 1/1       1556              1229     327     1508
.................................................................

WIND (MPH)
AVERAGE WIND SPEED              6.8
HIGHEST WIND SPEED/DIRECTION    21/320    DATE  07/30
HIGHEST GUST SPEED/DIRECTION    25/320    DATE  07/01

AVERAGE RH (PERCENT)     27

WEATHER CONDITIONS. NUMBER OF DAYS WITH
THUNDERSTORM              0     RAIN                       0
HAIL                      0     FOG                        0
FOG W/VIS <= 1/4 MILE     0     HAZE                       6

-  INDICATES NEGATIVE NUMBERS.
R  INDICATES RECORD WAS SET OR TIED.
MM INDICATES DATA IS MISSING.
T  INDICATES TRACE AMOUNT.

$$
