000
CXUS54 KAMA 021650
CLMBGD


CLIMATE REPORT
NATIONAL WEATHER SERVICE AMARILLO TX
1149 AM CDT TUE JUN 2 2015

...................................

...THE BORGER CLIMATE SUMMARY FOR THE MONTH OF MAY 2015...

CLIMATE NORMAL PERIOD 1981 TO 2013
CLIMATE RECORD PERIOD 1949 TO 2015

WEATHER         OBSERVED          NORMAL  DEPART  LAST YEAR`S
                 VALUE   DATE(S)  VALUE   FROM    VALUE  DATE(S)
                                          NORMAL
................................................................
TEMPERATURE (F)
HIGHEST            89   05/27                        101  05/19
LOWEST             42   05/11                         37  05/02
                                                          05/01
AVG. MAXIMUM     75.2              80.8    -5.6     85.0
AVG. MINIMUM     53.6              55.2    -1.6     57.0
MEAN             64.4              68.0    -3.6     71.0
DAYS MAX >= 90      0               5.8    -5.8       14
DAYS MAX <= 32      0               0.0     0.0        0
DAYS MIN <= 32      0               0.0     0.0        0
DAYS MIN <= 0       0               0.0     0.0        0

PRECIPITATION (INCHES)
TOTALS           9.00R             2.89    6.11     1.54
DAILY AVG.       0.29              0.09    0.20     0.05
DAYS >= .01        14               7.8     6.2        7
DAYS >= .10        12               4.8     7.2        5
DAYS >= .50         6               1.8     4.2        1
DAYS >= 1.00        4               0.7     3.3        0
GREATEST
 24 HR. TOTAL    2.31   05/15 TO 05/16

SNOWFALL (INCHES)
TOTALS            0.0                MM      MM      0.0
SINCE 7/1        17.5                MM      MM     14.7
DAYS >= TRACE       0                MM      MM        0
DAYS >= 1.0         0                MM      MM        0
GREATEST
 SNOW DEPTH         0   MM
 24 HR TOTAL      0.0   05/31 TO 05/31

DEGREE_DAYS
HEATING TOTAL      79                60      19       56
 SINCE 7/1       3452              3763    -311     3838
COOLING TOTAL      68               153     -85      249
 SINCE 1/1        124               197     -73      314
.................................................................

WIND (MPH)
AVERAGE WIND SPEED              10.3
HIGHEST WIND SPEED/DIRECTION    35/240    DATE  05/16
HIGHEST GUST SPEED/DIRECTION    48/240    DATE  05/09

SKY COVER
POSSIBLE SUNSHINE (PERCENT)   MM
NUMBER OF DAYS FAIR           21
NUMBER OF DAYS PC              4
NUMBER OF DAYS CLOUDY          6

AVERAGE RH (PERCENT)     62

WEATHER CONDITIONS. NUMBER OF DAYS WITH
THUNDERSTORM             14     MIXED PRECIP               0
HEAVY RAIN               11     RAIN                      10
LIGHT RAIN               16     FREEZING RAIN              0
LT FREEZING RAIN          0     HEAVY SNOW                 0
SNOW                      0     LIGHT SNOW                 0
SLEET                     0     FOG                       13
FOG W/VIS <= 1/4 MILE     1     HAZE                       0

-  INDICATES NEGATIVE NUMBERS.
R  INDICATES RECORD WAS SET OR TIED.
MM INDICATES DATA IS MISSING.
T  INDICATES TRACE AMOUNT.

$$
