000
CXUS51 KBGM 011711 CCA
CLMBGM

CLIMATE REPORT...CORRECTED
NATIONAL WEATHER SERVICE BINGHAMTON NY
1211 PM EST THU FEB 1 2018

...................................

...THE BINGHAMTON NY CLIMATE SUMMARY FOR THE MONTH OF JANUARY 2018...

CLIMATE NORMAL PERIOD 1981 TO 2010
CLIMATE RECORD PERIOD 1951 TO 2018

WEATHER         OBSERVED          NORMAL  DEPART  LAST YEAR`S
                 VALUE   DATE(S)  VALUE   FROM    VALUE  DATE(S)
                                          NORMAL
................................................................
TEMPERATURE (F)
RECORD
 HIGH              63   01/08/2008
                        01/08/1998
                        01/25/1967
 LOW              -20   01/15/1957
HIGHEST            60   01/12        28      32       56  01/22
LOWEST             -7   01/07        15     -22        2  01/09
                        01/01
AVG. MAXIMUM     29.1              28.7     0.4     32.8
AVG. MINIMUM     13.4              15.7    -2.3     22.2
MEAN             21.3              22.2    -0.9     27.5
DAYS MAX >= 90      0               0.0     0.0        0
DAYS MAX <= 32     18              19.6    -1.6       14
DAYS MIN <= 32     28              28.7    -0.7       27
DAYS MIN <= 0       6               3.2     2.8        0

PRECIPITATION (INCHES)
RECORD
 MAXIMUM         6.39   1979
 MINIMUM         0.76   1970
TOTALS           2.80              2.45    0.35     3.79
DAILY AVG.       0.09              0.08    0.01     0.12
DAYS >= .01        14              15.7    -1.7       19
DAYS >= .10         5               5.8    -0.8        9
DAYS >= .50         1               1.2    -0.2        5
DAYS >= 1.00        1               0.3     0.7        0
GREATEST
 24 HR. TOTAL    1.49   01/12 TO 01/13

SNOWFALL (INCHES)
RECORDS
 TOTAL           45.9   2005
 24 HR TOTAL     18.4   01/13/1964 TO 01/13/1964
 SNOW DEPTH        32   01/08/1994
TOTALS           14.9              22.2    -7.3     12.0
SINCE 7/1        28.0              46.8   -18.8     70.4
SNOWDEPTH AVG.      3                 4      -1        1
DAYS >= TRACE      19              16.9     2.1       22
DAYS >= 1.0         5               6.1    -1.1        4
GREATEST
 SNOW DEPTH         8   01/18                          5  01/31
                        01/17
 24 HR TOTAL      5.5   01/13 TO 01/13

DEGREE_DAYS
HEATING TOTAL    1350              1327      23     1157
 SINCE 7/1       4020              4072     -52     3682
COOLING TOTAL       0                 0       0        0
 SINCE 1/1          0                 0       0        0
.................................................................

WIND (MPH)
AVERAGE WIND SPEED              9.5
RESULTANT WIND SPEED/DIRECTION   5/266
HIGHEST WIND SPEED/DIRECTION    29/350    DATE  01/13
HIGHEST GUST SPEED/DIRECTION    39/290    DATE  01/05

SKY COVER
POSSIBLE SUNSHINE (PERCENT)   MM
AVERAGE SKY COVER           0.60
NUMBER OF DAYS FAIR            7
NUMBER OF DAYS PC             12
NUMBER OF DAYS CLOUDY         12

AVERAGE RH (PERCENT)     74

WEATHER CONDITIONS. NUMBER OF DAYS WITH
THUNDERSTORM              0     MIXED PRECIP               0
HEAVY RAIN                1     RAIN                       2
LIGHT RAIN                5     FREEZING RAIN              2
LT FREEZING RAIN          2     HAIL                       0
HEAVY SNOW                1     SNOW                       5
LIGHT SNOW               17     SLEET                      0
FOG                      18     FOG W/VIS <= 1/4 MILE      5
HAZE                     11

-  INDICATES NEGATIVE NUMBERS.
R  INDICATES RECORD WAS SET OR TIED.
MM INDICATES DATA IS MISSING.
T  INDICATES TRACE AMOUNT.

&&
CORRECTED TABLE AT BOTTOM AND GREATEST 24 HOUR PRECIPITATION
$$

TAC
