000
CXUS53 KIND 011612
CLMBMG


CLIMATE REPORT
NATIONAL WEATHER SERVICE INDIANAPOLIS IN
1112 AM EST THU DEC 1 2016

...................................

...THE BLOOMINGTON IN CLIMATE SUMMARY FOR THE MONTH OF NOVEMBER 2016...

CLIMATE NORMAL PERIOD 1981 TO 2010
CLIMATE RECORD PERIOD 9999 TO 9999

WEATHER         OBSERVED          NORMAL  DEPART  LAST YEAR`S
                 VALUE   DATE(S)  VALUE   FROM    VALUE  DATE(S)
                                          NORMAL
................................................................
TEMPERATURE (F)
HIGHEST            82   11/01                         77  11/04
LOWEST             21   11/21                         19  11/22
AVG. MAXIMUM     59.4              53.8     5.6     58.9
AVG. MINIMUM     36.5              33.8     2.7     37.0
MEAN             48.0              43.8     4.2     48.0
DAYS MAX >= 90      0               0.0     0.0        0
DAYS MAX <= 32      0               0.4    -0.4        0
DAYS MIN <= 32      9              13.9    -4.9       10
DAYS MIN <= 0       0               0.0     0.0        0

PRECIPITATION (INCHES)
TOTALS           3.26              3.94   -0.68     4.10
DAILY AVG.       0.11              0.13   -0.02     0.14
DAYS >= .01         6                MM      MM       13
DAYS >= .10         3                MM      MM        9
DAYS >= .50         3                MM      MM        3
DAYS >= 1.00        1                MM      MM        1
GREATEST
 24 HR. TOTAL    1.40   11/28 TO 11/28

DEGREE_DAYS
HEATING TOTAL     505               637    -132      504
 SINCE 7/1        683              1056    -373      792
COOLING TOTAL       4                 1       3        0
 SINCE 1/1       1322               927     395     1044
.................................................................

WIND (MPH)
AVERAGE WIND SPEED              5.9
HIGHEST WIND SPEED/DIRECTION    28/210    DATE  11/18
HIGHEST GUST SPEED/DIRECTION    37/210    DATE  11/18

SKY COVER
POSSIBLE SUNSHINE (PERCENT)   MM
AVERAGE SKY COVER           0.30
NUMBER OF DAYS FAIR           18
NUMBER OF DAYS PC              7
NUMBER OF DAYS CLOUDY          5

AVERAGE RH (PERCENT)     67

WEATHER CONDITIONS. NUMBER OF DAYS WITH
THUNDERSTORM              1     MIXED PRECIP               0
HEAVY RAIN                3     RAIN                       3
LIGHT RAIN                8     FREEZING RAIN              0
LT FREEZING RAIN          0     HAIL                       0
HEAVY SNOW                0     SNOW                       0
LIGHT SNOW                0     SLEET                      0
FOG                      12     FOG W/VIS <= 1/4 MILE      2
HAZE                      6

-  INDICATES NEGATIVE NUMBERS.
R  INDICATES RECORD WAS SET OR TIED.
MM INDICATES DATA IS MISSING.
T  INDICATES TRACE AMOUNT.

$$
