000
CXUS53 KIND 011511
CLMBMG


CLIMATE REPORT
NATIONAL WEATHER SERVICE INDIANAPOLIS IN
1111 AM EDT TUE SEP 1 2015

...................................

...THE BLOOMINGTON IN CLIMATE SUMMARY FOR THE MONTH OF AUGUST 2015...

CLIMATE NORMAL PERIOD 1981 TO 2010
CLIMATE RECORD PERIOD 9999 TO 9999

WEATHER         OBSERVED          NORMAL  DEPART  LAST YEAR`S
                 VALUE   DATE(S)  VALUE   FROM    VALUE  DATE(S)
                                          NORMAL
................................................................
TEMPERATURE (F)
HIGHEST            89   08/03                         92  08/26
                                                          08/25
LOWEST             50   08/25                         50  08/15
AVG. MAXIMUM     82.3              84.4    -2.1     83.0
AVG. MINIMUM     60.4              61.5    -1.1     64.3
MEAN             71.3              73.0    -1.7     73.6
DAYS MAX >= 90      0               4.1    -4.1        2
DAYS MAX <= 32      0               0.0     0.0        0
DAYS MIN <= 32      0               0.0     0.0        0
DAYS MIN <= 0       0               0.0     0.0        0

PRECIPITATION (INCHES)
TOTALS           4.17              3.52    0.65     3.11
DAILY AVG.       0.13              0.11    0.02     0.10
DAYS >= .01         6                MM      MM       11
DAYS >= .10         4                MM      MM        7
DAYS >= .50         2                MM      MM        2
DAYS >= 1.00        2                MM      MM        0
GREATEST
 24 HR. TOTAL    2.12   08/15 TO 08/16

DEGREE_DAYS
HEATING TOTAL       3                 5      -2        1
 SINCE 7/1          3                 7      -4        6
COOLING TOTAL     207               251     -44      275
 SINCE 1/1        878               817      61      830
.................................................................

WIND (MPH)
AVERAGE WIND SPEED              3.5
HIGHEST WIND SPEED/DIRECTION    32/050    DATE  08/16
HIGHEST GUST SPEED/DIRECTION    45/040    DATE  08/16

SKY COVER
POSSIBLE SUNSHINE (PERCENT)   MM
AVERAGE SKY COVER           0.20
NUMBER OF DAYS FAIR           25
NUMBER OF DAYS PC              5
NUMBER OF DAYS CLOUDY          1

AVERAGE RH (PERCENT)     75

WEATHER CONDITIONS. NUMBER OF DAYS WITH
THUNDERSTORM              4     MIXED PRECIP               0
HEAVY RAIN                3     RAIN                       3
LIGHT RAIN                8     FREEZING RAIN              0
LT FREEZING RAIN          0     HAIL                       0
HEAVY SNOW                0     SNOW                       0
LIGHT SNOW                0     SLEET                      0
FOG                      21     FOG W/VIS <= 1/4 MILE      2
HAZE                      2

-  INDICATES NEGATIVE NUMBERS.
R  INDICATES RECORD WAS SET OR TIED.
MM INDICATES DATA IS MISSING.
T  INDICATES TRACE AMOUNT.

$$
