000
CXUS55 KRIW 011933
CLMBPI

CLIMATE REPORT
NATIONAL WEATHER SERVICE RIVERTON WY
1243 PM MDT WED JUL 1 2015

...PRELIMINARY MONTHLY CLIMATE SUMMARY FOR THE MILEY MEMORIAL FIELD
IN BIG PINEY FOR THE MONTH OF JUNE 2015...

...OFFICIAL CLIMATE DATA FOR THE MONTH OF JUNE 2015 WILL BE
AVAILABLE APPROXIMATELY IN AUGUST 2015 FROM THE NATIONAL CLIMATIC
DATA CENTER (HTTP://WWW.NCDC.NOAA.GOV/OL/CLIMATEDATA.HTML).
UNOFFICIAL ASOS DAILY SUMMARIES ARE AVAILABLE ON THE INTERNET AT
HTTP://WWW.WEATHER.GOV/CLIMATE/INDEX.PHP?WFO=RIW

...JUNE WAS THE WARMEST ON RECORD AND THE 6TH DRIEST IN BIG PINEY...

THE AVERAGE TEMPERATURE FOR BIG PINEY IN JUNE WAS 61.0
DEGREES...WHICH WAS 6.1 DEGREES ABOVE NORMAL. THIS MAKES IT THE
WARMEST JUNE ON RECORD. THE WARMEST READING OF THE MONTH WAS 92
DEGREES ON THE 28TH. A RECORD HIGH OF 83 DEGREES OCCURRED ON THE
19TH...TYING THE PREVIOUS RECORD OF 83 SET IN 2006. ANOTHER RECORD
HIGH OF 85 DEGREES OCCURRED ON THE 18TH...BREAKING THE PREVIOUS
RECORD OF 84 DEGREES SET IN 2013. THE COLDEST READING OF THE MONTH
WAS 36 DEGREES ON THE 3RD.

TOTAL PRECIPITATION FOR THE MONTH WAS 0.23 INCHES...WHICH WAS 29
PERCENT OF NORMAL. THIS MAKES IT THE 6TH DRIEST JUNE ON RECORD. THE
WETTEST 24 HOUR PERIOD OF THE MONTH WAS THE 15TH...WHEN 0.20 OF AN
INCH OF PRECIPITATION FELL. THIS SET A NEW RECORD...BRAKING THE
PREVIOUS RECORD OF 0.11 SET IN 2010. THE HIGHEST WIND GUST WAS 52
MPH ON THE 1ST.

...THE BIG PINEY  WY CLIMATE SUMMARY FOR THE MONTH OF JUNE 2015...

CLIMATE NORMAL PERIOD 1981 TO 2010
CLIMATE RECORD PERIOD 1976 TO 2015

WEATHER         OBSERVED          NORMAL  DEPART
                 VALUE   DATE(S)  VALUE   FROM
                                          NORMAL
................................................
TEMPERATURE (F)
RECORD
 HIGH              93   06/28/2013
 LOW               13   06/04/1984
HIGHEST            92   06/28
LOWEST             36   06/03
AVG. MAXIMUM     79.6              72.2     7.4
AVG. MINIMUM     42.5              37.6     4.9
MEAN             61.0              54.9     6.1
DAYS MAX >= 90      2
DAYS MAX <= 32      0
DAYS MIN <= 32      0
DAYS MIN <= 0       0

PRECIPITATION (INCHES)
RECORD
 MAXIMUM         3.71   2009
 MINIMUM            T   2013
TOTALS           0.23              0.79   -0.56
DAILY AVG.       0.01
DAYS >= .01         2
DAYS >= .10         1
DAYS >= .50         0
DAYS >= 1.00        0
GREATEST
 24 HR. TOTAL    0.20   06/15 TO 06/15

DEGREE_DAYS
HEATING TOTAL     135               305    -170
 SINCE 7/1       8524             10431   -1907
COOLING TOTAL      24                 2      22
 SINCE 1/1         24                 2      22
.................................................

WIND (MPH)
AVERAGE WIND SPEED              7.4
HIGHEST WIND SPEED/DIRECTION    43/330    DATE  06/01
HIGHEST GUST SPEED/DIRECTION    52/340    DATE  06/01

SKY COVER
POSSIBLE SUNSHINE (PERCENT)   MM
AVERAGE SKY COVER           0.10
NUMBER OF DAYS FAIR           27
NUMBER OF DAYS PC              3
NUMBER OF DAYS CLOUDY          0

AVERAGE RH (PERCENT)     52

WEATHER CONDITIONS. NUMBER OF DAYS WITH
THUNDERSTORM              0     MIXED PRECIP               0
HEAVY RAIN                0     RAIN                       0
LIGHT RAIN                6     FREEZING RAIN              0
LT FREEZING RAIN          0     HAIL                       0
HEAVY SNOW                0     SNOW                       0
LIGHT SNOW                0     SLEET                      0
FOG                       1     FOG W/VIS <= 1/4 MILE      0
HAZE                      0

-  INDICATES NEGATIVE NUMBERS.
R  INDICATES RECORD WAS SET OR TIED.
MM INDICATES DATA IS MISSING.
T  INDICATES TRACE AMOUNT.

LOOKING AHEAD TO JULY 2015...THE AVERAGE HIGH TEMPERATURE ON THE
FIRST OF THE MONTH IS 82 DEGREES...AND THE AVERAGE LOW TEMPERATURE
IS 43 DEGREES. THE AVERAGE HIGH BY THE END OF THE MONTH IS 82
DEGREES...AND THE AVERAGE LOW TEMPERATURE IS 46 DEGREES. THE AVERAGE
MONTHLY PRECIPITATION IS 0.59 INCHES.

$$
