000
CXUS51 KBUF 011146
CLMBUF


CLIMATE REPORT
NATIONAL WEATHER SERVICE BUFFALO NY
745 AM EDT SAT AUG 1 2015

...................................

...THE BUFFALO NY CLIMATE SUMMARY FOR THE MONTH OF JULY 2015...

CLIMATE NORMAL PERIOD 1981 TO 2010
CLIMATE RECORD PERIOD 1871 TO 2015

WEATHER         OBSERVED          NORMAL  DEPART  LAST YEAR`S
                 VALUE   DATE(S)  VALUE   FROM    VALUE  DATE(S)
                                          NORMAL
................................................................
TEMPERATURE (F)
RECORD
 HIGH              97   07/15/1995
                        07/06/1988
 LOW               43   07/11/1945
HIGHEST            91   07/29                         86  07/01
LOWEST             50   07/03                         52  07/05
AVG. MAXIMUM     79.9              79.9     0.0     76.5
AVG. MINIMUM     62.0              62.3    -0.3     60.6
MEAN             71.0              71.1    -0.1     68.6
DAYS MAX >= 90      1               1.1    -0.1        0
DAYS MAX <= 32      0               0.0     0.0        0
DAYS MIN <= 32      0               0.0     0.0        0
DAYS MIN <= 0       0               0.0     0.0        0

PRECIPITATION (INCHES)
RECORD
 MAXIMUM         8.93   1992
 MINIMUM         0.15   1933
TOTALS           2.42              3.23   -0.81     5.45
DAYS >= .01        10                                 14
DAYS >= .10         6                                  9
DAYS >= .50         1                                  5
DAYS >= 1.00        0                                  1
GREATEST
 24 HR. TOTAL    0.65   07/14 TO 07/14

SNOWFALL (INCHES)
RECORDS
 TOTAL             MM   MM
TOTALS            0.0               0.0     0.0      0.0
SINCE 7/1         0.0               0.0     0.0
SNOWDEPTH AVG.      0                MM      MM        0
DAYS >= 1.0         0               0.0     0.0        0
GREATEST
 SNOW DEPTH         0   MM                             0  MM
 24 HR TOTAL      0.0   MM

DEGREE_DAYS
HEATING TOTAL       7                 9      -2       10
 SINCE 7/1          7                 9      -2       10
COOLING TOTAL     198               197       1      130
 SINCE 1/1        365               326      39      301
........................................................

WIND (MPH)
AVERAGE WIND SPEED              7.8
HIGHEST WIND SPEED/DIRECTION    29/240
HIGHEST GUST SPEED/DIRECTION    38/250    DATE  07/07

SKY COVER
POSSIBLE SUNSHINE (PERCENT)   MM
NUMBER OF DAYS FAIR            7
NUMBER OF DAYS PC             18
NUMBER OF DAYS CLOUDY          6

AVERAGE RH (PERCENT)     66

WEATHER CONDITIONS. NUMBER OF DAYS WITH
THUNDERSTORM              5     MIXED PRECIP               0
HEAVY RAIN                4     RAIN                       6
LIGHT RAIN               13     FREEZING RAIN              0
LT FREEZING RAIN          0     HAIL                       0
HEAVY SNOW                0     SNOW                       0
LIGHT SNOW                0     SLEET                      0
FOG                      14     FOG W/VIS <= 1/4 MILE      0
HAZE                      6

-  INDICATES NEGATIVE NUMBERS.
R  INDICATES RECORD WAS SET OR TIED.
MM INDICATES DATA IS MISSING.
T  INDICATES TRACE AMOUNT.

$$
