000
CXUS51 KLWX 010925 RRA
CLMBWI

CLIMATE REPORT
NATIONAL WEATHER SERVICE BALTIMORE MD/WASHINGTON DC
525 AM EDT WED NOV 1 2017

...................................

...THE BALTIMORE MD CLIMATE SUMMARY FOR THE MONTH OF OCTOBER 2017...

CLIMATE NORMAL PERIOD 1981 TO 2010
CLIMATE RECORD PERIOD 1871 TO 2017

WEATHER         OBSERVED          NORMAL  DEPART  LAST YEAR`S
                 VALUE   DATE(S)  VALUE   FROM    VALUE
                                          NORMAL
.............................................................
TEMPERATURE (F)
RECORD
 HIGH              97   10/05/1941
 LOW               25   10/24/1969
                        10/31/1966
HIGHEST            86   10/10        83       3
                        10/09
LOWEST             35   10/27        32       3
AVG. MAXIMUM     72.6              66.8     5.8       MM
AVG. MINIMUM     50.5              45.4     5.1       MM
MEAN             61.6              56.1     5.5
DAYS MAX >= 90      0               0.1    -0.1
DAYS MAX <= 32      0               0.0     0.0
DAYS MIN <= 32      0               1.3    -1.3
DAYS MIN <= 0       0               0.0     0.0

PRECIPITATION (INCHES)
RECORD
 MAXIMUM         9.23   2005
 MINIMUM            T   1963
TOTALS           2.99              3.33   -0.34       MM
DAILY AVG.       0.10              0.11   -0.01
DAYS >= .01        10               8.2     1.8
DAYS >= .10         6               5.0     1.0
DAYS >= .50         2               2.3    -0.3
DAYS >= 1.00        1               0.9     0.1
GREATEST
 24 HR. TOTAL    1.31   10/29 TO 10/29

SNOWFALL (INCHES)
RECORDS
 TOTAL            2.4   1925
TOTALS            0.0               0.0     0.0
SINCE 7/1         0.0               0.0     0.0
SNOWDEPTH AVG.      0
DAYS >= TRACE       0               0.0     0.0
DAYS >= 1.0         0               0.0     0.0
GREATEST
 SNOW DEPTH         0   MM
 24 HR TOTAL      0.0

DEGREE_DAYS
HEATING TOTAL     163               294    -131       MM
 SINCE 7/1        191               347    -156       MM
COOLING TOTAL      65                18      47       MM
 SINCE 1/1       1316              1163     153       MM
..............................................................

WIND (MPH)
AVERAGE WIND SPEED              5.7
HIGHEST WIND SPEED/DIRECTION    31/290    DATE  10/30
HIGHEST GUST SPEED/DIRECTION    43/280    DATE  10/30

SKY COVER
POSSIBLE SUNSHINE (PERCENT)   MM
AVERAGE SKY COVER           0.50
NUMBER OF DAYS FAIR           10
NUMBER OF DAYS PC             12
NUMBER OF DAYS CLOUDY          9

AVERAGE RH (PERCENT)     74

WEATHER CONDITIONS. NUMBER OF DAYS WITH
THUNDERSTORM              0     MIXED PRECIP               0
HEAVY RAIN                4     RAIN                       5
LIGHT RAIN               12     FREEZING RAIN              0
LT FREEZING RAIN          0     HAIL                       0
HEAVY SNOW                0     SNOW                       0
LIGHT SNOW                0     SLEET                      0
FOG                      14     FOG W/VIS <= 1/4 MILE      0
HAZE                      1

-  INDICATES NEGATIVE NUMBERS.
R  INDICATES RECORD WAS SET OR TIED.
MM INDICATES DATA IS MISSING.
T  INDICATES TRACE AMOUNT.

&&

BALTIMORE MD...BALTIMORE-WASHINGTON INTERNATIONAL THURGOOD
MARSHALL AIRPORT...

THE MONTHLY AVERAGE TEMPERATURE WAS WELL ABOVE NORMAL. MONTHLY
PRECIPITATION WAS SLIGHTLY BELOW NORMAL.

IT WAS THE WARMEST OCTOBER SINCE 2007.

TWO DAYS HAD LOW TEMPERATURES IN THE 70S. THIS IS THE MOST IN THE
MONTH OF OCTOBER SINCE 1986.

TWO DAILY WARM LOW TEMPERATURE RECORDS WERE SET LAST MONTH:
A LOW OF 74 DEGREES ON THE 8TH BROKE THE RECORD OF 68 SET IN 1922.
A LOW OF 72 DEGREES ON THE 9TH BROKE THE RECORD OF 71 SET IN 1959.

CLIMATE RECORDS FOR THE BALTIMORE MD AREA HAVE BEEN KEPT AT
BALTIMORE-WASHINGTON INTERNATIONAL THURGOOD MARSHALL AIRPORT SINCE
1950. ADDITIONAL TEMPERATURE RECORDS OBSERVED DOWNTOWN EXTEND BACK
TO JULY OF 1872. PRECIPITATION RECORDS EXTEND BACK TO JANUARY OF
1871. SNOWFALL RECORDS BEGAN IN MARCH OF 1892.

ALL CLIMATE DATA ARE CONSIDERED PRELIMINARY UNTIL REVIEWED BY THE
NATIONAL CENTERS FOR ENVIRONMENTAL INFORMATION (NCEI).

$$

DH/HTS
