802
CXUS51 KCAR 031731 CCA
CLMCAR

CLIMATE REPORT
NATIONAL WEATHER SERVICE CARIBOU, ME
1138 AM EDT WED AUG 3 2016

...................................

...THE CARIBOU ME CLIMATE SUMMARY FOR THE MONTH OF JULY 2016...

CLIMATE NORMAL PERIOD 1981 TO 2010
CLIMATE RECORD PERIOD 1939 TO 2016

WEATHER         OBSERVED          NORMAL  DEPART  LAST YEAR`S
                 VALUE   DATE(S)  VALUE   FROM    VALUE  DATE(S)
                                          NORMAL
................................................................
TEMPERATURE (F)
RECORD
 HIGH              95   07/20/1991
                        07/19/1991
                        07/25/1989
 LOW               36   07/07/1969
HIGHEST            88   07/14        MM      MM       85  07/30
LOWEST             49   07/03        MM      MM       45  07/17
AVG. MAXIMUM     77.4              76.0     1.4     74.7
AVG. MINIMUM     56.2              55.2     1.0     54.2
MEAN             66.8              65.6     1.2     64.5
DAYS MAX >= 90      0               0.5    -0.5        0
DAYS MAX <= 32      0               0.0     0.0        0
DAYS MIN <= 32      0               0.0     0.0        0
DAYS MIN <= 0       0               0.0     0.0        0

PRECIPITATION (INCHES)
RECORD
 MAXIMUM         7.96   2011
 MINIMUM         0.16   1947
TOTALS           5.64                      1.56
DAILY AVG.       0.18              0.13    0.05     0.10
DAYS >= .01        14              14.2    -0.2       14
DAYS >= .10        12               8.6     3.4        7
DAYS >= .50         5               2.7     2.3        3
DAYS >= 1.00        1               0.8     0.2        0
GREATEST
 24 HR. TOTAL    1.36   07/06 TO 07/07           07/20 TO 07/21
                                                          07/31 TO 07/31
                                                          07/31 TO 07/31

SNOWFALL (INCHES)
RECORDS
 TOTAL            0.0   MM
TOTALS            0.0               0.0     0.0      0.0
SINCE 7/1         0.0               0.0     0.0      0.0
SNOWDEPTH AVG.      0                MM      MM        0
DAYS >= 1.0         0               0.0     0.0        0
GREATEST
 SNOW DEPTH         0   MM                             0  MM
 24 HR TOTAL      0.0   07/31 TO 07/31           07/31 TO 07/31
                                                          07/31 TO 07/31
                                                          07/31 TO 07/31

DEGREE_DAYS
HEATING TOTAL      48                58     -10       65
 SINCE 7/1         48                58     -10       65
COOLING TOTAL     109                77      32       56
 SINCE 1/1        162               116      46       83
..................................................

WIND (MPH)
AVERAGE WIND SPEED              5.9
HIGHEST WIND SPEED/DIRECTION    24/240    DATE  07/02
HIGHEST GUST SPEED/DIRECTION    34/300    DATE  07/03

SKY COVER
POSSIBLE SUNSHINE (PERCENT)   MM
AVERAGE SKY COVER           0.40
NUMBER OF DAYS FAIR           14
NUMBER OF DAYS PC             13
NUMBER OF DAYS CLOUDY          4

AVERAGE RH (PERCENT)     73

WEATHER CONDITIONS. NUMBER OF DAYS WITH
THUNDERSTORM              0     MIXED PRECIP               0
HEAVY RAIN                8     RAIN                       9
LIGHT RAIN               15     FREEZING RAIN              0
LT FREEZING RAIN          0     HAIL                       0
HEAVY SNOW                0     SNOW                       0
LIGHT SNOW                0     SLEET                      0
FOG                      17     FOG W/VIS <= 1/4 MILE      3
HAZE                      1

-  INDICATES NEGATIVE NUMBERS.
R  INDICATES RECORD WAS SET OR TIED.
MM INDICATES DATA IS MISSING.
T  INDICATES TRACE AMOUNT.

&&

...JULY 2016 NORTHERN AND EASTERN MAINE MONTHLY CLIMATE NARRATIVE...

OVERALL, JULY 2016 FINISHED WITH SLIGHTLY ABOVE NORMAL TEMPERATURES
AND RAINFALL THAT RANGED FROM BELOW AVERAGE OVER DOWNEAST PORTIONS
OF THE REGION TO ABOVE AVERAGE ACROSS THE NORTH.

TEMPERATURES GENERALLY AVERAGED ABOUT 1 TO 2 DEGREES ABOVE NORMAL FOR
THE REGION. MOST OF THE BELOW AVERAGE TEMPS OCCURRED BETWEEN THE 6TH
AND 10TH WHEN A BACK DOOR COLD FRONT BROUGHT UNSEASONABLY COOL AIR AND
CLOUDY SKIES, ESPECIALLY ACROSS THE NORTH. OTHERWISE, OTHER THEN THE
19TH, TEMPERATURES WERE AT OR ABOVE NORMAL FOR THE REMAINDER OF THE
MONTH WITH ABOVE AVERAGE SUNSHINE. WARM SPELLS INCLUDED THE 11TH
THROUGH 15TH AND THE 21ST THROUGH 27TH, WHERE HIGH TEMPERATURES WERE
WELL INTO THE 80S AND EVEN NEAR 90 DEGREES OVER A FEW LOCATIONS. AT
CARIBOU, 15 DAYS OF 80+ DEGREE HIGH TEMPERATURES WAS 5 GREATER THAN
AVERAGE FOR THE MONTH.

MONTHLY RAINFALL RANGED FROM ABOUT 70 PERCENT OF NORMAL OVER
DOWNEAST AND LOWER PENOBSCOT PORTIONS OF THE REGION AS EVIDENT AT
BANGOR WITH JUST 2.69 INCHES UPWARDS TO 140 PERCENT OF AVERAGE
ACROSS THE FAR NORTH AS EVIDENT AT CARIBOU BY THE 5.64 INCH TOTAL. A
SIGNIFICANT COLD STEADY FALL-LIKE RAINFALL OCCURRED MOSTLY ACROSS
THE NORTH ON THE 7TH AS INDICATED BY THE 1.30 INCHES OF RAINFALL
RECORDED AT CARIBOU, KEEPING THE HIGH TEMPERATURE TO ONLY 55 DEGREES
THERE ON THIS DAY. OTHERWISE, INTERMITTENT SHOWERS AND THUNDERSTORMS
WERE THE RULE ACROSS THE REGION, PARTICULARLY ON THE WARMER DAYS AND
ESPECIALLY ACROSS THE NORTH.

$$

VJN
