000
CXUS54 KLUB 011631
CLMCDS


CLIMATE REPORT
NATIONAL WEATHER SERVICE LUBBOCK, TX
1131 AM CDT THU JUN 1 2017

...................................

...THE CHILDRESS CLIMATE SUMMARY FOR THE MONTH OF MAY 2017...

CLIMATE NORMAL PERIOD 1981 TO 2010
CLIMATE RECORD PERIOD 1893 TO 2017

WEATHER         OBSERVED          NORMAL  DEPART  LAST YEAR`S
                 VALUE   DATE(S)  VALUE   FROM    VALUE  DATE(S)
                                          NORMAL
................................................................
TEMPERATURE (F)
RECORD
 HIGH             111   05/24/2000
                        05/23/2000
 LOW               27   05/04/1907
HIGHEST           106   05/25                         97  05/10
LOWEST             38   05/01                         41  05/02
AVG. MAXIMUM     85.1              84.1     1.0     81.9
AVG. MINIMUM     56.2              58.4    -2.2     56.7
MEAN             70.6              71.2    -0.6     69.3

PRECIPITATION (INCHES)
RECORD
 MAXIMUM           MM   MM
 MINIMUM           MM   MM
TOTALS           1.03              3.14   -2.11     7.84
DAILY AVG.       0.03              0.10   -0.07
DAYS >= .01         5                                 11
DAYS >= .10         3                                  8
DAYS >= .50         0                                  3
DAYS >= 1.00        0                                  2
GREATEST
 24 HR. TOTAL    0.49   05/10 TO 05/10

DEGREE_DAYS
HEATING TOTAL      21                27      -6       62
 SINCE 7/1       2328              3115    -787
COOLING TOTAL     201               221     -20      201
 SINCE 1/1        351               312      39
.................................................................

WIND (MPH)
AVERAGE WIND SPEED              11.2
HIGHEST WIND SPEED/DIRECTION    49/010    DATE  05/03
HIGHEST GUST SPEED/DIRECTION    63/010    DATE  05/03

SKY COVER
POSSIBLE SUNSHINE (PERCENT)   MM
AVERAGE SKY COVER           0.10
NUMBER OF DAYS FAIR           25
NUMBER OF DAYS PC              5
NUMBER OF DAYS CLOUDY          1

AVERAGE RH (PERCENT)     51

WEATHER CONDITIONS. NUMBER OF DAYS WITH
THUNDERSTORM              0     MIXED PRECIP               0
HEAVY RAIN                2     RAIN                       4
LIGHT RAIN                6     FREEZING RAIN              0
LT FREEZING RAIN          0     HAIL                       0
HEAVY SNOW                0     SNOW                       0
LIGHT SNOW                0     SLEET                      0
FOG                       3     FOG W/VIS <= 1/4 MILE      1
HAZE                      8

-  INDICATES NEGATIVE NUMBERS.
R  INDICATES RECORD WAS SET OR TIED.
MM INDICATES DATA IS MISSING.
T  INDICATES TRACE AMOUNT.

$$
