000
CXUS53 KPAH 012134
CLMCGI

PAHCLMCAP 000
TTAA00 KPAH 012124


CLIMATE REPORT
NATIONAL WEATHER SERVICE PADUCAH KY
324 PM CST FRI DEC 1 2017

...................................

...THE CAPE GIRARDEAU MO CLIMATE SUMMARY FOR THE MONTH OF NOVEMBER 2017...

CLIMATE NORMAL PERIOD 1981 TO 2010
CLIMATE RECORD PERIOD 1960 TO 2017

WEATHER         OBSERVED          NORMAL  DEPART  LAST YEAR`S
                 VALUE   DATE(S)  VALUE   FROM    VALUE
                                          NORMAL
.............................................................
TEMPERATURE (F)
RECORD
 HIGH              84   11/01/2016
 LOW                8   11/29/1976
HIGHEST            78   11/02                         84
LOWEST             22   11/23                         22
AVG. MAXIMUM     58.5              57.4     1.1     63.1
AVG. MINIMUM     36.3              36.2     0.1     37.4
MEAN             47.4              46.8     0.6     50.2
DAYS MAX >= 90      0               0.0     0.0        0
DAYS MAX <= 32      0               0.1    -0.1        0
DAYS MIN <= 32     15              11.6     3.4        9
DAYS MIN <= 0       0               0.0     0.0        0

PRECIPITATION (INCHES)
RECORD
 MAXIMUM         9.75   2011
 MINIMUM         0.34   1976
TOTALS           2.45              4.44   -1.99     3.76
DAILY AVG.       0.08              0.15   -0.07     0.13
DAYS >= .01         8              10.0    -2.0        4
DAYS >= .10         6               6.8    -0.8        4
DAYS >= .50         1               3.1    -2.1        2
DAYS >= 1.00        0               1.4    -1.4        2
GREATEST
 24 HR. TOTAL    0.88   11/05 TO 11/05

DEGREE_DAYS
HEATING TOTAL     526               548     -22      446
 SINCE 7/1        768               851     -83      577
..............................................................

WIND (MPH)
AVERAGE WIND SPEED              7.9
HIGHEST WIND SPEED/DIRECTION    35/330    DATE  11/18
HIGHEST GUST SPEED/DIRECTION    51/320    DATE  11/18

SKY COVER
POSSIBLE SUNSHINE (PERCENT)   MM
AVERAGE SKY COVER           0.40
NUMBER OF DAYS FAIR           15
NUMBER OF DAYS PC              7
NUMBER OF DAYS CLOUDY          8

AVERAGE RH (PERCENT)     71

WEATHER CONDITIONS. NUMBER OF DAYS WITH
THUNDERSTORM              0     MIXED PRECIP               0
HEAVY RAIN                4     RAIN                       4
LIGHT RAIN               10     FREEZING RAIN              0
LT FREEZING RAIN          0     HAIL                       0
HEAVY SNOW                0     SNOW                       0
LIGHT SNOW                0     SLEET                      0
FOG                      12     FOG W/VIS <= 1/4 MILE      5
HAZE                      4

-  INDICATES NEGATIVE NUMBERS.
R  INDICATES RECORD WAS SET OR TIED.
MM INDICATES DATA IS MISSING.
T  INDICATES TRACE AMOUNT.

$$
