000
CXUS55 KCYS 031934
CLMCHY


CLIMATE REPORT
NATIONAL WEATHER SERVICE CHEYENNE WY
134 PM MDT THU SEP 3 2015

...................................

...THE CHEYENNE WY CLIMATE SUMMARY FOR THE MONTH OF AUGUST 2015...

CLIMATE NORMAL PERIOD 1981 TO 2010
CLIMATE RECORD PERIOD 1871 TO 2015

WEATHER         OBSERVED          NORMAL  DEPART  LAST YEAR`S
                 VALUE   DATE(S)  VALUE   FROM    VALUE
                                          NORMAL
.............................................................
TEMPERATURE (F)
RECORD
 HIGH              98   08/02/2008
 LOW               25   08/25/1910
HIGHEST            95   08/15        80      15       89
LOWEST             38   08/23        53     -15       46
AVG. MAXIMUM     84.0              81.2     2.8     80.0
AVG. MINIMUM     53.0              54.1    -1.1     53.6
MEAN             68.5              67.6     0.9     66.8
DAYS MAX >= 90      6               2.7     3.3        0
DAYS MAX <= 32      0               0.0     0.0        0
DAYS MIN <= 32      0               0.0     0.0        0
DAYS MIN <= 0       0               0.0     0.0        0

PRECIPITATION (INCHES)
RECORD
 MAXIMUM         6.73   1930
 MINIMUM         0.03   1944
TOTALS           0.65              1.95   -1.30     1.48
DAYS >= .01         9              11.0    -2.0       17
DAYS >= .10         2               4.6    -2.6        6
DAYS >= .50         0               0.9    -0.9        0
DAYS >= 1.00        0               0.2    -0.2        0
GREATEST
 24 HR. TOTAL    0.32   08/25 TO 08/26

DEGREE_DAYS
HEATING TOTAL      39                34       5       29
 SINCE 7/1         66                56      10       58
COOLING TOTAL     156               116      40       93
 SINCE 1/1        348               326      22      266

FREEZE DATES
RECORD
 EARLIEST     08/24/1910
 LATEST       06/19/1876
EARLIEST                        09/24
LATEST                          05/20
..............................................................

WIND (MPH)
AVERAGE WIND SPEED              9.7
HIGHEST WIND SPEED/DIRECTION    40/240    DATE  08/05
HIGHEST GUST SPEED/DIRECTION    49/240    DATE  08/05

SKY COVER
POSSIBLE SUNSHINE (PERCENT)   MM
AVERAGE SKY COVER           0.20
NUMBER OF DAYS FAIR           24
NUMBER OF DAYS PC              7
NUMBER OF DAYS CLOUDY          0

AVERAGE RH (PERCENT)     50

WEATHER CONDITIONS. NUMBER OF DAYS WITH
THUNDERSTORM              0     MIXED PRECIP               0
HEAVY RAIN                1     RAIN                       2
LIGHT RAIN               14     FREEZING RAIN              0
LT FREEZING RAIN          0     HAIL                       0
HEAVY SNOW                0     SNOW                       0
LIGHT SNOW                0     SLEET                      0
FOG                       4     FOG W/VIS <= 1/4 MILE      1
HAZE                      5

-  INDICATES NEGATIVE NUMBERS.
R  INDICATES RECORD WAS SET OR TIED.
MM INDICATES DATA IS MISSING.
T  INDICATES TRACE AMOUNT.
...................................

...THE DOUGLAS WY AIRPORT CLIMATE SUMMARY FOR THE MONTH OF AUGUST 2015...

CLIMATE NORMAL PERIOD 1981 TO 2010
CLIMATE RECORD PERIOD 1998 TO 2015

WEATHER         OBSERVED          NORMAL  DEPART  LAST YEAR`S
                 VALUE   DATE(S)  VALUE   FROM    VALUE
                                          NORMAL
.............................................................
TEMPERATURE (F)
RECORD
 HIGH             103   08/13/2007
 LOW               31   08/23/2015
HIGHEST            99   08/30        MM      MM       94
                        08/15
LOWEST             31R  08/23        MM      MM       42
AVG. MAXIMUM     88.0              86.9     1.1     84.7
AVG. MINIMUM     51.4              52.8    -1.4     52.3
MEAN             69.7              69.8    -0.1     68.5
DAYS MAX >= 90     14              11.6     2.4        9
DAYS MAX <= 32      0               0.0     0.0        0
DAYS MIN <= 32      1               0.0     1.0        0
DAYS MIN <= 0       0               0.0     0.0        0

PRECIPITATION (INCHES)
RECORD
 MAXIMUM           MM   MM
 MINIMUM           MM   MM
TOTALS           0.51              1.14   -0.63     1.70
DAYS >= .01         4                MM      MM       12
DAYS >= .10         2                MM      MM        5
DAYS >= .50         0                MM      MM        1
DAYS >= 1.00        0                MM      MM        0
GREATEST
 24 HR. TOTAL    0.27   08/17 TO 08/18

DEGREE_DAYS
HEATING TOTAL      35                26       9       23
 SINCE 7/1         48                41       7       37
COOLING TOTAL     191               176      15      139
 SINCE 1/1        430               458     -28      377

FREEZE DATES
RECORD
 EARLIEST     MM
 LATEST       MM
EARLIEST      08/23             MM
LATEST                          MM
..............................................................

WIND (MPH)
AVERAGE WIND SPEED              8.5
HIGHEST WIND SPEED/DIRECTION    38/350    DATE  08/17
HIGHEST GUST SPEED/DIRECTION    48/350    DATE  08/17

SKY COVER
POSSIBLE SUNSHINE (PERCENT)   MM
AVERAGE SKY COVER           0.20
NUMBER OF DAYS FAIR           26
NUMBER OF DAYS PC              5
NUMBER OF DAYS CLOUDY          0

AVERAGE RH (PERCENT)     49

WEATHER CONDITIONS. NUMBER OF DAYS WITH
THUNDERSTORM              0     MIXED PRECIP               0
HEAVY RAIN                1     RAIN                       1
LIGHT RAIN                8     FREEZING RAIN              0
LT FREEZING RAIN          0     HAIL                       0
HEAVY SNOW                0     SNOW                       0
LIGHT SNOW                0     SLEET                      0
FOG                       4     FOG W/VIS <= 1/4 MILE      0
HAZE                      7

-  INDICATES NEGATIVE NUMBERS.
R  INDICATES RECORD WAS SET OR TIED.
MM INDICATES DATA IS MISSING.
T  INDICATES TRACE AMOUNT.
...................................

...THE LARAMIE WY AIRPORT CLIMATE SUMMARY FOR THE MONTH OF AUGUST 2015...

CLIMATE NORMAL PERIOD 1981 TO 2010
CLIMATE RECORD PERIOD 1948 TO 2015

WEATHER         OBSERVED          NORMAL  DEPART  LAST YEAR`S
                 VALUE   DATE(S)  VALUE   FROM    VALUE
                                          NORMAL
.............................................................
TEMPERATURE (F)
RECORD
 HIGH              94   08/05/1979
 LOW               28   08/19/1978
HIGHEST            88   08/14        MM      MM       84
LOWEST             37   08/19        MM      MM       41
AVG. MAXIMUM     80.5              77.9     2.6     75.5
AVG. MINIMUM     46.3              46.7    -0.4     46.2
MEAN             63.4              62.3     1.1     60.8
DAYS MAX >= 90      0               0.1    -0.1        0
DAYS MAX <= 32      0               0.0     0.0        0
DAYS MIN <= 32      0               0.1    -0.1        0
DAYS MIN <= 0       0               0.0     0.0        0

PRECIPITATION (INCHES)
RECORD
 MAXIMUM         3.58   1958
 MINIMUM         0.08   1949
TOTALS           1.30              1.23    0.07     1.63
DAYS >= .01         8               9.7    -1.7       14
DAYS >= .10         4               3.9     0.1        5
DAYS >= .50         0               0.3    -0.3        0
DAYS >= 1.00        0               0.1    -0.1        0
GREATEST
 24 HR. TOTAL    0.42   08/16 TO 08/16

DEGREE_DAYS
HEATING TOTAL      71               103     -32      124
 SINCE 7/1        149               172     -23      179
COOLING TOTAL      31                19      12        2
 SINCE 1/1         65                66      -1       67

FREEZE DATES
RECORD
 EARLIEST     MM
 LATEST       MM
EARLIEST                        MM
LATEST                          MM
..............................................................

WIND (MPH)
AVERAGE WIND SPEED              9.8
HIGHEST WIND SPEED/DIRECTION    37/310    DATE  08/16
HIGHEST GUST SPEED/DIRECTION    50/310    DATE  08/16

SKY COVER
POSSIBLE SUNSHINE (PERCENT)   MM
AVERAGE SKY COVER           0.20
NUMBER OF DAYS FAIR           24
NUMBER OF DAYS PC              7
NUMBER OF DAYS CLOUDY          0

AVERAGE RH (PERCENT)     51

WEATHER CONDITIONS. NUMBER OF DAYS WITH
THUNDERSTORM              0     MIXED PRECIP               0
HEAVY RAIN                1     RAIN                       5
LIGHT RAIN               14     FREEZING RAIN              0
LT FREEZING RAIN          0     HAIL                       0
HEAVY SNOW                0     SNOW                       0
LIGHT SNOW                0     SLEET                      0
FOG                       2     FOG W/VIS <= 1/4 MILE      0
HAZE                      1

-  INDICATES NEGATIVE NUMBERS.
R  INDICATES RECORD WAS SET OR TIED.
MM INDICATES DATA IS MISSING.
T  INDICATES TRACE AMOUNT.
...................................

...THE RAWLINS WY AIRPORT CLIMATE SUMMARY FOR THE MONTH OF AUGUST 2015...

CLIMATE NORMAL PERIOD 1981 TO 2010
CLIMATE RECORD PERIOD 1951 TO 2015

WEATHER         OBSERVED          NORMAL  DEPART  LAST YEAR`S
                 VALUE   DATE(S)  VALUE   FROM    VALUE
                                          NORMAL
.............................................................
TEMPERATURE (F)
RECORD
 HIGH              98   08/02/2000
 LOW               28   08/31/1962
HIGHEST            91   08/14        MM      MM       88
                        08/02
LOWEST             32   08/19        MM      MM       42
AVG. MAXIMUM     82.8              81.4     1.4     78.2
AVG. MINIMUM     48.9              49.0    -0.1     48.6
MEAN             65.9              65.2     0.7     63.4
DAYS MAX >= 90      4               1.7     2.3        0
DAYS MAX <= 32      0               0.0     0.0        0
DAYS MIN <= 32      1               0.1     0.9        0
DAYS MIN <= 0       0               0.0     0.0        0

PRECIPITATION (INCHES)
RECORD
 MAXIMUM         2.08   1977
 MINIMUM         0.00   1954
TOTALS           0.48              0.76   -0.28     1.21
DAYS >= .01         6               6.7    -0.7       13
DAYS >= .10         2               2.4    -0.4        5
DAYS >= .50         0               0.2    -0.2        0
DAYS >= 1.00        0               0.0     0.0        0
GREATEST
 24 HR. TOTAL    0.23   08/03 TO 08/04

DEGREE_DAYS
HEATING TOTAL      46                58     -12       74
 SINCE 7/1         83                93     -10      100
COOLING TOTAL      81                64      17       32
 SINCE 1/1        203               181      22      209

FREEZE DATES
RECORD
 EARLIEST     MM
 LATEST       MM
EARLIEST      08/19             MM
LATEST                          MM
..............................................................

WIND (MPH)
AVERAGE WIND SPEED              9.3
HIGHEST WIND SPEED/DIRECTION    38/240    DATE  08/24
HIGHEST GUST SPEED/DIRECTION    63/240    DATE  08/24

SKY COVER
POSSIBLE SUNSHINE (PERCENT)   MM
AVERAGE SKY COVER           0.20
NUMBER OF DAYS FAIR           23
NUMBER OF DAYS PC              8
NUMBER OF DAYS CLOUDY          0

AVERAGE RH (PERCENT)     43

WEATHER CONDITIONS. NUMBER OF DAYS WITH
THUNDERSTORM              0     MIXED PRECIP               0
HEAVY RAIN                0     RAIN                       2
LIGHT RAIN               12     FREEZING RAIN              0
LT FREEZING RAIN          0     HAIL                       0
HEAVY SNOW                0     SNOW                       0
LIGHT SNOW                0     SLEET                      0
FOG                       4     FOG W/VIS <= 1/4 MILE      0
HAZE                      6

-  INDICATES NEGATIVE NUMBERS.
R  INDICATES RECORD WAS SET OR TIED.
MM INDICATES DATA IS MISSING.
T  INDICATES TRACE AMOUNT.
...................................

...THE TORRINGTON WY AIRPORT CLIMATE SUMMARY FOR THE MONTH OF AUGUST 2015...

CLIMATE NORMAL PERIOD 1981 TO 2010
CLIMATE RECORD PERIOD 1998 TO 2015

WEATHER         OBSERVED          NORMAL  DEPART  LAST YEAR`S
                 VALUE   DATE(S)  VALUE   FROM    VALUE
                                          NORMAL
.............................................................
TEMPERATURE (F)
RECORD
 HIGH             104   08/13/2007
 LOW               20   08/15/2010
HIGHEST           102   08/15        MM      MM       98
LOWEST             38   08/23        MM      MM       49
AVG. MAXIMUM     88.6              87.7     0.9     86.9
AVG. MINIMUM     55.2              55.3    -0.1     55.0
MEAN             71.9              71.5     0.4     71.0
DAYS MAX >= 90     16              13.3     2.7       14
DAYS MAX <= 32      0               0.0     0.0        0
DAYS MIN <= 32      0               0.0     0.0        0
DAYS MIN <= 0       0               0.0     0.0        0

PRECIPITATION (INCHES)
RECORD
 MAXIMUM           MM   MM
 MINIMUM           MM   MM
TOTALS           0.29              1.27   -0.98     2.70
DAYS >= .01         5                MM      MM       10
DAYS >= .10         1                MM      MM        5
DAYS >= .50         0                MM      MM        1
DAYS >= 1.00        0                MM      MM        1
GREATEST
 24 HR. TOTAL    0.18   08/17 TO 08/18

DEGREE_DAYS
HEATING TOTAL      26                16      10        8
 SINCE 7/1         34                22      12       15
COOLING TOTAL     247               217      30      201
 SINCE 1/1        619               633     -14      537

FREEZE DATES
RECORD
 EARLIEST     MM
 LATEST       MM
EARLIEST                        MM
LATEST                          MM
..............................................................

WIND (MPH)
AVERAGE WIND SPEED              8.1
HIGHEST WIND SPEED/DIRECTION    51/200    DATE  08/26
HIGHEST GUST SPEED/DIRECTION    63/180    DATE  08/26

SKY COVER
POSSIBLE SUNSHINE (PERCENT)   MM
AVERAGE SKY COVER           0.10
NUMBER OF DAYS FAIR           26
NUMBER OF DAYS PC              4
NUMBER OF DAYS CLOUDY          1

AVERAGE RH (PERCENT)     54

WEATHER CONDITIONS. NUMBER OF DAYS WITH
THUNDERSTORM              0     MIXED PRECIP               0
HEAVY RAIN                1     RAIN                       2
LIGHT RAIN               11     FREEZING RAIN              0
LT FREEZING RAIN          0     HAIL                       0
HEAVY SNOW                0     SNOW                       0
LIGHT SNOW                0     SLEET                      0
FOG                       5     FOG W/VIS <= 1/4 MILE      1
HAZE                      8

-  INDICATES NEGATIVE NUMBERS.
R  INDICATES RECORD WAS SET OR TIED.
MM INDICATES DATA IS MISSING.
T  INDICATES TRACE AMOUNT.

$$
