000
CXUS53 KDVN 011521
CLMCID


CLIMATE REPORT
NATIONAL WEATHER SERVICE QUAD CITIES IA IL
1019 AM CDT SAT JUL 1 2017

...................................

...THE CEDAR RAPIDS IA CLIMATE SUMMARY FOR THE MONTH OF JUNE 2017...

CLIMATE NORMAL PERIOD 1981 TO 2010
CLIMATE RECORD PERIOD 1891 TO 2017

WEATHER         OBSERVED          NORMAL  DEPART
                 VALUE   DATE(S)  VALUE   FROM
                                          NORMAL
................................................
TEMPERATURE (F)
RECORD
 HIGH             103   06/27/1934
                        06/28/1931
                        06/26/1931
 LOW               36   06/04/1945
HIGHEST            93   06/13        83      10
LOWEST             45   06/27        55     -10
                        06/25
AVG. MAXIMUM     83.0              80.3     2.7
AVG. MINIMUM     58.9              58.8     0.1
MEAN             71.0              69.6     1.4
DAYS MAX >= 90      7
DAYS MAX <= 32      0
DAYS MIN <= 32      0
DAYS MIN <= 0       0

PRECIPITATION (INCHES)
TOTALS           2.96              4.92   -1.96
DAILY AVG.       0.10              0.16   -0.06
DAYS >= .01         9
DAYS >= .10         6
DAYS >= .50         2
DAYS >= 1.00        0
GREATEST
 24 HR. TOTAL    0.81   06/14 TO 06/14

DEGREE_DAYS
HEATING TOTAL      22                29      -7
 SINCE 7/1       5756              6866   -1110
COOLING TOTAL     206               166      40
 SINCE 1/1        244               215      29
.................................................

WIND (MPH)
AVERAGE WIND SPEED              9.5
HIGHEST WIND SPEED/DIRECTION    33/300    DATE  06/14
HIGHEST GUST SPEED/DIRECTION    41/290    DATE  06/14

SKY COVER
POSSIBLE SUNSHINE (PERCENT)   MM
AVERAGE SKY COVER           0.20
NUMBER OF DAYS FAIR           25
NUMBER OF DAYS PC              3
NUMBER OF DAYS CLOUDY          0

AVERAGE RH (PERCENT)     69

WEATHER CONDITIONS. NUMBER OF DAYS WITH
THUNDERSTORM              7     HAIL                       0
SLEET                     0     FOG                        8
FOG W/VIS <= 1/4 MILE     0     HAZE                       3

-  INDICATES NEGATIVE NUMBERS.
R  INDICATES RECORD WAS SET OR TIED.
MM INDICATES DATA IS MISSING.
T  INDICATES TRACE AMOUNT.

$$
