000
CXUS54 KHGX 030522 RRA
CLMCLL

CLIMATE REPORT
NATIONAL WEATHER SERVICE HOUSTON/GALVESTON TX
1116 PM CST FRI FEB 2 2018

...................................

...THE COLLEGE STATION CLIMATE SUMMARY FOR THE MONTH OF JANUARY 2018...

CLIMATE NORMAL PERIOD 1981 TO 2010
CLIMATE RECORD PERIOD 1902 TO 2018

WEATHER         OBSERVED          NORMAL  DEPART  LAST YEAR`S
                 VALUE   DATE(S)  VALUE   FROM    VALUE  DATE(S)
                                          NORMAL
................................................................
TEMPERATURE (F)
RECORD
 HIGH              86   01/23/1972
                        01/30/1911
 LOW               -3   01/31/1949
HIGHEST            72   01/21        MM      MM       82  01/13
                        01/11
LOWEST             15   01/17        MM      MM       17  01/07
AVG. MAXIMUM     59.4              61.0    -1.6     66.9
AVG. MINIMUM     36.8              41.2    -4.4     46.9
MEAN             48.1              51.1    -3.0     56.9
DAYS MAX >= 90      0               0.0     0.0        0
DAYS MAX <= 32      1               0.1     0.9        0
DAYS MIN <= 32     11               4.9     6.1        3
DAYS MIN <= 0       0               0.0     0.0        0

PRECIPITATION (INCHES)
RECORD
 MAXIMUM        15.60   1991
 MINIMUM         0.21   1936
TOTALS           1.06              3.24   -2.18     3.74
DAILY AVG.       0.03              0.10   -0.07     0.12
DAYS >= .01         9               8.4     0.6       10
DAYS >= .10         2               4.9    -2.9        5
DAYS >= .50         1               1.9    -0.9        4
DAYS >= 1.00        0               0.9    -0.9        2
GREATEST
 24 HR. TOTAL    0.60   01/27 TO 01/27

SNOWFALL (INCHES)
RECORDS
 TOTAL              T   2018
                        2017
                        2014
TOTALS              TR                T     0.0        T
SINCE 7/1         5.0                 T     5.0        T
SNOWDEPTH AVG.      0                MM      MM        0
DAYS >= 1.0         0               0.1    -0.1        0
GREATEST
 SNOW DEPTH         0   MM                             0  MM
 24 HR TOTAL        TR  01/16 TO 01/16

DEGREE_DAYS
HEATING TOTAL     520               442      78      278
 SINCE 7/1       1085              1078       7      666
COOLING TOTAL       3                11      -8       35
 SINCE 1/1          3                 0       3       35
.................................................................

WIND (MPH)
AVERAGE WIND SPEED              8.8
HIGHEST WIND SPEED/DIRECTION    33/310    DATE  01/11
HIGHEST GUST SPEED/DIRECTION    45/320    DATE  01/11

SKY COVER
AVERAGE SKY COVER           0.40

AVERAGE RH (PERCENT)     62

WEATHER CONDITIONS. NUMBER OF DAYS WITH
THUNDERSTORM              1     MIXED PRECIP               0
HEAVY RAIN                0     RAIN                       0
LIGHT RAIN                0     FREEZING RAIN              1
LT FREEZING RAIN          0     HAIL                       0
HEAVY SNOW                0     SNOW                       0
LIGHT SNOW                0     SLEET                      0
FOG                      11     FOG W/VIS <= 1/4 MILE      2
HAZE                      2

-  INDICATES NEGATIVE NUMBERS.
R  INDICATES RECORD WAS SET OR TIED.
MM INDICATES DATA IS MISSING.
T  INDICATES TRACE AMOUNT.

$$
