322
CXUS54 KHGX 011805
CLMCLL

CLIMATE REPORT
NATIONAL WEATHER SERVICE HOUSTON/GALVESTON TX
106 PM CDT SUN MAY 1 2016

...................................

...THE COLLEGE STATION CLIMATE SUMMARY FOR THE MONTH OF APRIL 2016...

CLIMATE NORMAL PERIOD 1981 TO 2010
CLIMATE RECORD PERIOD 1902 TO 2016

WEATHER         OBSERVED          NORMAL  DEPART  LAST YEAR`S
                 VALUE   DATE(S)  VALUE   FROM    VALUE  DATE(S)
                                          NORMAL
................................................................
TEMPERATURE (F)
RECORD
 HIGH              96   04/19/2011
                        04/30/1933
                        04/16/1920
 LOW               28   04/10/1973

HIGHEST            88   04/28        MM      MM       89  04/25
                        04/25
LOWEST             42   04/03        MM      MM       50  04/29

AVG. MAXIMUM     79.2              78.9     0.3     79.4
AVG. MINIMUM     59.1              58.1     1.0     61.8
MEAN             69.2              68.5     0.7     70.6

DAYS MAX >= 90      0               0.7    -0.7        0
DAYS MAX <= 32      0               0.0     0.0        0
DAYS MIN <= 32      0               0.0     0.0        0
DAYS MIN <= 0       0               0.0     0.0        0

PRECIPITATION (INCHES)
RECORD
 MAXIMUM        12.50   1957
 MINIMUM            T   2011

TOTALS           5.42              2.66    2.76     4.80
DAILY AVG.       0.18              0.09    0.09     0.16

DAYS >= .01        13               6.5     6.5       13
DAYS >= .10         9               3.6     5.4        9
DAYS >= .50         5               1.9     3.1        3
DAYS >= 1.00        2               0.9     1.1        2
GREATEST
 24 HR. TOTAL    1.59   04/17 TO 04/18

SNOWFALL (INCHES)
RECORDS
 TOTAL              T   2007
TOTALS            0.0               0.0     0.0      0.0
SINCE 7/1         0.0                 T     0.0        T
SNOWDEPTH AVG.      0                MM      MM        0
DAYS >= 1.0         0               0.0     0.0        0
GREATEST
 SNOW DEPTH         0   MM                             0  MM
 24 HR TOTAL      0.0   04/30 TO 04/30

DEGREE_DAYS
HEATING TOTAL      23                47     -24       16
 SINCE 7/1       1146              1606    -460     1768
COOLING TOTAL     156               152       4      192
 SINCE 1/1        271               239      32      239
.................................................................

WIND (MPH)
AVERAGE WIND SPEED              8.8
HIGHEST WIND SPEED/DIRECTION    40/260    DATE  04/30
HIGHEST GUST SPEED/DIRECTION    56/260    DATE  04/30

SKY COVER
AVERAGE SKY COVER           0.40

AVERAGE RH (PERCENT)     72

WEATHER CONDITIONS. NUMBER OF DAYS WITH
THUNDERSTORM             10     MIXED PRECIP               0
HEAVY RAIN                7     RAIN                      10
LIGHT RAIN               16     FREEZING RAIN              0
LT FREEZING RAIN          0     HAIL                       0
HEAVY SNOW                0     SNOW                       0
LIGHT SNOW                0     SLEET                      0
FOG                      17     FOG W/VIS <= 1/4 MILE      3
HAZE                      4

-  INDICATES NEGATIVE NUMBERS.
R  INDICATES RECORD WAS SET OR TIED.
MM INDICATES DATA IS MISSING.
T  INDICATES TRACE AMOUNT.

$$
