000
CXUS54 KHGX 011709
CLMCLL

CLIMATE REPORT
NATIONAL WEATHER SERVICE HOUSTON/GALVESTON TX
1200 PM CDT SUN OCT 1 2017

...................................

...THE COLLEGE STATION CLIMATE SUMMARY FOR THE MONTH OF SEPTEMBER 2017...

CLIMATE NORMAL PERIOD 1981 TO 2010
CLIMATE RECORD PERIOD 1902 TO 2017

WEATHER         OBSERVED          NORMAL  DEPART  LAST YEAR`S
                 VALUE   DATE(S)  VALUE   FROM    VALUE  DATE(S)
                                          NORMAL
................................................................
TEMPERATURE (F)
RECORD
 HIGH             112   09/04/2000
 LOW               42   09/27/1942
HIGHEST            94   09/20                         97  09/20
LOWEST             60   09/12                         55  09/30
AVG. MAXIMUM     89.9              90.5    -0.6     91.2
AVG. MINIMUM     70.2              69.4     0.8     72.7
MEAN             80.1              80.0     0.1     81.9
DAYS MAX >= 90     21              18.2     2.8       25
DAYS MAX <= 32      0               0.0     0.0        0
DAYS MIN <= 32      0               0.0     0.0        0
DAYS MIN <= 0       0               0.0     0.0        0

PRECIPITATION (INCHES)
RECORD
 MAXIMUM        12.13   1958
 MINIMUM            T   2005
TOTALS           0.98              3.18   -2.20     2.00
DAILY AVG.       0.03              0.11   -0.08     0.07
DAYS >= .01         3               6.7    -3.7        6
DAYS >= .10         2               4.4    -2.4        2
DAYS >= .50         1               2.0    -1.0        1
DAYS >= 1.00        0               1.0    -1.0        1
GREATEST
 24 HR. TOTAL    0.76   09/28 TO 09/28

DEGREE_DAYS
HEATING TOTAL       0                 2      -2        0
 SINCE 7/1          0                 2      -2        0
COOLING TOTAL     460               450      10      516
 SINCE 1/1       2997              2796     201     2890
.................................................................

WIND (MPH)
AVERAGE WIND SPEED              6.7
HIGHEST WIND SPEED/DIRECTION    28/140    DATE  09/21
HIGHEST GUST SPEED/DIRECTION    33/140    DATE  09/21

SKY COVER
AVERAGE SKY COVER           0.20

AVERAGE RH (PERCENT)     68

WEATHER CONDITIONS. NUMBER OF DAYS WITH
THUNDERSTORM              2     MIXED PRECIP               0
HEAVY RAIN                2     RAIN                       2
LIGHT RAIN                4     FREEZING RAIN              0
LT FREEZING RAIN          0     HAIL                       1
HEAVY SNOW                0     SNOW                       0
LIGHT SNOW                0     SLEET                      0
FOG                      16     FOG W/VIS <= 1/4 MILE      1
HAZE                      2

-  INDICATES NEGATIVE NUMBERS.
R  INDICATES RECORD WAS SET OR TIED.
MM INDICATES DATA IS MISSING.
T  INDICATES TRACE AMOUNT.

$$
