657
CXUS52 KGSP 011201
CLMCLT

CLIMATE REPORT
NATIONAL WEATHER SERVICE GREENVILLE-SPARTANBURG SC
759 AM EDT FRI MAY 1 2015

...................................

...THE CHARLOTTE CLIMATE SUMMARY FOR THE MONTH OF APRIL 2015...

CLIMATE NORMAL PERIOD 1981 TO 2010
CLIMATE RECORD PERIOD 1878 TO 2015

WEATHER         OBSERVED          NORMAL  DEPART  LAST YEAR`S
                 VALUE   DATE(S)  VALUE   FROM    VALUE  DATE(S)
                                          NORMAL
................................................................
TEMPERATURE (F)
RECORD
 HIGH              96   04/24/1925
 LOW               21   04/08/2007
HIGHEST            88   04/09        MM      MM       86  04/03
                                                          04/02
LOWEST             36   04/05        MM      MM       32  04/16
AVG. MAXIMUM     72.4              71.9     0.5     73.6
AVG. MINIMUM     51.7              46.9     4.8     48.6
MEAN             62.1              59.4     2.7     61.1
DAYS MAX >= 90      0               0.1    -0.1        0
DAYS MAX <= 32      0               0.0     0.0        0
DAYS MIN <= 32      0               1.1    -1.1        1
DAYS MIN <= 0       0               0.0     0.0        0

PRECIPITATION (INCHES)
RECORD
 MAXIMUM         9.01   1936
 MINIMUM         0.30   1976
TOTALS           6.14              3.04    3.10     7.34
DAILY AVG.       0.20              0.10    0.10     0.24
DAYS >= .01        10               8.8     1.2        9
DAYS >= .10         7               5.8     1.2        6
DAYS >= .50         2               2.3    -0.3        5
DAYS >= 1.00        2               0.6     1.4        3
GREATEST
 24 HR. TOTAL    2.65   04/19 TO 04/19           04/18 TO 04/19
                                                          04/19 TO 04/19
                                                          04/19 TO 04/19
 STORM TOTAL       MM                                 MM
 (MM/DD(HH))            MM                    04/19(00) TO 04/19(00)
                                                 04/19(00) TO 04/19(00)9
                                                 04/19(00) TO 04/19(00)9

SNOWFALL (INCHES)
RECORDS
 TOTAL            3.5   1880
 24 HR TOTAL      3.5   04/09/1880 TO 04/09/1880
 SNOW DEPTH        MM   MM
TOTALS            0.0                 T     0.0      0.0
 LIQUID EQUIV    0.00                MM      MM     0.00
SINCE 7/1         3.1               4.3    -1.2      9.3
 LIQUID 7/1      0.31                MM      MM     0.93
SNOWDEPTH AVG.      0                MM      MM        0
DAYS >= TRACE       0               0.0     0.0        0
DAYS >= 1.0         0               0.0     0.0        0
GREATEST
 SNOW DEPTH         0   MM                             0  MM
 24 HR TOTAL      0.0   MM                       04/19 TO 04/19
                                                          04/19 TO 04/19
                                                          04/19 TO 04/19
 STORM TOTAL       MM                                 MM
 (MM/DD(HH))            MM                    04/19(00) TO 04/19(00)
                                                 04/19(00) TO 04/19(00)9
                                                 04/19(00) TO 04/19(00)9

DEGREE_DAYS
HEATING TOTAL     137               200     -63      145
 SINCE 7/1       3244              3332     -88     3362
COOLING TOTAL      55                32      23       38
 SINCE 1/1         62                37      25       39

FREEZE DATES
RECORD
 EARLIEST     MM
 LATEST       MM
EARLIEST                        MM
LATEST                          MM
..........................................................

WIND (MPH)
AVERAGE WIND SPEED              6.8
HIGHEST WIND SPEED/DIRECTION    25/210    DATE  04/03
HIGHEST GUST SPEED/DIRECTION    35/210    DATE  04/03

SKY COVER
POSSIBLE SUNSHINE (PERCENT)   MM
AVERAGE SKY COVER           0.70
NUMBER OF DAYS FAIR            3
NUMBER OF DAYS PC             13
NUMBER OF DAYS CLOUDY         14

AVERAGE RH (PERCENT)     63

WEATHER CONDITIONS. NUMBER OF DAYS WITH
THUNDERSTORM              4     MIXED PRECIP               0
HEAVY RAIN                6     RAIN                       7
LIGHT RAIN               20     FREEZING RAIN              0
LT FREEZING RAIN          0     HAIL                       0
HEAVY SNOW                0     SNOW                       0
LIGHT SNOW                0     SLEET                      0
FOG                      13     FOG W/VIS <= 1/4 MILE      0
HAZE                      2

-  INDICATES NEGATIVE NUMBERS.
R  INDICATES RECORD WAS SET OR TIED.
MM INDICATES DATA IS MISSING.
T  INDICATES TRACE AMOUNT.

$$
