706
CXUS52 KGSP 010832
CLMCLT

CLIMATE REPORT
NATIONAL WEATHER SERVICE GREENVILLE-SPARTANBURG SC
332 AM EST FRI DEC 1 2017

...................................

...THE CHARLOTTE CLIMATE SUMMARY FOR THE MONTH OF NOVEMBER 2017...

CLIMATE NORMAL PERIOD 1981 TO 2010
CLIMATE RECORD PERIOD 1878 TO 2017

WEATHER         OBSERVED          NORMAL  DEPART  LAST YEAR`S
                 VALUE   DATE(S)  VALUE   FROM    VALUE  DATE(S)
                                          NORMAL
................................................................
TEMPERATURE (F)
RECORD
 HIGH              85   11/02/1961
 LOW               11   11/26/1950
HIGHEST            82   11/03        MM      MM       81  11/03
LOWEST             25   11/27        MM      MM       25  11/27
                        11/20                             11/22
AVG. MAXIMUM     64.0              62.4     1.6     67.4
AVG. MINIMUM     39.7              39.2     0.5     39.5
MEAN             51.8              50.8     1.0     53.5
DAYS MAX >= 90      0               0.0     0.0        0
DAYS MAX <= 32      0               0.0     0.0        0
DAYS MIN <= 32      5               7.4    -2.4        7
DAYS MIN <= 0       0               0.0     0.0        0

PRECIPITATION (INCHES)
RECORD
 MAXIMUM        10.04   2015
 MINIMUM         0.23   1890
TOTALS           0.94              3.14   -2.20     0.88
DAILY AVG.       0.03              0.10   -0.07     0.03
DAYS >= .01         8               8.4    -0.4        3
DAYS >= .10         3               5.1    -2.1        2
DAYS >= .50         0               2.5    -2.5        0
DAYS >= 1.00        0               0.8    -0.8        0
GREATEST
 24 HR. TOTAL    0.47   11/12 TO 11/13           11/29 TO 11/30

SNOWFALL (INCHES)
RECORDS
 TOTAL            2.5   2000
 24 HR TOTAL      2.5   11/19/2000 TO 11/19/2000
 SNOW DEPTH         2   11/12/1968
TOTALS            0.0               0.1    -0.1      0.0
 LIQUID EQUIV    0.00              0.00    0.00     0.00
SINCE 7/1         0.0               0.1    -0.1      0.0
 LIQUID 7/1      0.00              0.00    0.00     0.00
SNOWDEPTH AVG.      0                MM      MM        0
DAYS >= TRACE       0               0.0     0.0        0
DAYS >= 1.0         0               0.0     0.0        0
GREATEST
 SNOW DEPTH         0   MM                             0  MM
 24 HR TOTAL      0.0   MM                       11/30 TO 11/30

DEGREE_DAYS
HEATING TOTAL     391               430     -39      343
 SINCE 7/1        526               636    -110      418
COOLING TOTAL       5                 4       1        4
 SINCE 1/1       1905              1517     388     2193

FREEZE DATES
RECORD
 EARLIEST     MM
 LATEST       MM
EARLIEST                        MM
LATEST                          MM
.................................................................

WIND (MPH)
AVERAGE WIND SPEED              5.0
HIGHEST WIND SPEED/DIRECTION    24/190    DATE  11/18
HIGHEST GUST SPEED/DIRECTION    34/320    DATE  11/19

SKY COVER
POSSIBLE SUNSHINE (PERCENT)   MM
AVERAGE SKY COVER           0.50
NUMBER OF DAYS FAIR           11
NUMBER OF DAYS PC             12
NUMBER OF DAYS CLOUDY          7

AVERAGE RH (PERCENT)     70

WEATHER CONDITIONS. NUMBER OF DAYS WITH
THUNDERSTORM              0     MIXED PRECIP               0
HEAVY RAIN                1     RAIN                       2
LIGHT RAIN               10     FREEZING RAIN              0
LT FREEZING RAIN          0     HAIL                       0
HEAVY SNOW                0     SNOW                       0
LIGHT SNOW                0     SLEET                      0
FOG                      13     FOG W/VIS <= 1/4 MILE      3
HAZE                      2

-  INDICATES NEGATIVE NUMBERS.
R  INDICATES RECORD WAS SET OR TIED.
MM INDICATES DATA IS MISSING.
T  INDICATES TRACE AMOUNT.

$$

OUTLAW
