646
CXUS52 KGSP 011456
CLMCLT

CLIMATE REPORT
NATIONAL WEATHER SERVICE GREENVILLE-SPARTANBURG SC
1056 AM EDT SAT APR 1 2017

...................................

...THE CHARLOTTE CLIMATE SUMMARY FOR THE MONTH OF MARCH 2017...

CLIMATE NORMAL PERIOD 1981 TO 2010
CLIMATE RECORD PERIOD 1878 TO 2017

WEATHER         OBSERVED          NORMAL  DEPART  LAST YEAR`S
                 VALUE   DATE(S)  VALUE   FROM    VALUE  DATE(S)
                                          NORMAL
................................................................
TEMPERATURE (F)
RECORD
 HIGH              91   03/23/1907
 LOW                4   03/03/1980
HIGHEST            86   03/21        MM      MM       86  03/16
LOWEST             20   03/16        MM      MM       29  03/03
AVG. MAXIMUM     65.5              63.1     2.4     70.5
AVG. MINIMUM     40.2              39.3     0.9     46.5
MEAN             52.9              51.2     1.7     58.5
DAYS MAX >= 90      0               0.0     0.0        0
DAYS MAX <= 32      0               0.0     0.0        0
DAYS MIN <= 32     10               6.9     3.1        1
DAYS MIN <= 0       0               0.0     0.0        0

PRECIPITATION (INCHES)
RECORD
 MAXIMUM        11.13   1891
 MINIMUM         0.58   1985
TOTALS           2.71              4.01   -1.30     0.85
DAILY AVG.       0.09              0.13   -0.04     0.03
DAYS >= .01        13               9.6     3.4       10
DAYS >= .10        10               6.7     3.3        4
DAYS >= .50         1               3.0    -2.0        0
DAYS >= 1.00        0               1.0    -1.0        0
GREATEST
 24 HR. TOTAL    0.61   03/01 TO 03/01           03/27 TO 03/28
                                                          03/28 TO 03/28
                                                          03/28 TO 03/28
 STORM TOTAL       MM                                 MM
 (MM/DD(HH))            MM                    03/28(00) TO 03/28(00)
                                                 03/28(00) TO 03/28(00)8
                                                 03/28(00) TO 03/28(00)8

SNOWFALL (INCHES)
RECORDS
 TOTAL           19.3   1960
 24 HR TOTAL     10.3   03/24/1983 TO 03/24/1983
 SNOW DEPTH         9   03/24/1983
TOTALS            1.1               0.6     0.5      0.0
 LIQUID EQUIV    0.11              0.10    0.01     0.00
SINCE 7/1         2.2               4.3    -2.1      3.3
 LIQUID 7/1      0.22              0.40   -0.18     0.33
SNOWDEPTH AVG.      0                MM      MM        0
DAYS >= TRACE       1               0.2     0.8        0
DAYS >= 1.0         1               0.1     0.9        0
GREATEST
 SNOW DEPTH         T   03/12                          0  MM
 24 HR TOTAL      1.1   03/12 TO 03/12           03/28 TO 03/28
                                                          03/28 TO 03/28
                                                          03/28 TO 03/28
 STORM TOTAL      1.1                                 MM
 (MM/DD(HH))            MM                    03/28(00) TO 03/28(00)
                                                 03/28(00) TO 03/28(00)8
                                                 03/28(00) TO 03/28(00)8

DEGREE_DAYS
HEATING TOTAL     383               433     -50      231
 SINCE 7/1       2281              3132    -851     2373
COOLING TOTAL      18                 5      13       37
 SINCE 1/1         23                 5      18       37

FREEZE DATES
RECORD
 EARLIEST     MM
 LATEST       MM
EARLIEST                        MM
LATEST                          MM
.........................................................

WIND (MPH)
AVERAGE WIND SPEED              8.3
HIGHEST WIND SPEED/DIRECTION    28/230    DATE  03/31
HIGHEST GUST SPEED/DIRECTION    39/220    DATE  03/31

SKY COVER
POSSIBLE SUNSHINE (PERCENT)   MM
AVERAGE SKY COVER           0.50
NUMBER OF DAYS FAIR           11
NUMBER OF DAYS PC             14
NUMBER OF DAYS CLOUDY          6

AVERAGE RH (PERCENT)     54

WEATHER CONDITIONS. NUMBER OF DAYS WITH
THUNDERSTORM              6     MIXED PRECIP               0
HEAVY RAIN                4     RAIN                       9
LIGHT RAIN               16     FREEZING RAIN              0
LT FREEZING RAIN          0     HAIL                       0
HEAVY SNOW                0     SNOW                       0
LIGHT SNOW                1     SLEET                      0
FOG                      11     FOG W/VIS <= 1/4 MILE      0
HAZE                      3

-  INDICATES NEGATIVE NUMBERS.
R  INDICATES RECORD WAS SET OR TIED.
MM INDICATES DATA IS MISSING.
T  INDICATES TRACE AMOUNT.

$$

OUTLAW
