000
CXUS51 KILN 010842
CLMCMH


CLIMATE REPORT
NATIONAL WEATHER SERVICE WILMINGTON OH
437 AM EDT TUE AUG 1 2017

...................................

...THE COLUMBUS CLIMATE SUMMARY FOR THE MONTH OF JULY 2017...

CLIMATE NORMAL PERIOD 1981 TO 2010
CLIMATE RECORD PERIOD 1869 TO 2017

WEATHER         OBSERVED          NORMAL  DEPART  LAST YEAR`S
                 VALUE   DATE(S)  VALUE   FROM    VALUE  DATE(S)
                                          NORMAL
................................................................
TEMPERATURE (F)
RECORD
 HIGH             106   07/14/1936
                        07/21/1934
 LOW               43   07/06/1972
HIGHEST            91   07/19        85       6       94  07/24
LOWEST             57   07/09        64      -7       56  07/02
AVG. MAXIMUM     84.3              84.9    -0.6     85.8
AVG. MINIMUM     65.7              65.5     0.2     67.5
MEAN             75.0              75.2    -0.2     76.6
DAYS MAX >= 90      2               5.6    -3.6        6
DAYS MAX <= 32      0               0.0     0.0        0
DAYS MIN <= 32      0               0.0     0.0        0
DAYS MIN <= 0       0               0.0     0.0        0

PRECIPITATION (INCHES)
TOTALS           8.55              4.79    3.76     2.49
DAILY AVG.       0.28              0.15    0.13     0.08
DAYS >= .01        11              10.6     0.4        9
DAYS >= .10         9               7.2     1.8        8
DAYS >= .50         5               3.3     1.7        1
DAYS >= 1.00        3               1.2     1.8        1
GREATEST
 24 HR. TOTAL    3.11   07/13 TO 07/13           07/22 TO 07/22
                                                 07/31 TO 07/31
                                                 07/31 TO 07/31
 STORM TOTAL       MM                                 MM
 (MM/DD(HH))       MM                            07/22(00) TO 07/22(00)
                                                 07/31(00) TO 07/31(00)1
                                                 07/31(00) TO 07/31(00)1

SNOWFALL (INCHES)
TOTALS            0.0               0.0     0.0      0.0
SINCE 7/1         0.0               0.0     0.0      0.0
DAYS >= TRACE       0               0.0     0.0        0
DAYS >= 1.0         0               0.0     0.0        0
GREATEST
 24 HR TOTAL      0.0   07/31 TO 07/31           07/31 TO 07/31
                                                 07/31 TO 07/31
                                                 07/31 TO 07/31
 STORM TOTAL       MM                                 MM
 (MM/DD(HH))       MM                            07/31(00) TO 07/31(00)
                                                 07/31(00) TO 07/31(00)1
                                                 07/31(00) TO 07/31(00)1

DEGREE_DAYS
HEATING TOTAL       0                 0       0        0
 SINCE 7/1          0                 0       0        0
COOLING TOTAL     318               310       8      369
 SINCE 1/1        673               608      65      693
..................................................

WIND (MPH)
AVERAGE WIND SPEED              6.2
RESULTANT WIND SPEED/DIRECTION   1/281
HIGHEST WIND SPEED/DIRECTION    40/280    DATE  07/21
HIGHEST GUST SPEED/DIRECTION    52/270    DATE  07/10

SKY COVER
AVERAGE SKY COVER           0.60

AVERAGE RH (PERCENT)     77

WEATHER CONDITIONS. NUMBER OF DAYS WITH
THUNDERSTORM              0     MIXED PRECIP               0
HEAVY RAIN                5     RAIN                       8
LIGHT RAIN               12     FREEZING RAIN              0
LT FREEZING RAIN          0     HAIL                       0
HEAVY SNOW                0     SNOW                       0
LIGHT SNOW                0     SLEET                      0
FOG                      16     FOG W/VIS <= 1/4 MILE      0
HAZE                      3

-  INDICATES NEGATIVE NUMBERS.
R  INDICATES RECORD WAS SET OR TIED.
MM INDICATES DATA IS MISSING.
T  INDICATES TRACE AMOUNT.

$$
