000
CXUS55 KCYS 082002
CLMCNE


CLIMATE REPORT
NATIONAL WEATHER SERVICE CHEYENNE WY
202 PM MDT FRI MAY 8 2015

...................................

...THE ALLIANCE NE AIRPORT CLIMATE SUMMARY FOR THE MONTH OF APRIL 2015...

CLIMATE NORMAL PERIOD 1981 TO 2010
CLIMATE RECORD PERIOD 1896 TO 2015

WEATHER         OBSERVED          NORMAL  DEPART  LAST YEAR`S
                 VALUE   DATE(S)  VALUE   FROM    VALUE
                                          NORMAL
.............................................................
TEMPERATURE (F)
RECORD
 HIGH              91   04/28/1910
 LOW              -12   04/02/1975
HIGHEST            77   04/30        MM      MM       80
LOWEST             10   04/03        MM      MM       10
AVG. MAXIMUM     62.6              59.8     2.8     60.4
AVG. MINIMUM     30.4              30.0     0.4     29.1
MEAN             46.5              44.9     1.6     44.8
DAYS MAX >= 90      0               0.0     0.0        0
DAYS MAX <= 32      0               0.7    -0.7        0
DAYS MIN <= 32     15              17.8    -2.8       18
DAYS MIN <= 0       0               0.1    -0.1        0

PRECIPITATION (INCHES)
RECORD
 MAXIMUM         6.13   1942
 MINIMUM         0.00   2011
TOTALS           2.45              1.45    1.00     1.06
DAYS >= .01        10                MM      MM        7
DAYS >= .10         7                MM      MM        2
DAYS >= .50         1                MM      MM        1
DAYS >= 1.00        1                MM      MM        0
GREATEST
 24 HR. TOTAL    1.39   04/17 TO 04/18

DEGREE_DAYS
HEATING TOTAL     548               603     -55      602
 SINCE 7/1       6495              6889    -394     7083
COOLING TOTAL       0                 0       0        0
 SINCE 1/1          0                 0       0        0
..............................................................

WIND (MPH)
AVERAGE WIND SPEED              11.4
HIGHEST WIND SPEED/DIRECTION    38/250    DATE  04/15
HIGHEST GUST SPEED/DIRECTION    49/260    DATE  04/15

SKY COVER
POSSIBLE SUNSHINE (PERCENT)   MM
AVERAGE SKY COVER           0.30
NUMBER OF DAYS FAIR           18
NUMBER OF DAYS PC              7
NUMBER OF DAYS CLOUDY          5

AVERAGE RH (PERCENT)     60

WEATHER CONDITIONS. NUMBER OF DAYS WITH
THUNDERSTORM              0     MIXED PRECIP               0
HEAVY RAIN                2     RAIN                       5
LIGHT RAIN               11     FREEZING RAIN              0
LT FREEZING RAIN          0     HAIL                       0
HEAVY SNOW                0     SNOW                       0
LIGHT SNOW                2     SLEET                      0
FOG                       9     FOG W/VIS <= 1/4 MILE      0
HAZE                      2

-  INDICATES NEGATIVE NUMBERS.
R  INDICATES RECORD WAS SET OR TIED.
MM INDICATES DATA IS MISSING.
T  INDICATES TRACE AMOUNT.
...................................

...THE CHADRON NE AIRPORT CLIMATE SUMMARY FOR THE MONTH OF APRIL 2015...

CLIMATE NORMAL PERIOD 1981 TO 2010
CLIMATE RECORD PERIOD 1895 TO 2015

WEATHER         OBSERVED          NORMAL  DEPART  LAST YEAR`S
                 VALUE   DATE(S)  VALUE   FROM    VALUE
                                          NORMAL
.............................................................
TEMPERATURE (F)
RECORD
 HIGH              93   04/20/1989
 LOW              -11   04/02/1975
HIGHEST            78   04/14        MM      MM       82
                        04/11
LOWEST             14   04/03        MM      MM       12
AVG. MAXIMUM     62.3              60.1     2.2     60.9
AVG. MINIMUM     31.4              29.6     1.8     32.2
MEAN             46.8              44.8     2.0     46.5
DAYS MAX >= 90      0               0.1    -0.1        0
DAYS MAX <= 32      0               0.7    -0.7        0
DAYS MIN <= 32     16              18.6    -2.6       17
DAYS MIN <= 0       0               0.0     0.0        0

PRECIPITATION (INCHES)
RECORD
 MAXIMUM         4.78   2000
 MINIMUM         0.00   2011
TOTALS           1.43              1.98   -0.55     2.72
DAYS >= .01         9               8.9     0.1       10
DAYS >= .10         6               5.2     0.8        7
DAYS >= .50         0               1.1    -1.1        1
DAYS >= 1.00        0               0.2    -0.2        1
GREATEST
 24 HR. TOTAL    0.60   04/17 TO 04/18

DEGREE_DAYS
HEATING TOTAL     538               606     -68      546
 SINCE 7/1       6160              6763    -603     6918
COOLING TOTAL       0                 2      -2        1
 SINCE 1/1          0                 2      -2        1
..............................................................

WIND (MPH)
AVERAGE WIND SPEED              9.3
HIGHEST WIND SPEED/DIRECTION    47/270    DATE  04/23
HIGHEST GUST SPEED/DIRECTION    59/270    DATE  04/23

SKY COVER
POSSIBLE SUNSHINE (PERCENT)   MM
AVERAGE SKY COVER           0.40
NUMBER OF DAYS FAIR           16
NUMBER OF DAYS PC              8
NUMBER OF DAYS CLOUDY          6

AVERAGE RH (PERCENT)     61

WEATHER CONDITIONS. NUMBER OF DAYS WITH
THUNDERSTORM              0     MIXED PRECIP               0
HEAVY RAIN                1     RAIN                       3
LIGHT RAIN               11     FREEZING RAIN              0
LT FREEZING RAIN          0     HAIL                       0
HEAVY SNOW                0     SNOW                       0
LIGHT SNOW                2     SLEET                      0
FOG                      10     FOG W/VIS <= 1/4 MILE      1
HAZE                      4

-  INDICATES NEGATIVE NUMBERS.
R  INDICATES RECORD WAS SET OR TIED.
MM INDICATES DATA IS MISSING.
T  INDICATES TRACE AMOUNT.
...................................

...THE SCOTTSBLUFF NE AIRPORT CLIMATE SUMMARY FOR THE MONTH OF APRIL 2015...

CLIMATE NORMAL PERIOD 1981 TO 2010
CLIMATE RECORD PERIOD 1871 TO 2015

WEATHER         OBSERVED          NORMAL  DEPART  LAST YEAR`S
                 VALUE   DATE(S)  VALUE   FROM    VALUE
                                          NORMAL
.............................................................
TEMPERATURE (F)
RECORD
 HIGH              93   04/24/2012
                        04/30/1992
                        04/28/1910
 LOW               -8   04/02/1975
HIGHEST            78   04/30        61      17       84
LOWEST             20   04/03        33     -13       15
AVG. MAXIMUM     64.2              61.4     2.8     63.8
AVG. MINIMUM     33.9              31.9     2.0     32.5
MEAN             49.0              46.7     2.3     48.2
DAYS MAX >= 90      0               0.1    -0.1        0
DAYS MAX <= 32      0               0.5    -0.5        0
DAYS MIN <= 32     14              15.1    -1.1       12
DAYS MIN <= 0       0               0.0     0.0        0

PRECIPITATION (INCHES)
RECORD
 MAXIMUM         6.13   1942
 MINIMUM         0.00   2011
TOTALS           3.10              1.83    1.27     0.62
DAYS >= .01        10               8.9     1.1        2
DAYS >= .10         6               4.8     1.2        2
DAYS >= .50         2               0.9     1.1        1
DAYS >= 1.00        1               0.2     0.8        0
GREATEST
 24 HR. TOTAL    1.50   04/17 TO 04/18

DEGREE_DAYS
HEATING TOTAL     469               552     -83      497
 SINCE 7/1       5804              6293    -489     6360
COOLING TOTAL       0                 2      -2        0
 SINCE 1/1          0                 2      -2        0
..............................................................

WIND (MPH)
AVERAGE WIND SPEED              9.9
HIGHEST WIND SPEED/DIRECTION    38/320    DATE  04/12
HIGHEST GUST SPEED/DIRECTION    51/330    DATE  04/12

SKY COVER
POSSIBLE SUNSHINE (PERCENT)   MM
AVERAGE SKY COVER           0.40
NUMBER OF DAYS FAIR           17
NUMBER OF DAYS PC              7
NUMBER OF DAYS CLOUDY          6

AVERAGE RH (PERCENT)     60

WEATHER CONDITIONS. NUMBER OF DAYS WITH
THUNDERSTORM              0     MIXED PRECIP               0
HEAVY RAIN                2     RAIN                       6
LIGHT RAIN               12     FREEZING RAIN              0
LT FREEZING RAIN          0     HAIL                       0
HEAVY SNOW                0     SNOW                       0
LIGHT SNOW                2     SLEET                      0
FOG                      10     FOG W/VIS <= 1/4 MILE      0
HAZE                      6

-  INDICATES NEGATIVE NUMBERS.
R  INDICATES RECORD WAS SET OR TIED.
MM INDICATES DATA IS MISSING.
T  INDICATES TRACE AMOUNT.
...................................

...THE SIDNEY NE AIRPORT CLIMATE SUMMARY FOR THE MONTH OF APRIL 2015...

CLIMATE NORMAL PERIOD 1981 TO 2010
CLIMATE RECORD PERIOD 1948 TO 2015

WEATHER         OBSERVED          NORMAL  DEPART  LAST YEAR`S
                 VALUE   DATE(S)  VALUE   FROM    VALUE
                                          NORMAL
.............................................................
TEMPERATURE (F)
RECORD
 HIGH              92   04/24/2012
 LOW               -9   04/02/1975
HIGHEST            77   04/30        MM      MM       82
LOWEST             18   04/03        MM      MM       17
AVG. MAXIMUM     61.7              61.9    -0.2     63.3
AVG. MINIMUM     32.9              33.0    -0.1     32.4
MEAN             47.3              47.4    -0.1     47.8
DAYS MAX >= 90      0               0.0     0.0        0
DAYS MAX <= 32      0               0.5    -0.5        0
DAYS MIN <= 32     14              12.7     1.3       15
DAYS MIN <= 0       0               0.0     0.0        0

PRECIPITATION (INCHES)
RECORD
 MAXIMUM         4.28   1977
 MINIMUM         0.00   2011
TOTALS           5.51R             2.05    3.46     0.49
DAYS >= .01        10               8.8     1.2        5
DAYS >= .10         9               4.9     4.1        2
DAYS >= .50         4               1.5     2.5        0
DAYS >= 1.00        1               0.6     0.4        0
GREATEST
 24 HR. TOTAL    2.38   04/16 TO 04/17

DEGREE_DAYS
HEATING TOTAL     523               527      -4      506
 SINCE 7/1       5908              5912      -4     6308
COOLING TOTAL       0                 1      -1        0
 SINCE 1/1          0                 1      -1        0
..............................................................

WIND (MPH)
AVERAGE WIND SPEED              12.2
HIGHEST WIND SPEED/DIRECTION    38/300    DATE  04/15
HIGHEST GUST SPEED/DIRECTION    48/320    DATE  04/12

SKY COVER
POSSIBLE SUNSHINE (PERCENT)   MM
AVERAGE SKY COVER           0.40
NUMBER OF DAYS FAIR           17
NUMBER OF DAYS PC              5
NUMBER OF DAYS CLOUDY          8

AVERAGE RH (PERCENT)     65

WEATHER CONDITIONS. NUMBER OF DAYS WITH
THUNDERSTORM              0     MIXED PRECIP               0
HEAVY RAIN                3     RAIN                       6
LIGHT RAIN               13     FREEZING RAIN              0
LT FREEZING RAIN          0     HAIL                       0
HEAVY SNOW                1     SNOW                       1
LIGHT SNOW                2     SLEET                      0
FOG                      13     FOG W/VIS <= 1/4 MILE      5
HAZE                      1

-  INDICATES NEGATIVE NUMBERS.
R  INDICATES RECORD WAS SET OR TIED.
MM INDICATES DATA IS MISSING.
T  INDICATES TRACE AMOUNT.

$$
