000
CXUS53 KTOP 011420
CLMCNK


CLIMATE REPORT
NATIONAL WEATHER SERVICE TOPEKA KS
916 AM CDT WED NOV 1 2017

...................................

...THE CONCORDIA KS CLIMATE SUMMARY FOR THE MONTH OF OCTOBER 2017...

CLIMATE NORMAL PERIOD 1981 TO 2010
CLIMATE RECORD PERIOD 1885 TO 2017

WEATHER         OBSERVED          NORMAL  DEPART  LAST YEAR`S
                 VALUE   DATE(S)  VALUE   FROM    VALUE
                                          NORMAL
.............................................................
TEMPERATURE (F)
RECORD
 HIGH             102   10/05/1947
 LOW               14   10/31/1993
HIGHEST            83   10/02        75       8       89
LOWEST             19   10/28        37     -18       29
AVG. MAXIMUM     67.9              67.1     0.8     74.2
AVG. MINIMUM     44.0              43.8     0.2     46.8
MEAN             56.0              55.4     0.6     60.5
DAYS MAX >= 90      0               0.4    -0.4        0
DAYS MAX <= 32      0               0.0     0.0        0
DAYS MIN <= 32      5               2.9     2.1        1
DAYS MIN <= 0       0               0.0     0.0        0

PRECIPITATION (INCHES)
RECORD
 MAXIMUM         6.37   1959
 MINIMUM         0.00   1952
TOTALS           3.50              1.92    1.58     1.00
DAILY AVG.       0.11              0.06    0.05     0.03
DAYS >= .01        10               6.9     3.1        5
DAYS >= .10         5               3.9     1.1        3
DAYS >= .50         3               1.4     1.6        1
DAYS >= 1.00        1               0.3     0.7        0
GREATEST
 24 HR. TOTAL    1.67   10/06 TO 10/06              0.62

SNOWFALL (INCHES)
RECORDS
 TOTAL            4.6   1970
TOTALS              T               0.2    -0.2      0.0
SINCE 7/1           T               0.2    -0.2      0.0
SNOWDEPTH AVG.      0                                  0
DAYS >= 1.0         0               0.1    -0.1        0
GREATEST
 SNOW DEPTH         0   MM                             0
 24 HR TOTAL        T   10/31 TO 10/31               0.0

DEGREE_DAYS
HEATING TOTAL     299               318     -19      171
 SINCE 7/1        326               391     -65      213
COOLING TOTAL      24                22       2       38
 SINCE 1/1       1370              1348      22     1540
..............................................................

WIND (MPH)
AVERAGE WIND SPEED              12.4
HIGHEST WIND SPEED/DIRECTION    39/180    DATE  10/21
HIGHEST GUST SPEED/DIRECTION    50/180    DATE  10/20

SKY COVER
POSSIBLE SUNSHINE (PERCENT)   MM
AVERAGE SKY COVER           0.30
NUMBER OF DAYS FAIR           18
NUMBER OF DAYS PC              7
NUMBER OF DAYS CLOUDY          6

AVERAGE RH (PERCENT)     65

WEATHER CONDITIONS. NUMBER OF DAYS WITH
THUNDERSTORM              6     MIXED PRECIP               0
HEAVY RAIN                4     RAIN                       3
LIGHT RAIN               11     FREEZING RAIN              0
LT FREEZING RAIN          0     HEAVY SNOW                 0
SNOW                      0     LIGHT SNOW                 1
FOG                      11     FOG W/VIS <= 1/4 MILE      1
HAZE                      3

-  INDICATES NEGATIVE NUMBERS.
R  INDICATES RECORD WAS SET OR TIED.
MM INDICATES DATA IS MISSING.
T  INDICATES TRACE AMOUNT.

$$
