000
CXUS53 KTOP 011419
CLMCNK


CLIMATE REPORT
NATIONAL WEATHER SERVICE TOPEKA KS
915 AM CDT MON MAY 1 2017

...................................

...THE CONCORDIA KS CLIMATE SUMMARY FOR THE MONTH OF APRIL 2017...

CLIMATE NORMAL PERIOD 1981 TO 2010
CLIMATE RECORD PERIOD 1885 TO 2017

WEATHER         OBSERVED          NORMAL  DEPART  LAST YEAR`S
                 VALUE   DATE(S)  VALUE   FROM    VALUE
                                          NORMAL
.............................................................
TEMPERATURE (F)
RECORD
 HIGH             100   04/20/1902
 LOW               14   04/03/1975
                        04/03/1936
HIGHEST            81   04/19        69      12       81
LOWEST             27   04/11        36      -9       29
AVG. MAXIMUM     63.6              65.0    -1.4     67.9
AVG. MINIMUM     43.7              41.2     2.5     44.4
MEAN             53.7              53.1     0.6     56.2
DAYS MAX >= 90      0               0.4    -0.4        0
DAYS MAX <= 32      0               0.0     0.0        0
DAYS MIN <= 32      2               4.4    -2.4        5
DAYS MIN <= 0       0               0.0     0.0        0

PRECIPITATION (INCHES)
RECORD
 MAXIMUM         5.98   1984
 MINIMUM         0.37   1989
TOTALS           5.34              2.45    2.89     1.90
DAILY AVG.       0.18              0.08    0.10     0.06
DAYS >= .01        13               8.8     4.2       10
DAYS >= .10         9               4.9     4.1        6
DAYS >= .50         6               1.8     4.2        1
DAYS >= 1.00        0               0.5    -0.5        0
GREATEST
 24 HR. TOTAL    0.98   04/12 TO 04/12              0.61

SNOWFALL (INCHES)
RECORDS
 TOTAL            7.8   1997
TOTALS            0.0               0.5    -0.5      0.0
SINCE 7/1         4.3              20.2   -15.9     13.6
SNOWDEPTH AVG.      0                                  0
DAYS >= 1.0         0               0.2    -0.2        0
GREATEST
 SNOW DEPTH         0   MM                             0
 24 HR TOTAL      0.0   04/30 TO 04/30               0.0

DEGREE_DAYS
HEATING TOTAL     348               373     -25      266
 SINCE 7/1       4418              5264    -846     4225
COOLING TOTAL      15                16      -1        8
 SINCE 1/1         19                17       2       11
..............................................................

WIND (MPH)
AVERAGE WIND SPEED              11.9
HIGHEST WIND SPEED/DIRECTION    39/180    DATE  04/24
HIGHEST GUST SPEED/DIRECTION    49/040    DATE  04/30

SKY COVER
POSSIBLE SUNSHINE (PERCENT)   MM
AVERAGE SKY COVER           0.40
NUMBER OF DAYS FAIR           16
NUMBER OF DAYS PC              6
NUMBER OF DAYS CLOUDY          8

AVERAGE RH (PERCENT)     75

WEATHER CONDITIONS. NUMBER OF DAYS WITH
THUNDERSTORM              5     MIXED PRECIP               0
HEAVY RAIN                4     RAIN                       7
LIGHT RAIN               16     FREEZING RAIN              0
LT FREEZING RAIN          0     HEAVY SNOW                 0
SNOW                      0     LIGHT SNOW                 0
FOG                      13     FOG W/VIS <= 1/4 MILE      1
HAZE                      2

-  INDICATES NEGATIVE NUMBERS.
R  INDICATES RECORD WAS SET OR TIED.
MM INDICATES DATA IS MISSING.
T  INDICATES TRACE AMOUNT.

$$
