000
CXUS53 KTOP 011442
CLMCNK


CLIMATE REPORT
NATIONAL WEATHER SERVICE TOPEKA KS
939 AM CDT WED JUL 1 2015

...................................

...THE CONCORDIA KS CLIMATE SUMMARY FOR THE MONTH OF JUNE 2015...

CLIMATE NORMAL PERIOD 1981 TO 2010
CLIMATE RECORD PERIOD 1885 TO 2015

WEATHER         OBSERVED          NORMAL  DEPART  LAST YEAR`S
                 VALUE   DATE(S)  VALUE   FROM    VALUE
                                          NORMAL
.............................................................
TEMPERATURE (F)
RECORD
 HIGH             109   06/30/1980
                        06/30/1956
                        06/26/1936
 LOW               41   06/01/1964
HIGHEST            98   06/20        89       9       94
LOWEST             53   06/01        58      -5       52
AVG. MAXIMUM     86.1              84.9     1.2     84.6
AVG. MINIMUM     63.7              61.9     1.8     63.9
MEAN             74.9              73.4     1.5     74.2
DAYS MAX >= 90      8               8.1    -0.1        7
DAYS MAX <= 32      0               0.0     0.0        0
DAYS MIN <= 32      0               0.0     0.0        0
DAYS MIN <= 0       0               0.0     0.0        0

PRECIPITATION (INCHES)
RECORD
 MAXIMUM        14.14   1967
 MINIMUM         0.34   1952
TOTALS           6.11              4.05    2.06     6.70
DAILY AVG.       0.20              0.14    0.06     0.22
DAYS >= .01        11              10.9     0.1       13
DAYS >= .10         8               6.5     1.5        9
DAYS >= .50         4               2.8     1.2        6
DAYS >= 1.00        2               1.1     0.9        2
GREATEST
 24 HR. TOTAL    2.62   06/04 TO 06/05              1.73

SNOWFALL (INCHES)
RECORDS
 TOTAL              T   1989
TOTALS            0.0               0.0     0.0      0.0
SINCE 7/1        11.7              20.2    -8.5     23.2
SNOWDEPTH AVG.      0                                  0
DAYS >= 1.0         0               0.0     0.0        0
GREATEST
 SNOW DEPTH         0   MM                             0
 24 HR TOTAL      0.0   06/30 TO 06/30               0.0

DEGREE_DAYS
HEATING TOTAL       2                13     -11        1
 SINCE 7/1       5182              5408    -226     5759
COOLING TOTAL     309               265      44      287
 SINCE 1/1        364               354      10      462
..............................................................

WIND (MPH)
AVERAGE WIND SPEED              10.3
HIGHEST WIND SPEED/DIRECTION    38/050    DATE  06/04
HIGHEST GUST SPEED/DIRECTION    48/040    DATE  06/04

SKY COVER
POSSIBLE SUNSHINE (PERCENT)   MM
AVERAGE SKY COVER           0.20
NUMBER OF DAYS FAIR           21
NUMBER OF DAYS PC              8
NUMBER OF DAYS CLOUDY          1

AVERAGE RH (PERCENT)     70

WEATHER CONDITIONS. NUMBER OF DAYS WITH
THUNDERSTORM             10     MIXED PRECIP               0
HEAVY RAIN                7     RAIN                       8
LIGHT RAIN               11     FREEZING RAIN              0
LT FREEZING RAIN          0     HEAVY SNOW                 0
SNOW                      0     LIGHT SNOW                 0
FOG                      15     FOG W/VIS <= 1/4 MILE      0
HAZE                      4

-  INDICATES NEGATIVE NUMBERS.
R  INDICATES RECORD WAS SET OR TIED.
MM INDICATES DATA IS MISSING.
T  INDICATES TRACE AMOUNT.

$$
