000
CXUS55 KPUB 011625
CLMCOS


CLIMATE REPORT
NATIONAL WEATHER SERVICE PUEBLO
1020 AM MDT SAT AUG 1 2015

...................................

...THE COLORADO SPRINGS CO CLIMATE SUMMARY FOR THE MONTH OF JULY 2015...

CLIMATE NORMAL PERIOD 1981 TO 2010
CLIMATE RECORD PERIOD 1872 TO 2015

WEATHER         OBSERVED          NORMAL  DEPART  LAST YEAR`S
                 VALUE   DATE(S)  VALUE   FROM    VALUE  DATE(S)
                                          NORMAL
................................................................
TEMPERATURE (F)
RECORD
 HIGH             100   07/24/2003
                        07/13/1954
 LOW               37   07/04/1903
HIGHEST            90   07/23        85       5       95  07/24
                        07/27                             07/07
LOWEST             54   07/07        53       1       50  07/17
                        07/10                             07/03
                        07/16
AVG. MAXIMUM     82.8              84.8    -2.0     83.3
AVG. MINIMUM     57.7              56.9     0.8     57.3
MEAN             70.3              70.9    -0.6     70.3
DAYS MAX >= 90      2               8.3    -6.3
DAYS MAX <= 32      0               0.0     0.0
DAYS MIN <= 32      0               0.0     0.0
DAYS MIN <= 0       0               0.0     0.0

PRECIPITATION (INCHES)
RECORD
 MAXIMUM         6.59   1930
 MINIMUM         0.29   2008
TOTALS           3.14              2.84    0.30     4.63
DAILY AVG.       0.10              0.09    0.01
DAYS >= .01        13              11.5     1.5
DAYS >= .10         5               6.1    -1.1
DAYS >= .50         1               1.4    -0.4
DAYS >= 1.00        1               0.7     0.3
GREATEST
 24 HR. TOTAL    1.53   07/14 TO 07/15              1.37

SNOWFALL (INCHES)
RECORDS
 TOTAL              T   2014
                        2013
                        2010
TOTALS              TR              0.0     0.0        T
SINCE 7/1           T               0.0     0.0        T
SNOWDEPTH AVG.      0
DAYS >= 1.0         0               0.0     0.0
GREATEST
 SNOW DEPTH         0                                  0
 24 HR TOTAL        T   07/26                          T

DEGREE_DAYS
HEATING TOTAL      10                10       0       23
 SINCE 7/1         10                10       0       23
COOLING TOTAL     182               191      -9      194
 SINCE 1/1        304               284      20      311
.................................................................

WIND (MPH)
AVERAGE WIND SPEED              8.4
HIGHEST WIND SPEED/DIRECTION    38/260    DATE  07/04
HIGHEST GUST SPEED/DIRECTION    45/260    DATE  07/04

SKY COVER
POSSIBLE SUNSHINE (PERCENT)   MM
AVERAGE SKY COVER           0.60
NUMBER OF DAYS FAIR            2
NUMBER OF DAYS PC             22
NUMBER OF DAYS CLOUDY          7

AVERAGE RH (PERCENT)     55

WEATHER CONDITIONS. NUMBER OF DAYS WITH
THUNDERSTORM             14     MIXED PRECIP               0
HEAVY RAIN                4     RAIN                       7
LIGHT RAIN               21     FREEZING RAIN              0
LT FREEZING RAIN          0     HAIL                       1
HEAVY SNOW                0     SNOW                       0
LIGHT SNOW                0     SLEET                      0
FOG                       7     FOG W/VIS <= 1/4 MILE      0
HAZE                      2

-  INDICATES NEGATIVE NUMBERS.
R  INDICATES RECORD WAS SET OR TIED.
MM INDICATES DATA IS MISSING.
T  INDICATES TRACE AMOUNT.

$$
TRACE SNOW 7/26 IN THE FORM OF HAIL
