000
CXUS53 KLSX 021818 CCA
CLMCOU

CLIMATE REPORT
NATIONAL WEATHER SERVICE ST LOUIS MO
254 PM CDT MON AUG 1 2016

...................................

...THE COLUMBIA MO CLIMATE SUMMARY FOR THE MONTH OF JULY 2016...

CLIMATE NORMAL PERIOD 1981 TO 2010
CLIMATE RECORD PERIOD 1890 TO 2016

WEATHER         OBSERVED          NORMAL  DEPART  LAST YEAR`S
                 VALUE   DATE(S)  VALUE   FROM    VALUE
                                          NORMAL
.............................................................
TEMPERATURE (F)
RECORD
 HIGH             113   07/14/1954
                        07/12/1954
 LOW               45   07/01/1892
HIGHEST            95   07/24                         94
                        07/23
                        07/21
LOWEST             61   07/03                         59
AVG. MAXIMUM     87.3              87.6    -0.3     85.9
AVG. MINIMUM     69.5              67.0     2.5     69.2
MEAN             78.4              77.3     1.1     77.5
DAYS MAX >= 90     13              11.2     1.8       11
DAYS MAX <= 32      0               0.0     0.0        0
DAYS MIN <= 32      0               0.0     0.0        0
DAYS MIN <= 0       0               0.0     0.0        0

PRECIPITATION (INCHES)
RECORD
 MAXIMUM        12.14   1981
 MINIMUM         0.24   1976
TOTALS          10.91              4.37    6.54     8.40
DAILY AVG.       0.35              0.14    0.21     0.27
DAYS >= .01        14               8.8     5.2        9
DAYS >= .10        11               5.9     5.1        8
DAYS >= .50         6               2.5     3.5        4
DAYS >= 1.00        3               1.3     1.7        4
GREATEST
 24 HR. TOTAL    5.07   07/02 TO 07/03              2.42

DEGREE_DAYS
HEATING TOTAL       0                 0       0        1
 SINCE 7/1          0                 0       0        1
COOLING TOTAL     424               382      42      398
 SINCE 1/1        942               733     209      828
..............................................................

WIND (MPH)
HIGHEST WIND SPEED/DIRECTION    43/320    DATE  07/07
HIGHEST GUST SPEED/DIRECTION    56/300    DATE  07/07

SKY COVER
NUMBER OF DAYS FAIR           24
NUMBER OF DAYS PC              4
NUMBER OF DAYS CLOUDY          3


WEATHER CONDITIONS. NUMBER OF DAYS WITH
THUNDERSTORM             14     MIXED PRECIP               0
HEAVY RAIN               10     RAIN                       9
LIGHT RAIN               15     FREEZING RAIN              0
LT FREEZING RAIN          0     HAIL                       0
HEAVY SNOW                0     SNOW                       0
LIGHT SNOW                0     SLEET                      0
FOG                      17     FOG W/VIS <= 1/4 MILE      2
HAZE                      0

-  INDICATES NEGATIVE NUMBERS.
R  INDICATES RECORD WAS SET OR TIED.
MM INDICATES DATA IS MISSING.
T  INDICATES TRACE AMOUNT.


...MONTHLY...

3RD WETTEST JULY ON RECORD (10.91 INCHES).

TIED 4TH MOST OCCURENCES OF MEASUREABLE RAINFALL (14 DAYS).

TIED 6TH MOST OCCURENCES OF AT LEAST ONE INCH OF RAINFALL (3 DAYS).



...DAILY...

2 RECORD LOW MAXIMUM TEMPERATURES SET (7/2 AND 7/3)


RECORD RAINFALL VALUE OF 3.58 INCHES SET ON 7/3. PREVIOUS 3.14 INCHES IN 1984.


3RD WETTEST 24-HOUR RAINFALL TOTAL WITHIN MONTH OF JULY ON RECORD (5.07 INCHES 07/02-07/03).

$$
