000
CXUS51 KILN 011156
CLMCVG


CLIMATE REPORT
NATIONAL WEATHER SERVICE WILMINGTON OH
750 AM EDT THU SEP 1 2016

...................................

...THE CINCINNATI CLIMATE SUMMARY FOR THE MONTH OF AUGUST 2016...

CLIMATE NORMAL PERIOD 1981 TO 2010
CLIMATE RECORD PERIOD 1869 TO 2016

WEATHER         OBSERVED          NORMAL  DEPART  LAST YEAR`S
                 VALUE   DATE(S)  VALUE   FROM    VALUE  DATE(S)
                                          NORMAL
................................................................
TEMPERATURE (F)
RECORD
 HIGH             103   08/22/1936
 LOW               43   08/29/1986
                        08/29/1965
                        08/31/1915
HIGHEST            93   08/28        85       8       89  08/16
LOWEST             56   08/22        64      -8       53  08/25
AVG. MAXIMUM     87.1              84.9     2.2     82.5
AVG. MINIMUM     69.4              64.8     4.6     61.5
MEAN             78.3              74.8     3.5     72.0
DAYS MAX >= 90     10               6.4     3.6        0
DAYS MAX <= 32      0               0.0     0.0        0
DAYS MIN <= 32      0               0.0     0.0        0
DAYS MIN <= 0       0               0.0     0.0        0

PRECIPITATION (INCHES)
TOTALS           5.92              3.41    2.51     2.61
DAILY AVG.       0.19              0.11    0.08     0.08
DAYS >= .01        11               9.1     1.9        6
DAYS >= .10         6               5.9     0.1        5
DAYS >= .50         4               2.3     1.7        4
DAYS >= 1.00        3               0.8     2.2        0
GREATEST
 24 HR. TOTAL    1.79   08/15 TO 08/15

SNOWFALL (INCHES)
TOTALS            0.0               0.0     0.0      0.0
SINCE 7/1         0.0               0.0     0.0      0.0
DAYS >= TRACE       0               0.0     0.0        0
DAYS >= 1.0         0               0.0     0.0        0
GREATEST
 24 HR TOTAL      0.0   08/31 TO 08/31

DEGREE_DAYS
HEATING TOTAL       0                 0       0        2
 SINCE 7/1          0                 0       0        2
COOLING TOTAL     420               309     111      228
 SINCE 1/1       1175               968     207      955
..................................................

WIND (MPH)
AVERAGE WIND SPEED              5.3
RESULTANT WIND SPEED/DIRECTION   1/192
HIGHEST WIND SPEED/DIRECTION    37/290    DATE  08/27
HIGHEST GUST SPEED/DIRECTION    44/290    DATE  08/27

SKY COVER
AVERAGE SKY COVER           0.60

AVERAGE RH (PERCENT)     77

WEATHER CONDITIONS. NUMBER OF DAYS WITH
THUNDERSTORM              8     MIXED PRECIP               0
HEAVY RAIN                6     RAIN                       6
LIGHT RAIN               16     FREEZING RAIN              0
LT FREEZING RAIN          0     HAIL                       0
HEAVY SNOW                0     SNOW                       0
LIGHT SNOW                0     SLEET                      0
FOG                      22     FOG W/VIS <= 1/4 MILE      2
HAZE                      5

-  INDICATES NEGATIVE NUMBERS.
R  INDICATES RECORD WAS SET OR TIED.
MM INDICATES DATA IS MISSING.
T  INDICATES TRACE AMOUNT.

$$
