000
CXUS51 KILN 011206
CLMCVG


CLIMATE REPORT
NATIONAL WEATHER SERVICE WILMINGTON OH
759 AM EDT SUN OCT 1 2017

...................................

...THE CINCINNATI CLIMATE SUMMARY FOR THE MONTH OF SEPTEMBER 2017...

CLIMATE NORMAL PERIOD 1981 TO 2010
CLIMATE RECORD PERIOD 1869 TO 2017

WEATHER         OBSERVED          NORMAL  DEPART  LAST YEAR`S
                 VALUE   DATE(S)  VALUE   FROM    VALUE  DATE(S)
                                          NORMAL
................................................................
TEMPERATURE (F)
RECORD
 HIGH             102   09/02/1953
                        09/01/1953
 LOW               31   09/30/1993
HIGHEST            90   09/27        78      12       90  09/23
                        09/24                             09/22
                        09/23                             09/08
LOWEST             44   09/07        56     -12       48  09/27
AVG. MAXIMUM     78.2              78.1     0.1     82.5
AVG. MINIMUM     57.1              57.0     0.1     61.3
MEAN             67.7              67.6     0.1     71.9
DAYS MAX >= 90      3               1.6     1.4        5
DAYS MAX <= 32      0               0.0     0.0        0
DAYS MIN <= 32      0               0.0     0.0        0
DAYS MIN <= 0       0               0.0     0.0        0

PRECIPITATION (INCHES)
TOTALS           2.41              2.63   -0.22     2.49
DAILY AVG.       0.08              0.09   -0.01     0.08
DAYS >= .01         7               7.7    -0.7       10
DAYS >= .10         5               4.5     0.5        6
DAYS >= .50         1               1.7    -0.7        2
DAYS >= 1.00        1               0.7     0.3        0
GREATEST
 24 HR. TOTAL    1.58   09/01 TO 09/01           09/27 TO 09/28
 STORM TOTAL       MM                                 MM
 (MM/DD(HH))       MM                            09/28(00) TO 09/28(00)

SNOWFALL (INCHES)
TOTALS            0.0               0.0     0.0      0.0
SINCE 7/1         0.0               0.0     0.0      0.0
DAYS >= TRACE       0               0.0     0.0        0
DAYS >= 1.0         0               0.0     0.0        0
GREATEST
 24 HR TOTAL      0.0   09/30 TO 09/30           09/30 TO 09/30
 STORM TOTAL       MM                                 MM
 (MM/DD(HH))       MM                            09/30(00) TO 09/30(00)

DEGREE_DAYS
HEATING TOTAL      44                58     -14       22
 SINCE 7/1         45                58     -13       22
COOLING TOTAL     132               137      -5      236
 SINCE 1/1       1063              1105     -42     1411
.................................................

WIND (MPH)
AVERAGE WIND SPEED              6.5
RESULTANT WIND SPEED/DIRECTION   1/056
HIGHEST WIND SPEED/DIRECTION    29/050    DATE  09/01
HIGHEST GUST SPEED/DIRECTION    37/070    DATE  09/01

SKY COVER
AVERAGE SKY COVER           0.40

AVERAGE RH (PERCENT)     75

WEATHER CONDITIONS. NUMBER OF DAYS WITH
THUNDERSTORM              0     MIXED PRECIP               0
HEAVY RAIN                2     RAIN                       3
LIGHT RAIN                7     FREEZING RAIN              0
LT FREEZING RAIN          0     HAIL                       0
HEAVY SNOW                0     SNOW                       0
LIGHT SNOW                0     SLEET                      0
FOG                      19     FOG W/VIS <= 1/4 MILE      1
HAZE                      3

-  INDICATES NEGATIVE NUMBERS.
R  INDICATES RECORD WAS SET OR TIED.
MM INDICATES DATA IS MISSING.
T  INDICATES TRACE AMOUNT.

$$
