000
CXUS52 KCHS 011316
CLMCXM

CLIMATE REPORT
NATIONAL WEATHER SERVICE CHARLESTON SC
904 AM EDT SAT OCT 1 2016

...................................

...THE DOWNTOWN CHARLESTON SC CLIMATE SUMMARY FOR THE MONTH OF
SEPTEMBER 2016...

CLIMATE NORMAL PERIOD 1981 TO 2010
CLIMATE RECORD PERIOD 1870 TO 2016

WEATHER         OBSERVED          NORMAL  DEPART  LAST YEAR`S
                 VALUE   DATE(S)  VALUE   FROM    VALUE  DATE(S)
                                          NORMAL
................................................................
TEMPERATURE (F)
RECORD
 HIGH             100   09/05/1944
                        09/04/1944
                        09/02/1912
 LOW               50   09/30/1967
                        09/29/1942
HIGHEST            90   09/11                         90  09/04
LOWEST             68   09/03                         66  09/14
AVG. MAXIMUM     84.8              82.0     2.8     83.1
AVG. MINIMUM     73.7              71.8     1.9     72.9
MEAN             79.2              76.9     2.3     78.0
DAYS MAX >= 90      1               2.2    -1.2        1
DAYS MAX <= 32      0               0.0     0.0        0
DAYS MIN <= 32      0               0.0     0.0        0
DAYS MIN <= 0       0               0.0     0.0        0

PRECIPITATION (INCHES)
RECORD
 MAXIMUM        16.24   1945
 MINIMUM         0.40   1901
TOTALS           7.79              5.76    2.03     3.45
DAYS >= .01         9               8.9     0.1       12
DAYS >= .10         7               6.2     0.8       10
DAYS >= .50         4               2.9     1.1        2
DAYS >= 1.00        2               1.5     0.5        0
GREATEST
 24 HR. TOTAL    4.26

DEGREE_DAYS
HEATING TOTAL       0                 1      -1        0
 SINCE 7/1          0                 1      -1        0
COOLING TOTAL     435               358      77      399
 SINCE 1/1       2572              2183     389     2418
.................................................................

WIND (MPH)
AVERAGE WIND SPEED              7.3
HIGHEST WIND SPEED/DIRECTION    32/200
HIGHEST GUST SPEED/DIRECTION    42/190



-  INDICATES NEGATIVE NUMBERS.
R  INDICATES RECORD WAS SET OR TIED.
MM INDICATES DATA IS MISSING.
T  INDICATES TRACE AMOUNT.

&&

NO RECORDS WERE ESTABLISHED IN DOWNTOWN CHARLESTON DURING THE MONTH.

$$
