000
CXUS56 KSGX 011744
CLMCZZ


CLIMATE REPORT
NATIONAL WEATHER SERVICE SAN DIEGO, CA
1044 AM PDT SUN MAY 1 2016

...................................

...THE CAMPO ASOS CA CLIMATE SUMMARY FOR THE MONTH OF APRIL 2016...

CLIMATE NORMAL PERIOD 1981 TO 2010
CLIMATE RECORD PERIOD 1948 TO 2016

WEATHER         OBSERVED          NORMAL  DEPART  LAST YEAR`S
                 VALUE   DATE(S)  VALUE   FROM    VALUE  DATE(S)
                                          NORMAL
................................................................
TEMPERATURE (F)
RECORD
 HIGH              99   04/07/1989
 LOW               20   04/09/1953
HIGHEST            84   04/19        72      12       89  04/30
                                                          04/29
LOWEST             31   04/27        37      -6       31  04/10
                        04/26                             04/09
                        04/01                             04/05
AVG. MAXIMUM     71.1              72.4    -1.3     72.3
AVG. MINIMUM     39.3              37.8     1.5     38.1
MEAN             55.2              55.1     0.1     55.2
DAYS MAX >= 90      0               1.0    -1.0        0
DAYS MAX <= 32      0               0.0     0.0        0
DAYS MAX >= 100     0                                  0
DAYS MIN <= 32      3               4.6    -1.6        4
DAYS MIN <= 0       0               0.0     0.0        0

PRECIPITATION (INCHES)
RECORD
 MAXIMUM         6.03   1965
 MINIMUM         0.00   2000
TOTALS           1.71              0.96    0.75     0.27
DAILY AVG.       0.06              0.03    0.03     0.01
DAYS >= .01         6               4.5     1.5        3
DAYS >= .10         4               2.5     1.5        1
DAYS >= .50         1               0.6     0.4        0
DAYS >= 1.00        1               0.1     0.9        0
DAYS >= 1.50        0                                  0
DAYS >= 2.00        0                                  0
GREATEST
 24 HR. TOTAL    1.20   04/10 TO 04/11           04/25 TO 04/25
                                                          04/24 TO 04/25
                                                          04/25 TO 04/25
 STORM TOTAL       MM                                 MM
 (MM/DD(HH))            MM                    04/25(00) TO 04/25(00)
                                                 04/25(00) TO 04/25(00)5
                                                 04/25(00) TO 04/25(00)5

DEGREE_DAYS
HEATING TOTAL     287               300     -13      288
 SINCE 7/1       2557              2768    -211     2219
COOLING TOTAL       0                 3      -3        5
 SINCE 1/1          0                 3      -3        5

FREEZE DATES
RECORD
 EARLIEST     08/25/1978
 LATEST       06/23/1991
EARLIEST                        10/16
LATEST                          05/19
......................................................

WIND (MPH)
AVERAGE WIND SPEED              8.0
RESULTANT WIND SPEED/DIRECTION   2/241
HIGHEST WIND SPEED/DIRECTION    33/230    DATE  04/25
HIGHEST GUST SPEED/DIRECTION    41/230    DATE  04/25

AVERAGE RH (PERCENT)     60


-  INDICATES NEGATIVE NUMBERS.
R  INDICATES RECORD WAS SET OR TIED.
MM INDICATES DATA IS MISSING.
T  INDICATES TRACE AMOUNT.

$$
