000
CXUS56 KSGX 011727
CLMCZZ


CLIMATE REPORT
NATIONAL WEATHER SERVICE SAN DIEGO, CA
1026 AM PDT SUN OCT 1 2017

...................................

...THE CAMPO ASOS CA CLIMATE SUMMARY FOR THE MONTH OF SEPTEMBER 2017...

CLIMATE NORMAL PERIOD 1981 TO 2010
CLIMATE RECORD PERIOD 1948 TO 2017

WEATHER         OBSERVED          NORMAL  DEPART  LAST YEAR`S
                 VALUE   DATE(S)  VALUE   FROM    VALUE  DATE(S)
                                          NORMAL
................................................................
TEMPERATURE (F)
RECORD
 HIGH             107   09/02/1982
                        09/01/1950
 LOW               29   09/18/1973
                        09/28/1971
                        09/19/1955
HIGHEST           100   09/01        89      11       96  09/18
LOWEST             38   09/24        49     -11       36  09/05
                        09/23
AVG. MAXIMUM     83.6              89.6    -6.0     84.1
AVG. MINIMUM     50.3              48.7     1.6     49.9
MEAN             67.0              69.1    -2.1     67.0
DAYS MAX >= 90      8              17.6    -9.6        8
DAYS MAX <= 32      0               0.0     0.0        0
DAYS MAX >= 100     1                                  0
DAYS MIN <= 32      0               0.1    -0.1        0
DAYS MIN <= 0       0               0.0     0.0        0

PRECIPITATION (INCHES)
RECORD
 MAXIMUM         2.85   1976
 MINIMUM         0.00   2009
                        2008
                        1994
TOTALS           0.21              0.34   -0.13     1.01
DAILY AVG.       0.01              0.01    0.00     0.03
DAYS >= .01         1               2.1    -1.1        3
DAYS >= .10         1               0.9     0.1        1
DAYS >= .50         0               0.2    -0.2        1
DAYS >= 1.00        0               0.0     0.0        0
DAYS >= 1.50        0                                  0
DAYS >= 2.00        0                                  0
GREATEST
 24 HR. TOTAL    0.21   09/09 TO 09/09           09/20 TO 09/21
                                                          09/30 TO 09/30
                                                          09/30 TO 09/30
 STORM TOTAL       MM                                 MM
 (MM/DD(HH))            MM                    09/21(00) TO 09/21(00)
                                                 09/30(00) TO 09/30(00)0
                                                 09/30(00) TO 09/30(00)0

DEGREE_DAYS
HEATING TOTAL      70                36      34       37
 SINCE 7/1         74                50      24       37
COOLING TOTAL     136               161     -25      103
 SINCE 1/1       1013               811     202      923

FREEZE DATES
RECORD
 EARLIEST     08/25/1978
 LATEST       06/23/1991
EARLIEST                        10/16
LATEST                          05/19
.................................................

WIND (MPH)
AVERAGE WIND SPEED              8.0
RESULTANT WIND SPEED/DIRECTION   1/114
HIGHEST WIND SPEED/DIRECTION    31/060    DATE  09/02
HIGHEST GUST SPEED/DIRECTION    37/080    DATE  09/03

AVERAGE RH (PERCENT)     56


-  INDICATES NEGATIVE NUMBERS.
R  INDICATES RECORD WAS SET OR TIED.
MM INDICATES DATA IS MISSING.
T  INDICATES TRACE AMOUNT.

$$
