000
CXUS53 KUNR 011618
CLMD07


CLIMATE REPORT
NATIONAL WEATHER SERVICE RAPID CITY SD
1017 AM MDT MON AUG 1 2016

...................................

...THE FAITH SD CLIMATE SUMMARY FOR THE MONTH OF JULY 2016...

CLIMATE NORMAL PERIOD 1981 TO 2010
CLIMATE RECORD PERIOD 9999 TO 9999

WEATHER         OBSERVED          NORMAL  DEPART  LAST YEAR`S
                 VALUE   DATE(S)  VALUE   FROM    VALUE  DATE(S)
                                          NORMAL
................................................................
TEMPERATURE (F)
HIGHEST           107   07/20                         99  07/23
LOWEST             52   07/15                         52  07/09
                        07/01
AVG. MAXIMUM     88.3              85.8     2.5     87.1
AVG. MINIMUM     59.4              59.3     0.1     59.0
MEAN             73.8              72.5     1.3     73.1
DAYS MAX >= 90     13                                 15
DAYS MAX <= 32      0                                  0
DAYS MIN <= 32      0                                  0
DAYS MIN <= 0       0                                  0

PRECIPITATION (INCHES)
TOTALS           1.85              2.80   -0.95     0.58
DAILY AVG.       0.06              0.09   -0.03     0.02
DAYS >= .01        11                                  5
DAYS >= .10         4                                  2
DAYS >= .50         1                                  0
DAYS >= 1.00        1                                  0
GREATEST
 24 HR. TOTAL    1.07   07/28 TO 07/28              0.25
                        07/27 TO 07/28
                        07/28 TO 07/28

DEGREE_DAYS
HEATING TOTAL       3                12      -9        0
 SINCE 7/1          3                12      -9        0
COOLING TOTAL     282               245      37      257
 SINCE 1/1        459               345     114      354
.................................................................

WIND (MPH)
AVERAGE WIND SPEED              13.2
HIGHEST WIND SPEED/DIRECTION    49/290    DATE  07/16
HIGHEST GUST SPEED/DIRECTION    64/290    DATE  07/16

AVERAGE RH (PERCENT)     57


-  INDICATES NEGATIVE NUMBERS.
R  INDICATES RECORD WAS SET OR TIED.
MM INDICATES DATA IS MISSING.
T  INDICATES TRACE AMOUNT.

$$
