000
CXUS51 KRNK 010958
CLMDAN


CLIMATE REPORT
NATIONAL WEATHER SERVICE BLACKSBURG VA
550 AM EDT MON AUG 1 2016

...................................

...THE DANVILLE VA CLIMATE SUMMARY FOR THE MONTH OF JULY 2016...

CLIMATE NORMAL PERIOD 1981 TO 2010
CLIMATE RECORD PERIOD 1948 TO 2016

WEATHER         OBSERVED          NORMAL  DEPART  LAST YEAR`S
                 VALUE   DATE(S)  VALUE   FROM    VALUE
                                          NORMAL
.............................................................
TEMPERATURE (F)
RECORD
 HIGH             105   07/10/1990
                        07/14/1954
 LOW               50   07/22/1974
                        07/11/1963
                        07/27/1962
HIGHEST            97   07/26                         93
LOWEST             64   07/10                         65
AVG. MAXIMUM     89.7              88.0     1.7     87.7
AVG. MINIMUM     69.0              68.6     0.4     69.4
MEAN             79.4              78.3     1.1     78.5
DAYS MAX >= 90     18              11.5     6.5        7
DAYS MAX <= 32      0               0.0     0.0        0
DAYS MIN <= 32      0               0.0     0.0        0
DAYS MIN <= 0       0               0.0     0.0        0

PRECIPITATION (INCHES)
RECORD
 MAXIMUM        11.50   2013
 MINIMUM         0.70   1957
TOTALS           4.07              4.59   -0.52     7.24
DAILY AVG.       0.13              0.15   -0.02     0.23
DAYS >= .01        14              10.8     3.2       13
DAYS >= .10         8               7.4     0.6       10
DAYS >= .50         3               3.4    -0.4        5
DAYS >= 1.00        0               1.2    -1.2        2
GREATEST
 24 HR. TOTAL    1.16                               2.19

SNOWFALL (INCHES)
TOTALS            0.0                                0.0
DAYS >= TRACE       0                                  0
DAYS >= 1.0         0                                  0
GREATEST
 24 HR TOTAL      0.0                                0.0

DEGREE_DAYS
HEATING TOTAL       0                 0       0        0
COOLING TOTAL     452               412      40      425
..............................................................

WIND (MPH)
AVERAGE WIND SPEED              4.0
HIGHEST WIND SPEED/DIRECTION    38/330    DATE  07/27
HIGHEST GUST SPEED/DIRECTION    53/350    DATE  07/08

SKY COVER
AVERAGE SKY COVER           0.20

AVERAGE RH (PERCENT)     76

WEATHER CONDITIONS. NUMBER OF DAYS WITH
THUNDERSTORM             18     MIXED PRECIP               0
HEAVY RAIN                8     RAIN                      11
LIGHT RAIN               16     FREEZING RAIN              0
LT FREEZING RAIN          0     HAIL                       0
HEAVY SNOW                0     SNOW                       0
LIGHT SNOW                0     SLEET                      0
FOG                      18     FOG W/VIS <= 1/4 MILE      2
HAZE                      0

-  INDICATES NEGATIVE NUMBERS.
R  INDICATES RECORD WAS SET OR TIED.
MM INDICATES DATA IS MISSING.
T  INDICATES TRACE AMOUNT.

$$

PW
