000
CXUS56 KOTX 011236
CLMDEW


CLIMATE REPORT
NATIONAL WEATHER SERVICE SPOKANE, WA
435 AM PST THU DEC 1 2016

...................................

...THE DEER_PARK WA AIRPORT CLIMATE SUMMARY FOR THE MONTH OF NOVEMBER 2016...

CLIMATE NORMAL PERIOD 1981 TO 2010
CLIMATE RECORD PERIOD 9999 TO 9999

WEATHER         OBSERVED          NORMAL  DEPART  LAST YEAR`S
                 VALUE   DATE(S)  VALUE   FROM    VALUE  DATE(S)
                                          NORMAL
................................................................
TEMPERATURE (F)
RECORD
 HIGH              MM   MM
 LOW               MM   MM
HIGHEST            64   11/08        MM      MM       55  11/07
LOWEST             23   11/16        MM      MM        9  11/28
AVG. MAXIMUM     49.3              41.6     7.7     41.7
AVG. MINIMUM     33.8              26.1     7.7     24.7
MEAN             41.6              33.9     7.7     33.2
DAYS MAX >= 90      0               0.0     0.0        0
DAYS MAX <= 32      0               3.5    -3.5        2
DAYS MIN <= 32     12              22.4   -10.4       22
DAYS MIN <= 0       0               0.2    -0.2        0

PRECIPITATION (INCHES)
RECORD
 MAXIMUM           MM   MM
 MINIMUM           MM   MM
TOTALS           2.27              3.33   -1.06     1.83
DAILY AVG.       0.08              0.11   -0.03     0.06
DAYS >= .01        16                MM      MM       13
DAYS >= .10        10                MM      MM        6
DAYS >= .50         0                MM      MM        0
DAYS >= 1.00        0                MM      MM        0
GREATEST
 24 HR. TOTAL    0.41   10/31 TO 11/01           11/07 TO 11/08
                                                          11/08 TO 11/08
                                                          11/08 TO 11/08

SNOWFALL (INCHES)
RECORDS
 TOTAL             MM   MM
TOTALS             MM                MM      MM       MM
SINCE 7/1         0.0                MM      MM       MM
SNOWDEPTH AVG.     MM                MM      MM       MM
DAYS >= 1.0        MM                MM      MM       MM
GREATEST
 SNOW DEPTH        MM                                 MM  MM
 24 HR TOTAL       MM                                 MM

DEGREE_DAYS
HEATING TOTAL     695               935    -240      915
 SINCE 7/1       1641              2003    -362     1671
COOLING TOTAL       0                 0       0        0
 SINCE 1/1        212               187      25      391
.........................................................

WIND (MPH)
AVERAGE WIND SPEED              5.1
HIGHEST WIND SPEED/DIRECTION    24/150    DATE  11/25
HIGHEST GUST SPEED/DIRECTION    34/140    DATE  11/25

SKY COVER
POSSIBLE SUNSHINE (PERCENT)   MM
AVERAGE SKY COVER           0.60
NUMBER OF DAYS FAIR           10
NUMBER OF DAYS PC              6
NUMBER OF DAYS CLOUDY         14

AVERAGE RH (PERCENT)     80

WEATHER CONDITIONS. NUMBER OF DAYS WITH
THUNDERSTORM              0     MIXED PRECIP               0
HEAVY RAIN                1     RAIN                       5
LIGHT RAIN               14     FREEZING RAIN              0
LT FREEZING RAIN          0     HAIL                       0
HEAVY SNOW                0     SNOW                       1
LIGHT SNOW                5     SLEET                      0
FOG                      22     FOG W/VIS <= 1/4 MILE      9
HAZE                      1

-  INDICATES NEGATIVE NUMBERS.
R  INDICATES RECORD WAS SET OR TIED.
MM INDICATES DATA IS MISSING.
T  INDICATES TRACE AMOUNT.

$$
