000
CXUS54 KAMA 011532
CLMDHT


CLIMATE REPORT
NATIONAL WEATHER SERVICE AMARILLO TX
932 AM CST WED MAR 1 2017

...................................

...THE DALHART CLIMATE SUMMARY FOR THE MONTH OF FEBRUARY 2017...

CLIMATE NORMAL PERIOD 1981 TO 2010
CLIMATE RECORD PERIOD 1948 TO 2017

WEATHER         OBSERVED          NORMAL  DEPART  LAST YEAR`S
                 VALUE   DATE(S)  VALUE   FROM    VALUE  DATE(S)
                                          NORMAL
................................................................
TEMPERATURE (F)
RECORD
 HIGH              89   02/10/2017
 LOW              -19   02/01/1951
HIGHEST            89R  02/10                         85  02/18
LOWEST             11   02/25                         12  02/04
AVG. MAXIMUM     64.9              53.0    11.9     62.3
AVG. MINIMUM     27.1              22.6     4.5     27.0
MEAN             46.0              37.8     8.2     44.7
DAYS MAX >= 90      0               0.0     0.0        0
DAYS MAX <= 32      0               2.1    -2.1        0
DAYS MIN <= 32     21              24.5    -3.5       23
DAYS MIN <= 0       0               0.5    -0.5        0

PRECIPITATION (INCHES)
TOTALS           0.05              0.40   -0.35     0.14
DAILY AVG.       0.00              0.01   -0.01     0.00
DAYS >= .01         1               3.0    -2.0        2
DAYS >= .10         0               1.2    -1.2        1
DAYS >= .50         0               0.2    -0.2        0
DAYS >= 1.00        0               0.0     0.0        0
GREATEST
 24 HR. TOTAL    0.05   02/13 TO 02/13

SNOWFALL (INCHES)
TOTALS              T               3.0    -3.0      0.7
SINCE 7/1         1.3              13.5   -12.2      6.7
DAYS >= TRACE       1               2.0    -1.0
DAYS >= 1.0         0               0.8    -0.8        0
GREATEST
 SNOW DEPTH         0   MM
 24 HR TOTAL        T   02/14 TO 02/14

DEGREE_DAYS
HEATING TOTAL     527               761    -234      581
 SINCE 7/1       2817              3643    -826     2945
COOLING TOTAL       0                 0       0        0
 SINCE 1/1          0                 0       0        0
.................................................................

WIND (MPH)
AVERAGE WIND SPEED              12.1
HIGHEST WIND SPEED/DIRECTION    43/230    DATE  02/28
HIGHEST GUST SPEED/DIRECTION    57/220    DATE  02/28

SKY COVER
POSSIBLE SUNSHINE (PERCENT)   MM
NUMBER OF DAYS FAIR           25
NUMBER OF DAYS PC              2
NUMBER OF DAYS CLOUDY          1

AVERAGE RH (PERCENT)     47

WEATHER CONDITIONS. NUMBER OF DAYS WITH
THUNDERSTORM              0     MIXED PRECIP               0
HEAVY RAIN                0     RAIN                       0
LIGHT RAIN                3     FREEZING RAIN              0
LT FREEZING RAIN          1     HEAVY SNOW                 0
SNOW                      0     LIGHT SNOW                 1
SLEET                     0     FOG                        1
FOG W/VIS <= 1/4 MILE     0     HAZE                       5

-  INDICATES NEGATIVE NUMBERS.
R  INDICATES RECORD WAS SET OR TIED.
MM INDICATES DATA IS MISSING.
T  INDICATES TRACE AMOUNT.

$$
