000
CXUS54 KEWX 011910
CLMDRT

SATCLMDRT 000
TTAA00 KEWX 011854


CLIMATE REPORT
NATIONAL WEATHER SERVICE AUSTIN/SAN ANTONIO, TX
201 PM CDT SUN MAY 1 2016

...................................

...THE DEL RIO CLIMATE SUMMARY FOR THE MONTH OF APRIL 2016...

CLIMATE NORMAL PERIOD 1981 TO 2010
CLIMATE RECORD PERIOD 1906 TO 2016

WEATHER         OBSERVED          NORMAL  DEPART  LAST YEAR`S
                 VALUE   DATE(S)  VALUE   FROM    VALUE  DATE(S)
                                          NORMAL
................................................................
TEMPERATURE (F)
HIGHEST            92   04/11                         96  04/26
LOWEST             42   04/03                         46  04/29
AVG. MAXIMUM     83.3              83.6    -0.3     81.8
AVG. MINIMUM     60.3              59.6     0.7     61.6
MEAN             71.8              71.6     0.2     71.7
DAYS MAX >= 90      5                                  5
DAYS MAX <= 32      0                                  0
DAYS MIN <= 32      0                                  0
DAYS MIN <= 0       0                                  0

PRECIPITATION (INCHES)
TOTALS           4.16              1.65    2.51     1.71
DAILY AVG.       0.14              0.05    0.09     0.06
DAYS >= .01         9                                 10
DAYS >= .10         7                                  7
DAYS >= .50         2                                  0
DAYS >= 1.00        1                                  0
GREATEST
 24 HR. TOTAL    2.45   04/17 TO 04/18

SNOWFALL (INCHES)
TOTALS            0.0               0.0     0.0      0.0
SINCE 7/1           T               1.2    -1.2      0.0

DEGREE_DAYS
HEATING TOTAL      14                25     -11       10
 SINCE 7/1       1049              1375    -326     1475
COOLING TOTAL     223               223       0      220
 SINCE 1/1        355               329      26      306
.................................................................

WIND (MPH)
AVERAGE WIND SPEED              8.8
HIGHEST WIND SPEED/DIRECTION    26/210    DATE  04/23
HIGHEST GUST SPEED/DIRECTION    38/120    DATE  04/15

SKY COVER
POSSIBLE SUNSHINE (PERCENT)   MM
AVERAGE SKY COVER           0.40
NUMBER OF DAYS FAIR           12
NUMBER OF DAYS PC             14
NUMBER OF DAYS CLOUDY          4

AVERAGE RH (PERCENT)     65

WEATHER CONDITIONS. NUMBER OF DAYS WITH
THUNDERSTORM              0     MIXED PRECIP               0
HEAVY RAIN                5     RAIN                       4
LIGHT RAIN               10     FREEZING RAIN              0
LT FREEZING RAIN          0     HAIL                       0
HEAVY SNOW                0     SNOW                       0
LIGHT SNOW                0     SLEET                      0
FOG                      15     FOG W/VIS <= 1/4 MILE      0
HAZE                      8

-  INDICATES NEGATIVE NUMBERS.
R  INDICATES RECORD WAS SET OR TIED.
MM INDICATES DATA IS MISSING.
T  INDICATES TRACE AMOUNT.

&&

MONTHLY CLIMATE SUMMARY:
APRIL 2016 WAS THE 41ST WARMEST AND 9TH WETTEST APRIL
SINCE RECORDS BEGAN

SEA LEVEL PRESSURE DATA:
HIGHEST SLP 30.35 ON THE 2ND
LOWEST  SLP 29.47 ON THE 26TH


PRELIMINARY LOCAL CLIMATOLOGICAL DATA (WS FORM: F-6)

                                          STATION:   DEL RIO
                                          MONTH:     APRIL
                                          YEAR:      2016
                                          LATITUDE:   29 22 N
                                          LONGITUDE: 100 55 W

  TEMPERATURE IN F:       :PCPN:    SNOW:  WIND      :SUNSHINE: SKY     :PK WND
================================================================================
1   2   3   4   5  6A  6B    7    8   9   10  11  12  13   14  15   16   17  18
                                     12Z  AVG MX 2MIN
DY MAX MIN AVG DEP HDD CDD  WTR  SNW DPTH SPD SPD DIR MIN PSBL S-S WX    SPD DR
================================================================================

 1  72  49  61  -7   4   0 0.11  0.0    0  8.6 18 360   M    M   6        26 360
 2  72  45  59  -9   6   0 0.00  0.0    0  4.3 14 320   M    M   0        18 340
 3  80  42  61  -8   4   0 0.00  0.0    0  5.1 16 130   M    M   0        20 140
 4  87  49  68  -1   0   3 0.00  0.0    0  7.8 13 140   M    M   0        17 100
 5  86  55  71   2   0   6 0.00  0.0    0 11.0 22 150   M    M   0        28 150
 6  84  58  71   2   0   6 0.00  0.0    0  7.9 22 320   M    M   0        27 300
 7  85  48  67  -3   0   2 0.00  0.0    0  7.4 20 160   M    M   0        24 170
 8  81  65  73   3   0   8 0.00  0.0    0 12.8 21 130   M    M   0        30 100
 9  80  60  70   0   0   5 0.00  0.0    0 12.5 21 150   M    M   8 1      29 140
10  86  64  75   5   0  10 0.16  0.0    0 13.3 22 160   M    M   6 18     33 130
11  92  66  79   9   0  14 0.00  0.0    0  5.8 14 330   M    M   3 1      17 130
12  77  61  69  -2   0   4 0.95  0.0    0  6.9 16 360   M    M   8 18     20  10
13  82  60  71   0   0   6 0.00  0.0    0  8.0 15 300   M    M   4        21 320
14  83  60  72   1   0   7 0.00  0.0    0  8.9 16 150   M    M   2 1      20 130
15  83  62  73   1   0   8 0.00  0.0    0 14.7 26 120   M    M   5        38 120
16  86  68  77   5   0  12 0.00  0.0    0 16.4 25 120   M    M   6        33 100
17  83  59  71  -1   0   6 0.49  0.0    0  9.9 25 360   M    M   7 1      34 350
18  71  63  67  -5   0   2 2.04  0.0    0  7.9 23  60   M    M   9 1      31  80
19  75  65  70  -2   0   5 0.00  0.0    0  6.5 14 130   M    M   9        18 140
20  81  67  74   1   0   9 0.00  0.0    0  8.0 15 120   M    M   6 1      18 110
21  84  65  75   2   0  10 0.00  0.0    0  7.9 17 120   M    M   4 1      24  20
22  85  67  76   3   0  11 0.00  0.0    0  6.0 13 160   M    M   5        16 160
23  84  61  73   0   0   8 0.24  0.0    0  8.9 26 210   M    M   4 18     37 210
24  82  63  73  -1   0   8    T  0.0    0  9.5 15 130   M    M   3 8      26 140
25  90  67  79   5   0  14 0.00  0.0    0  7.1 14 100   M    M   4 1      20 110
26  88  72  80   6   0  15 0.00  0.0    0 11.1 18 120   M    M   5 18     24 110
27  90  58  74   0   0   9 0.00  0.0    0  5.6 15 120   M    M   1 18     20  20
28  88  58  73  -2   0   8 0.01  0.0    0 11.5 22 140   M    M   5 18     29 110
29  90  73  82   7   0  17 0.01  0.0    0  8.4 18 130   M    M   6 18     26 120
30  91  58  75   0   0  10 0.15  0.0    0  5.6 18 230   M    M   1        20 230
================================================================================
SM 2498 1808        14 223  4.16     0.0 265.3          M      117
================================================================================
AV 83.3 60.3                               8.8 FASTST   M    M   4    MAX(MPH)
                                 MISC ---->  # 26 120               # 38  120
================================================================================
NOTES:
# LAST OF SEVERAL OCCURRENCES

COLUMN 17 PEAK WIND IN M.P.H.

SYMBOLS USED IN COLUMN 16
1 = FOG OR MIST
2 = FOG REDUCING VISIBILITY
3 = THUNDER
4 = ICE PELLETS
5 = HAIL
6 = FREEZING RAIN OR DRIZZLE
7 = DUSTSTORM OR SANDSTORM:
8 = SMOKE OR HAZE
9 = BLOWING SNOW
X = TORNADO


$$
