000
CXUS52 KAKQ 030233
CLMECG


CLIMATE REPORT
NATIONAL WEATHER SERVICE WAKEFIELD, VA
1031 PM EDT TUE JUN 2 2015

...................................

...THE ELIZABETH CITY NC CLIMATE SUMMARY FOR THE MONTH OF MAY 2015...

CLIMATE NORMAL PERIOD 1981 TO 2010
CLIMATE RECORD PERIOD 1934 TO 2015

WEATHER         OBSERVED          NORMAL  DEPART  LAST YEAR`S
                 VALUE   DATE(S)  VALUE   FROM    VALUE  DATE(S)
                                          NORMAL
................................................................
TEMPERATURE (F)
RECORD
 HIGH             101   05/23/1941
 LOW               32   05/10/1997
HIGHEST            88   05/19        80       8       92  05/28
                        05/18
LOWEST             46   05/02        54      -8       47  05/19
AVG. MAXIMUM     78.4              76.8     1.6     79.4
AVG. MINIMUM     60.1              56.7     3.4     60.2
MEAN             69.2              66.8     2.4     69.8
DAYS MAX >= 90      0               0.7    -0.7        3
DAYS MAX <= 32      0               0.0     0.0        0
DAYS MIN <= 32      0               0.0     0.0        0
DAYS MIN <= 0       0               0.0     0.0        0

PRECIPITATION (INCHES)
RECORD
 MAXIMUM           MM   MM
 MINIMUM           MM   MM
TOTALS           3.42              3.61   -0.19     2.33
DAILY AVG.       0.11              0.12   -0.01     0.08
DAYS >= .01         7              11.5    -4.5        6
DAYS >= .10         5               6.5    -1.5        2
DAYS >= .50         2               2.8    -0.8        1
DAYS >= 1.00        1               1.1    -0.1        1
GREATEST
 24 HR. TOTAL    1.80   05/18 TO 05/18
                        05/17 TO 05/18
                        05/18 TO 05/18

DEGREE_DAYS
HEATING TOTAL      29                68     -39       23
 SINCE 7/1       3235              3229       6     3334
COOLING TOTAL     170               122      48      180
 SINCE 1/1        205               164      41      209
.................................................................

WIND (MPH)
AVERAGE WIND SPEED              9.1
HIGHEST WIND SPEED/DIRECTION    32/020    DATE  05/01
HIGHEST GUST SPEED/DIRECTION    44/030    DATE  05/01

SKY COVER
POSSIBLE SUNSHINE (PERCENT)   MM
AVERAGE SKY COVER           0.20

AVERAGE RH (PERCENT)     73

WEATHER CONDITIONS. NUMBER OF DAYS WITH
THUNDERSTORM              5     MIXED PRECIP               0
HEAVY RAIN                4     RAIN                       3
LIGHT RAIN                7     FREEZING RAIN              0
LT FREEZING RAIN          0     HAIL                       0
HEAVY SNOW                0     SNOW                       0
LIGHT SNOW                0     SLEET                      0
FOG                      11     FOG W/VIS <= 1/4 MILE      2
HAZE                      2

-  INDICATES NEGATIVE NUMBERS.
R  INDICATES RECORD WAS SET OR TIED.
MM INDICATES DATA IS MISSING.
T  INDICATES TRACE AMOUNT.

$$
