000
CXUS51 KRLX 011357
CLMEKN


CLIMATE REPORT
NATIONAL WEATHER SERVICE CHARLESTON WV
956 AM EDT TUE AUG 1 2017

...................................

...THE ELKINS WV CLIMATE SUMMARY FOR THE MONTH OF JULY 2017...

CLIMATE NORMAL PERIOD 1981 TO 2010
CLIMATE RECORD PERIOD 1899 TO 2017

WEATHER         OBSERVED          NORMAL  DEPART  LAST YEAR`S
                 VALUE   DATE(S)  VALUE   FROM    VALUE  DATE(S)
                                          NORMAL
................................................................
TEMPERATURE (F)
RECORD
 HIGH              99   07/16/1988
 LOW               32   07/01/1988
HIGHEST            87   07/19                MM       92  07/25
LOWEST             52   07/10                MM       53  07/21
AVG. MAXIMUM     81.5              81.0     0.5     83.6
AVG. MINIMUM     60.7              59.0     1.7     62.4
MEAN             71.1              70.0     1.1     73.0
DAYS MAX >= 90      0               1.1    -1.1        3
DAYS MAX <= 32      0               0.0     0.0
DAYS MIN <= 32      0               0.0     0.0        0
DAYS MIN <= 0       0               0.0     0.0        0

PRECIPITATION (INCHES)
RECORD
 MAXIMUM        12.02   1996
 MINIMUM         0.23   2013
TOTALS           6.51              5.36    1.15     4.33
DAILY AVG.       0.21              0.17    0.04     0.14
DAYS >= .01        17              14.4     2.6       17
DAYS >= .10        14               9.1     4.9       10
DAYS >= .50         5               3.6     1.4        4
DAYS >= 1.00        2               1.3     0.7        0
GREATEST
 24 HR. TOTAL    1.41   07/28 TO 07/28           07/13 TO 07/13
                                                          07/31 TO 07/31
                                                          07/31 TO 07/31
 STORM TOTAL       MM                                 MM
 (MM/DD(HH))            MM                    07/13(00) TO 07/13(00)
                                                 07/31(00) TO 07/31(00)1
                                                 07/31(00) TO 07/31(00)1

SNOWFALL (INCHES)
RECORDS
 TOTAL             MM   MM
TOTALS            0.0               0.0     0.0      0.0
SINCE 7/1         0.0               0.0     0.0      0.0
SNOWDEPTH AVG.      0                MM      MM        0
DAYS >= 1.0         0               0.0     0.0        0
GREATEST
 SNOW DEPTH         0   MM                             0
 24 HR TOTAL      0.0   07/31 TO 07/31           07/31 TO 07/31
                                                          07/31 TO 07/31
                                                          07/31 TO 07/31

DEGREE_DAYS
HEATING TOTAL       3                12      -9        0
 SINCE 7/1          3                12      -9        0
COOLING TOTAL     203               166      37      255
 SINCE 1/1        353               281      72      405
..................................................

WIND (MPH)
AVERAGE WIND SPEED              3.3
HIGHEST WIND SPEED/DIRECTION    31/290    DATE  07/07
HIGHEST GUST SPEED/DIRECTION    39/280    DATE  07/07

SKY COVER
AVERAGE SKY COVER           0.50

AVERAGE RH (PERCENT)     74

WEATHER CONDITIONS. NUMBER OF DAYS WITH
THUNDERSTORM              0     MIXED PRECIP               0
HEAVY RAIN                9     RAIN                      12
LIGHT RAIN               17     FREEZING RAIN              0
LT FREEZING RAIN          0     HAIL                       0
HEAVY SNOW                0     SNOW                       0
LIGHT SNOW                0     SLEET                      0
FOG                      31     FOG W/VIS <= 1/4 MILE      9
HAZE                      8

-  INDICATES NEGATIVE NUMBERS.
R  INDICATES RECORD WAS SET OR TIED.
MM INDICATES DATA IS MISSING.
T  INDICATES TRACE AMOUNT.

$$
