000
CXUS55 KLKN 011037
CLMEKO


CLIMATE REPORT
NATIONAL WEATHER SERVICE ELKO NV
329 AM PDT TUE AUG 1 2017

...................................

...THE ELKO AIRPORT NV CLIMATE SUMMARY FOR THE MONTH OF JULY 2017...

CLIMATE NORMAL PERIOD 1981 TO 2010
CLIMATE RECORD PERIOD 1888 TO 2017

WEATHER         OBSERVED          NORMAL  DEPART  LAST YEAR`S
                 VALUE   DATE(S)  VALUE   FROM    VALUE  DATE(S)
                                          NORMAL
................................................................
TEMPERATURE (F)
RECORD
 HIGH             107   07/04/1981
                        07/24/1890
 LOW               28   07/11/1890
HIGHEST           102   07/08        99       3      102  07/29
LOWEST             46   07/01        38       8       38  07/11
AVG. MAXIMUM     96.4              90.3     6.1     92.6
AVG. MINIMUM     55.5              50.1     5.4     51.3
MEAN             75.9              70.2     5.7     72.0
DAYS MAX >= 90     31              17.9    13.1       26
DAYS MAX <= 32      0               0.0     0.0        0
DAYS MIN <= 32      0               0.0     0.0        0
DAYS MIN <= 0       0               0.0     0.0        0

PRECIPITATION (INCHES)
RECORD
 MAXIMUM         2.35   1950
 MINIMUM         0.00   1963
                        1919
                        1903
TOTALS           0.02              0.37   -0.35     0.04
DAILY AVG.       0.00              0.01   -0.01     0.00
DAYS >= .01         1               3.4    -2.4        2
DAYS >= .10         0               0.9    -0.9        0
DAYS >= .50         0               0.2    -0.2        0
DAYS >= 1.00        0               0.0     0.0        0
GREATEST
 24 HR. TOTAL    0.02   07/25 TO 07/25              0.03

SNOWFALL (INCHES)
RECORDS
 TOTAL              T   1995
                        1990
                        1954
TOTALS            0.0               0.0     0.0      0.0
SINCE 7/1         0.0               0.0     0.0      0.0
SNOWDEPTH AVG.      0                                  0
DAYS >= TRACE       0               0.0     0.0        0
DAYS >= 1.0         0               0.0     0.0        0
DAYS >= 5.0         0                                  0
GREATEST
 SNOW DEPTH         0   MM                             0
 24 HR TOTAL      0.0   07/31 TO 07/31               0.0

DEGREE_DAYS
HEATING TOTAL       0                19     -19        9
 SINCE 7/1          0                19     -19        9
COOLING TOTAL     343               180     163      234
 SINCE 1/1        460               231     229      365
.................................................................

WIND (MPH)
AVERAGE WIND SPEED              5.5
HIGHEST WIND SPEED/DIRECTION    32/240    DATE  07/08
HIGHEST GUST SPEED/DIRECTION    47/230    DATE  07/08

AVERAGE RH (PERCENT)     32

WEATHER CONDITIONS. NUMBER OF DAYS WITH
THUNDERSTORM              0     MIXED PRECIP               0
HEAVY RAIN                0     RAIN                       0
LIGHT RAIN                6     FREEZING RAIN              0
LT FREEZING RAIN          0     HAIL                       0
HEAVY SNOW                0     SNOW                       0
LIGHT SNOW                0     SLEET                      0
FOG                       0     FOG W/VIS <= 1/4 MILE      0
HAZE                      4

-  INDICATES NEGATIVE NUMBERS.
R  INDICATES RECORD WAS SET OR TIED.
MM INDICATES DATA IS MISSING.
T  INDICATES TRACE AMOUNT.

&&

=====================================================================

...TIED 2ND WARMEST JULY ON RECORD IN ELKO...

$$

DS
