000
CXUS54 KEPZ 020148 CCA
CLMELP

CLIMATE REPORT
NATIONAL WEATHER SERVICE EL PASO, TX
343 AM MDT MON JUN 1 2015

...................................

...THE EL PASO CLIMATE SUMMARY FOR THE MONTH OF MAY 2015...

CLIMATE NORMAL PERIOD 1981 TO 2010
CLIMATE RECORD PERIOD 1879 TO 2015

WEATHER         OBSERVED          NORMAL  DEPART  LAST YEAR`S
                 VALUE   DATE(S)  VALUE   FROM    VALUE  DATE(S)
                                          NORMAL
................................................................
TEMPERATURE (F)
RECORD
 HIGH             105   05/23/2005
                        05/22/2005
 LOW               31   05/02/1967
HIGHEST            96   05/29        93       3      102  05/31
LOWEST             51   05/11        52      -1       45  05/02
AVG. MAXIMUM     85.6              87.8    -2.2     87.4
AVG. MINIMUM     59.5              60.0    -0.5     60.1
MEAN             72.6              73.9    -1.3     73.7
DAYS MAX >= 90      9              12.5    -3.5       16
DAYS MAX <= 32      0               0.0     0.0        0
DAYS MIN <= 32      0               0.0     0.0        0
DAYS MIN <= 0       0               0.0     0.0        0

PRECIPITATION (INCHES)
RECORD
 MAXIMUM         4.22
 MINIMUM         0.00
TOTALS           0.81              0.47    0.34     0.01
DAYS >= .01         5                                  1
DAYS >= .10         2                                  0
DAYS >= .50         1                                  0
DAYS >= 1.00        0                                  0
GREATEST
 24 HR. TOTAL    0.56   05/12 TO 05/13
 STORM TOTAL       MM
 (MM/DD(HH))            MM

DEGREE_DAYS
HEATING TOTAL       0                 9      -9       23
 SINCE 7/1       2064              2474    -410     2049
COOLING TOTAL     244               285     -41      301
 SINCE 1/1        371               377      -6      427

FREEZE DATES
RECORD
 EARLIEST     10/16/1880
 LATEST       05/02/1967
EARLIEST                        12/06
LATEST                          02/07
.................................................................

WIND (MPH)
AVERAGE WIND SPEED              10.0
HIGHEST WIND SPEED/DIRECTION    44/240    DATE  05/14
HIGHEST GUST SPEED/DIRECTION    51/230    DATE  05/14

SKY COVER
POSSIBLE SUNSHINE (PERCENT)   MM
AVERAGE SKY COVER           0.30
NUMBER OF DAYS FAIR           17
NUMBER OF DAYS PC             14
NUMBER OF DAYS CLOUDY          0

AVERAGE RH (PERCENT)     31

WEATHER CONDITIONS. NUMBER OF DAYS WITH
THUNDERSTORM              5     MIXED PRECIP               0
HEAVY RAIN                0     RAIN                       1
LIGHT RAIN                7     FREEZING RAIN              0
LT FREEZING RAIN          0     HAIL                       2
HEAVY SNOW                0     SNOW                       0
LIGHT SNOW                0     SLEET                      0
FOG                       1     FOG W/VIS <= 1/4 MILE      0
HAZE                      6

-  INDICATES NEGATIVE NUMBERS.
R  INDICATES RECORD WAS SET OR TIED.
MM INDICATES DATA IS MISSING.
T  INDICATES TRACE AMOUNT.

$$
