000
CXUS55 KLKN 030000
CLMELY


CLIMATE REPORT
NATIONAL WEATHER SERVICE ELKO NV
443 PM PDT TUE SEP 2 2014

...................................

...THE ELY AIRPORT NV CLIMATE SUMMARY FOR THE MONTH OF AUGUST 2014...

CLIMATE NORMAL PERIOD 1981 TO 2010
CLIMATE RECORD PERIOD 1893 TO 2014

WEATHER         OBSERVED          NORMAL  DEPART  LAST YEAR`S
                 VALUE   DATE(S)  VALUE   FROM    VALUE  DATE(S)
                                          NORMAL
................................................................
TEMPERATURE (F)
RECORD
 HIGH              97   08/09/1981
                        08/02/1977
 LOW               24   08/23/1960
HIGHEST            90   08/17        93      -3       91  08/30
                        08/02                             08/17
                                                          08/16
LOWEST             38   08/27        36       2       40  08/02
                        08/24
AVG. MAXIMUM     80.3              85.3    -5.0     86.3
AVG. MINIMUM     48.7              47.0     1.7     49.5
MEAN             64.5              66.1    -1.6     67.9
DAYS MAX >= 90      2               6.4    -4.4        8
DAYS MAX <= 32      0               0.0     0.0        0
DAYS MIN <= 32      0               0.3    -0.3        0
DAYS MIN <= 0       0               0.0     0.0        0

PRECIPITATION (INCHES)
RECORD
 MAXIMUM         3.00   1906
 MINIMUM         0.00   1911
TOTALS           2.48              0.90    1.58     0.79
DAILY AVG.       0.08              0.03    0.05     0.03
DAYS >= .01        11               5.9     5.1        8
DAYS >= .10         5               2.3     2.7        3
DAYS >= .50         3               0.5     2.5        0
DAYS >= 1.00        0               0.1    -0.1        0
GREATEST
 24 HR. TOTAL    0.73   08/03 TO 08/04              0.36

SNOWFALL (INCHES)
RECORDS
 TOTAL              T   1993
                        1992
                        1988
TOTALS            0.0               0.0     0.0      0.0
SINCE 7/1         0.0               0.0     0.0      0.0
SNOWDEPTH AVG.      0                                  0
DAYS >= TRACE       0               0.0     0.0        0
DAYS >= 1.0         0               0.0     0.0        0
DAYS >= 5.0         0                                  0
GREATEST
 SNOW DEPTH         0   MM                             0
 24 HR TOTAL      0.0   08/31 TO 08/31               0.0

DEGREE_DAYS
HEATING TOTAL      48                41       7        3
 SINCE 7/1         48                64     -16        8
COOLING TOTAL      41                77     -36      102
 SINCE 1/1        268               212      56      370
.................................................................

WIND (MPH)
AVERAGE WIND SPEED              8.8
HIGHEST WIND SPEED/DIRECTION    37/300    DATE  08/02
HIGHEST GUST SPEED/DIRECTION    53/320    DATE  08/02

AVERAGE RH (PERCENT)     52

WEATHER CONDITIONS. NUMBER OF DAYS WITH
THUNDERSTORM              0     MIXED PRECIP               0
HEAVY RAIN                3     RAIN                       5
LIGHT RAIN               10     FREEZING RAIN              0
LT FREEZING RAIN          0     HAIL                       0
HEAVY SNOW                0     SNOW                       0
LIGHT SNOW                0     SLEET                      0
FOG                       5     FOG W/VIS <= 1/4 MILE      0
HAZE                      0

-  INDICATES NEGATIVE NUMBERS.
R  INDICATES RECORD WAS SET OR TIED.
MM INDICATES DATA IS MISSING.
T  INDICATES TRACE AMOUNT.

&&

=================================================================

...23RD COOLEST AUGUST ON RECORD IN ELY...
...6TH WETTEST AUGUST ON RECORD IN ELY...

THE AVERAGE TEMPERATURE IN ELY DURING AUGUST 2014 WAS 64.5
DEGREES...WHICH IS 1.6 DEGREES BELOW THE 1981-2010 CLIMATOLOGICAL
NORMAL OF 66.1 DEGREES. THIS MAKES AUGUST 2014 THE 23RD COOLEST
ON RECORD. THE TOTAL PRECIPITATION WAS 2.48 INCHES...WHICH IS
1.58 INCHES OR 176 PERCENT ABOVE THE 1981-2010 CLIMATOLOGICAL
NORMAL OF 0.90 INCHES. THIS MAKES AUGUST 2014 THE 6TH WETTEST ON
RECORD.

A RECORD DAILY PRECIPITATION TOTAL OF 0.66 INCHES WAS SET AUGUST 19TH.
A RECORD DAILY PRECIPITATION TOTAL OF 0.56 INCHES WAS SET AUGUST 22ND.

$$

RCM
