000
CXUS53 KTOP 031527 CCA
CLMEMP

CLIMATE REPORT...CORRECTED NUMBER OF THUNDERSTORM DAYS
NATIONAL WEATHER SERVICE TOPEKA KS
1026 AM CDT FRI OCT 3 2014

...................................

...THE EMPORIA KS CLIMATE SUMMARY FOR THE MONTH OF SEPTEMBER 2014...

CLIMATE NORMAL PERIOD 1981 TO 2010
CLIMATE RECORD PERIOD 9999 TO 9999

WEATHER         OBSERVED          NORMAL  DEPART  LAST YEAR`S
                 VALUE   DATE(S)  VALUE   FROM    VALUE
                                          NORMAL
.............................................................
TEMPERATURE (F)
HIGHEST            93   09/04                         98
LOWEST             34R  09/13                         43
AVG. MAXIMUM     78.8              81.1    -2.3     83.6
AVG. MINIMUM     57.4              56.6     0.8     59.3
MEAN             68.1              68.8    -0.7     71.5
DAYS MAX >= 90      3               4.2    -1.2        9
DAYS MAX <= 32      0               0.0     0.0        0
DAYS MIN <= 32      0               0.0     0.0        0
DAYS MIN <= 0       0               0.0     0.0        0

PRECIPITATION (INCHES)
TOTALS           3.80              3.39    0.41     2.95
DAILY AVG.       0.13                               0.10
DAYS >= .01        11                                  6
DAYS >= .10         3                                  3
DAYS >= .50         2                                  1
DAYS >= 1.00        2                                  1
GREATEST
 24 HR. TOTAL    3.02   08/31 TO 09/01              1.95

DEGREE_DAYS
HEATING TOTAL      46                49      -3       16
 SINCE 7/1         48                50      -2       18
COOLING TOTAL     146               165     -19      216
 SINCE 1/1       1349              1373     -24     1345
..............................................................

WIND (MPH)
AVERAGE WIND SPEED              9.8
HIGHEST WIND SPEED/DIRECTION    44/290    DATE  09/01
HIGHEST GUST SPEED/DIRECTION    59/290    DATE  09/01

SKY COVER
POSSIBLE SUNSHINE (PERCENT)   MM
AVERAGE SKY COVER           0.30
NUMBER OF DAYS FAIR           18
NUMBER OF DAYS PC              9
NUMBER OF DAYS CLOUDY          3

AVERAGE RH (PERCENT)     74

WEATHER CONDITIONS. NUMBER OF DAYS WITH
THUNDERSTORM              7     MIXED PRECIP               0
HEAVY RAIN                3     RAIN                       2
LIGHT RAIN               13     FREEZING RAIN              0
LT FREEZING RAIN          0     HEAVY SNOW                 0
SNOW                      0     LIGHT SNOW                 0
FOG                      18     FOG W/VIS <= 1/4 MILE      3
HAZE                      2

-  INDICATES NEGATIVE NUMBERS.
R  INDICATES RECORD WAS SET OR TIED.
MM INDICATES DATA IS MISSING.
T  INDICATES TRACE AMOUNT.

$$
