000
CXUS53 KTOP 011417 CCA
CLMEMP

CLIMATE REPORT
NATIONAL WEATHER SERVICE TOPEKA KS...CORRECTION
912 AM CDT SUN OCT 1 2017

...................................

...THE EMPORIA KS CLIMATE SUMMARY FOR THE MONTH OF SEPTEMBER 2017...

CLIMATE NORMAL PERIOD 1981 TO 2010
CLIMATE RECORD PERIOD 9999 TO 9999

WEATHER         OBSERVED          NORMAL  DEPART  LAST YEAR`S
                 VALUE   DATE(S)  VALUE   FROM    VALUE
                                          NORMAL
.............................................................
TEMPERATURE (F)
HIGHEST            92   09/21                         93
                        09/14
LOWEST             46   09/06                         46
AVG. MAXIMUM     82.9              81.1     1.8     82.1
AVG. MINIMUM     59.2              56.6     2.6     60.7
MEAN             71.1              68.8     2.3     71.4
DAYS MAX >= 90      6               4.2     1.8        5
DAYS MAX <= 32      0               0.0     0.0        0
DAYS MIN <= 32      0               0.0     0.0        0
DAYS MIN <= 0       0               0.0     0.0        0

PRECIPITATION (INCHES)
TOTALS           2.67              3.39   -0.72     7.67
DAILY AVG.       0.09                               0.26
DAYS >= .01         6                                  7
DAYS >= .10         4                                  6
DAYS >= .50         2                                  6
DAYS >= 1.00        1                                  4
GREATEST
 24 HR. TOTAL    1.61   09/17 TO 09/17              2.30

DEGREE_DAYS
HEATING TOTAL      14                49     -35       22
 SINCE 7/1         14                50     -36       22
COOLING TOTAL     204               165      39      222
 SINCE 1/1       1294              1373     -79     1558
..............................................................

WIND (MPH)
AVERAGE WIND SPEED              8.7
HIGHEST WIND SPEED/DIRECTION    29/160    DATE  09/19
HIGHEST GUST SPEED/DIRECTION    39/170    DATE  09/19

SKY COVER
POSSIBLE SUNSHINE (PERCENT)   MM
AVERAGE SKY COVER           0.20
NUMBER OF DAYS FAIR           25
NUMBER OF DAYS PC              3
NUMBER OF DAYS CLOUDY          2

AVERAGE RH (PERCENT)     69

WEATHER CONDITIONS. NUMBER OF DAYS WITH
THUNDERSTORM              4     MIXED PRECIP               0
HEAVY RAIN                3     RAIN                       4
LIGHT RAIN                7     FREEZING RAIN              0
LT FREEZING RAIN          0     HEAVY SNOW                 0
SNOW                      0     LIGHT SNOW                 0
FOG                       9     FOG W/VIS <= 1/4 MILE      2
HAZE                      2

-  INDICATES NEGATIVE NUMBERS.
R  INDICATES RECORD WAS SET OR TIED.
MM INDICATES DATA IS MISSING.
T  INDICATES TRACE AMOUNT.

$$
