000
CXUS56 KPQR 011707
CLMEUG


CLIMATE REPORT
NATIONAL WEATHER SERVICE PORTLAND OREGON
907 AM PST THU FEB 1 2018

...................................

...THE EUGENE OR CLIMATE SUMMARY FOR THE MONTH OF JANUARY 2018...

CLIMATE NORMAL PERIOD 1981 TO 2010
CLIMATE RECORD PERIOD 1892 TO 2018

WEATHER         OBSERVED          NORMAL  DEPART  LAST YEAR`S
                 VALUE   DATE(S)  VALUE   FROM    VALUE  DATE(S)
                                          NORMAL
................................................................
TEMPERATURE (F)
HIGHEST            66                                 55  01/18
LOWEST             28                                 13  01/06
                                                          01/05
AVG. MAXIMUM     49.7              47.2     2.5     42.7
AVG. MINIMUM     36.9              34.2     2.7     29.4
MEAN             43.3              40.7     2.6     36.0
DAYS MAX >= 90      0               0.0     0.0        0
DAYS MAX <= 32      0               0.7    -0.7        3
DAYS MIN <= 32      5              11.9    -6.9       19
DAYS MIN <= 0       0               0.0     0.0        0

PRECIPITATION (INCHES)
RECORD
 MAXIMUM        15.36   1995
 MINIMUM         0.31   1985
TOTALS           4.85              6.87   -2.02     4.05
DAYS >= .01        24              17.9     6.1       15
DAYS >= .10        15              12.3     2.7        9
DAYS >= .50         1               4.9    -3.9        3
DAYS >= 1.00        0               1.6    -1.6        0
GREATEST
 24 HR. TOTAL    0.77   01/11 TO 01/11

DEGREE_DAYS
HEATING TOTAL     665               753     -88      890
 SINCE 7/1       2661              2710     -49     2594
COOLING TOTAL       0                 0       0        0
 SINCE 1/1          0                 0       0        0
.................................................................

WIND (MPH)
AVERAGE WIND SPEED              7.0
RESULTANT WIND SPEED/DIRECTION   4/187
HIGHEST WIND SPEED/DIRECTION    35/170    DATE  01/23
HIGHEST GUST SPEED/DIRECTION    42/170    DATE  01/23

SKY COVER
POSSIBLE SUNSHINE (PERCENT)   MM
AVERAGE SKY COVER           0.80
NUMBER OF DAYS FAIR            0
NUMBER OF DAYS PC              7
NUMBER OF DAYS CLOUDY         24

AVERAGE RH (PERCENT)     88

WEATHER CONDITIONS. NUMBER OF DAYS WITH
THUNDERSTORM              0     MIXED PRECIP               0
HEAVY RAIN                1     RAIN                       6
LIGHT RAIN               24     FREEZING RAIN              0
LT FREEZING RAIN          0     HAIL                       0
HEAVY SNOW                0     SNOW                       0
LIGHT SNOW                0     SLEET                      0
FOG                      26     FOG W/VIS <= 1/4 MILE     10
HAZE                      3

-  INDICATES NEGATIVE NUMBERS.
R  INDICATES RECORD WAS SET OR TIED.
MM INDICATES DATA IS MISSING.
T  INDICATES TRACE AMOUNT.

$$
