000
CXUS52 KKEY 011746
CLMEYW


CLIMATE REPORT
NATIONAL WEATHER SERVICE KEY WEST, FL
1246 PM EST FRI DEC 1 2017

...................................

...THE KEY WEST CLIMATE SUMMARY FOR THE MONTH OF NOVEMBER 2017...

CLIMATE NORMAL PERIOD 1981 TO 2010
CLIMATE RECORD PERIOD 1871 TO 2017

WEATHER         OBSERVED          NORMAL  DEPART  LAST YEAR`S
                 VALUE   DATE(S)  VALUE   FROM    VALUE  DATE(S)
                                          NORMAL
................................................................
TEMPERATURE (F)
RECORD
 HIGH              91   11/03/1876
 LOW               49   11/30/1959
HIGHEST            86   11/13                         84  11/10
                        11/12                             11/02
                                                          11/01
LOWEST             69   11/19                         65  11/21
AVG. MAXIMUM     81.6              79.9     1.7     80.8
AVG. MINIMUM     73.1              71.7     1.4     72.1
MEAN             77.4              75.8     1.6     76.5
DAYS MAX >= 90      0               0.0     0.0        0
DAYS MAX <= 32      0               0.0     0.0        0
DAYS MIN <= 32      0               0.0     0.0        0
DAYS MIN <= 0       0               0.0     0.0        0

PRECIPITATION (INCHES)
RECORD
 MAXIMUM        27.67   1980
 MINIMUM            T   1995
TOTALS           1.51              2.30   -0.79     0.11
DAILY AVG.       0.05              0.08   -0.03     0.00
DAYS >= .01         6               6.6    -0.6        3
DAYS >= .10         2               3.3    -1.3        0
DAYS >= .50         1               1.1    -0.1        0
DAYS >= 1.00        0               0.7    -0.7        0
GREATEST
 24 HR. TOTAL    0.98   11/23 TO 11/23

SNOWFALL (INCHES)
RECORDS
 TOTAL            0.0
TOTALS            0.0               0.0     0.0      0.0
SINCE 7/1         0.0               0.0     0.0      0.0
SNOWDEPTH AVG.      0               0.0     0.0        0
DAYS >= 1.0         0               0.0     0.0        0
GREATEST
 SNOW DEPTH         0                                  0
 24 HR TOTAL      0.0   11/30 TO 11/30

DEGREE_DAYS
HEATING TOTAL       0                 1      -1        0
 SINCE 7/1          0                 1      -1        0
COOLING TOTAL     378               325      53      352
 SINCE 1/1       5101              4533     568     4753
.................................................................

WIND (MPH)
AVERAGE WIND SPEED              8.9
HIGHEST WIND SPEED/DIRECTION    23/250    DATE  11/23
HIGHEST GUST SPEED/DIRECTION    30/070    DATE  11/12

SKY COVER
POSSIBLE SUNSHINE (PERCENT)   MM
AVERAGE SKY COVER           0.20
NUMBER OF DAYS FAIR           25
NUMBER OF DAYS PC              5
NUMBER OF DAYS CLOUDY          0

AVERAGE RH (PERCENT)     78

WEATHER CONDITIONS. NUMBER OF DAYS WITH
THUNDERSTORM              2     MIXED PRECIP               0
HEAVY RAIN                1     RAIN                       3
LIGHT RAIN               11     FREEZING RAIN              0
LT FREEZING RAIN          0     HAIL                       0
HEAVY SNOW                0     SNOW                       0
LIGHT SNOW                0     SLEET                      0
FOG                       3     FOG W/VIS <= 1/4 MILE      0
HAZE                      2

-  INDICATES NEGATIVE NUMBERS.
R  INDICATES RECORD WAS SET OR TIED.
MM INDICATES DATA IS MISSING.
T  INDICATES TRACE AMOUNT.

$$

NOVEMBER 2017 WAS ANOTHER WARMER THAN AVERAGE MONTH FOR KEY WEST.
THE MONTH ENDED WITH AN AVERAGE TEMPERATURE OF 77.4 DEGREES
FAHRENHEIT, OR 1.5 DEGREES ABOVE NORMAL. WHILE NOT WARM ENOUGH OF A
DEPARTURE TO EARN A TOP TEN RANKING, IT CONTINUED THE WARM TREND
FROM SEPTEMBER AND OCTOBER, AND HELPED LAND THE FALL SEASON
(SEPTEMBER-OCTOBER-NOVEMBER) IN THE TOP TEN WARMEST ON RECORD. FALL
2017 AVERAGED 80.9 DEGREES, RANKING AS THE 7TH WARMEST FOR KEY WEST.
THE WARMEST FALL ON RECORD IS 2007, WHEN THE AVERAGE TEMPERATURE FOR
THE 3-MONTH PERIOD WAS 82.2 DEGREES.

AFTER ONLY RECEIVING 1.51 INCHES OF RAINFALL AT KEY WEST, NOVEMBER
BROKE WITH THE PREVIOUS 2 MONTHS BY ENDING WITH A DEFICIT OF 0.79
INCHES COMPARED TO THE LONG-TERM AVERAGE. THIS WAS ANOTHER
MEASUREMENT THAT DID NOT LAND NEAR THE TOP TEN WETTEST OR DRIEST.
DURING FALL 2017 KEY WEST RECEIVED 16.60 INCHES OF RAINFALL, OR 2.66
INCHES ABOVE AVERAGE FOR SEPTEMBER THROUGH NOVEMBER, NEAR THE MIDDLE
OF THE PACK FOR WETTEST FALL PERIODS ON RECORD.

RAINFALL AND TEMPERATURE RECORDS IN KEY WEST DATE BACK TO 1871 AND
1872, RESPECTIVELY.

DAILY RECORDS SET/TIED AT KEY WEST, NOVEMBER 2017 AND 2017 TO-DATE

RECORD                       NOV 2017    JAN-NOV 2017
======                       ========    ============
MAXIMUM TEMPERATURE              0             4
COOL MAXIMUM TEMPERATURE         0             0
WARM MINIMUM TEMPERATURE         0            30
MINIMUM TEMPERATURE              0             1
RAINFALL                         1             2


ROSS
