000
CXAK59 PAFG 011401 CCA
CLMFAI


CLIMATE REPORT...CORRECTED
NATIONAL WEATHER SERVICE FAIRBANKS, AK
601 AM AKDT FRI JUL 1 2016

...................................

...THE FAIRBANKS CLIMATE SUMMARY FOR THE MONTH OF JUNE 2016...

CLIMATE NORMAL PERIOD 1981 TO 2010
CLIMATE RECORD PERIOD 1904 TO 2016

WEATHER         OBSERVED          NORMAL  DEPART  LAST YEAR`S
                 VALUE   DATE(S)  VALUE   FROM    VALUE  DATE(S)
                                          NORMAL
................................................................
TEMPERATURE (F)
RECORD
 HIGH              96   06/15/1969
 LOW               28   06/29/1918
HIGHEST            85   06/17        84       1       85  06/19
                                                          06/15
LOWEST             40   06/03        38       2       37  06/13
                                                          06/01
AVG. MAXIMUM     69.8              71.6    -1.8     70.6
AVG. MINIMUM     50.1              49.3     0.8     48.9
MEAN             60.0              60.4    -0.4     59.8
DAYS MAX >= 90      0               0.2    -0.2        0
DAYS MAX <= 32      0               0.0     0.0        0
DAYS MIN <= 32      0               0.1    -0.1        0
DAYS MIN <= 0       0               0.0     0.0        0

PRECIPITATION (INCHES)
RECORD
 MAXIMUM         3.56   2014
 MINIMUM         0.19   1966
TOTALS           3.29              1.37    1.92     1.03
DAILY AVG.       0.11              0.05    0.06     0.03
DAYS >= .01        18              10.9     7.1       10
DAYS >= .10         8               4.1     3.9        5
DAYS >= .50         1               0.4     0.6        0
DAYS >= 1.00        0               0.1    -0.1        0
GREATEST
 24 HR. TOTAL    1.41   06/11 TO 06/12           06/30 TO 06/30
                                                          06/30 TO 06/30
                                                          06/30 TO 06/30

SNOWFALL (INCHES)
RECORDS
 TOTAL            1.2   1931
 24 HR TOTAL      1.2   06/02/1931 TO 06/02/1931
 SNOW DEPTH         0
TOTALS            0.0               0.0     0.0      0.0
SINCE 7/1        60.0              65.0    -5.0     43.8
SNOWDEPTH AVG.      0               0.0     0.0        0
DAYS >= TRACE       0               0.0     0.0        0
DAYS >= 1.0         0               0.0     0.0        0
GREATEST
 SNOW DEPTH         0
 24 HR TOTAL      0.0   06/30 TO 06/30           06/30 TO 06/30
                                                          06/30 TO 06/30
                                                          06/30 TO 06/30

DEGREE_DAYS
HEATING TOTAL     161               160       1      181
 SINCE 7/1      11989             13669   -1680    12312
COOLING TOTAL      19                23      -4       31
 SINCE 1/1         25                24       1       33
.................................................

WIND (MPH)
AVERAGE WIND SPEED              4.8
HIGHEST WIND SPEED/DIRECTION    29/280    DATE  06/01
HIGHEST GUST SPEED/DIRECTION    37/270    DATE  06/01

SKY COVER
AVERAGE SKY COVER           0.70


WEATHER CONDITIONS. NUMBER OF DAYS WITH
THUNDERSTORM              3     MIXED PRECIP               0
HEAVY RAIN                0     RAIN                       4
LIGHT RAIN               18     FREEZING RAIN              0
LT FREEZING RAIN          0     HAIL                       0
HEAVY SNOW                0     SNOW                       0
LIGHT SNOW                0     SLEET                      0
FOG                      10     FOG W/VIS <= 1/4 MILE      0
HAZE                      2

-  INDICATES NEGATIVE NUMBERS.
R  INDICATES RECORD WAS SET OR TIED.
MM INDICATES DATA IS MISSING.
T  INDICATES TRACE AMOUNT.

$$
