000
CXUS53 KFGF 050010 CCA
CLMFAR

CLIMATE REPORT...CORRECTED
NATIONAL WEATHER SERVICE EASTERN NORTH DAKOTA/GRAND FORKS
945 AM CDT FRI APR 1 2016

...CORRECTED FOR TEMPERATURE RANKING...

...THE FARGO HECTOR INTL AP ND CLIMATE SUMMARY FOR THE MONTH OF MARCH 2016...

CLIMATE NORMAL PERIOD 1981 TO 2010
CLIMATE RECORD PERIOD 1881 TO 2016

WEATHER         OBSERVED          NORMAL  DEPART  LAST YEAR`S
                 VALUE   DATE(S)  VALUE   FROM    VALUE  DATE(S)
                                          NORMAL
................................................................
TEMPERATURE (F)
RECORD
 HIGH              80   03/23/1910
 LOW              -34   03/10/1948
HIGHEST            70   03/29        35      35       75  03/15
LOWEST              8   03/01        19     -11      -11  03/05
AVG. MAXIMUM     48.5              36.3    12.2     45.8
AVG. MINIMUM     28.1              19.4     8.7     21.3
MEAN             38.3              27.8    10.5     33.5
DAYS MAX >= 90      0               0.0     0.0        0
DAYS MAX <= 32      4              10.0    -6.0        5
DAYS MIN <= 32     23              26.7    -3.7       28
DAYS MIN <= 0       0               2.9    -2.9        4

PRECIPITATION (INCHES)
RECORD
 MAXIMUM         4.62   2009
 MINIMUM         0.03   1958
TOTALS           0.96              1.30   -0.34     0.30
DAILY AVG.       0.03              0.04   -0.01     0.01
DAYS >= .01         9               8.3     0.7        4
DAYS >= .10         2               3.4    -1.4        1
DAYS >= .50         0               0.7    -0.7        0
DAYS >= 1.00        0               0.0     0.0        0
GREATEST
 24 HR. TOTAL    0.43   03/30 TO 03/30           03/29 TO 03/29
                                                          03/29 TO 03/29
                                                          03/29 TO 03/29
 STORM TOTAL       MM                                 MM
 (MM/DD(HH))            MM                    03/29(00) TO 03/29(00)
                                                 03/29(00) TO 03/29(00)9
                                                 03/29(00) TO 03/29(00)9

SNOWFALL (INCHES)
RECORDS
 TOTAL           28.1   2009
TOTALS            2.5               9.1    -6.6      0.4
SINCE 7/1        26.8              47.1   -20.3     16.0
SNOWDEPTH AVG.      0                 6      -6        1
DAYS >= 1.0         1               2.4    -1.4        0
GREATEST
 SNOW DEPTH         1   03/26                          3  03/06
                                                          03/05
                                                          03/04
 24 HR TOTAL      1.6   MM
 STORM TOTAL       MM                                 MM
 (MM/DD(HH))            MM                    03/29(00) TO 03/29(00)
                                                 03/29(00) TO 03/29(00)9
                                                 03/29(00) TO 03/29(00)9

DEGREE_DAYS
HEATING TOTAL     820              1152    -332      967
 SINCE 7/1       6343              7830   -1487     7383
COOLING TOTAL       0                 0       0        0
 SINCE 1/1          0                 0       0        0
..........................................................

WIND (MPH)
AVERAGE WIND SPEED              10.9
HIGHEST WIND SPEED/DIRECTION    32/350    DATE  03/31
HIGHEST GUST SPEED/DIRECTION    42/360    DATE  03/31

SKY COVER
POSSIBLE SUNSHINE (PERCENT)   MM
AVERAGE SKY COVER           0.50
NUMBER OF DAYS FAIR            9
NUMBER OF DAYS PC             13
NUMBER OF DAYS CLOUDY          9

AVERAGE RH (PERCENT)     68

WEATHER CONDITIONS. NUMBER OF DAYS WITH
THUNDERSTORM              0     MIXED PRECIP               0
HEAVY RAIN                0     RAIN                       1
LIGHT RAIN                7     FREEZING RAIN              0
LT FREEZING RAIN          0     HAIL                       0
HEAVY SNOW                1     SNOW                       1
LIGHT SNOW                7     SLEET                      0
FOG                      16     FOG W/VIS <= 1/4 MILE      4
HAZE                      3

-  INDICATES NEGATIVE NUMBERS.
R  INDICATES RECORD WAS SET OR TIED.
MM INDICATES DATA IS MISSING.
T  INDICATES TRACE AMOUNT.



....A FEW HIGHLIGHTS....

MARCH WAS A WARM MONTH WITH AN AVERAGE TEMPERATURE OF 38.3 WHICH IS
THE THIRD WARMEST EVER. THE WARMEST MARCH EVER WAS 2012 WITH AN
AVERAGE TEMPERATURE OF 41.6 DEGREES.  2.5 INCHES OF SNOW
FELL....TIED FOR 19TH LEAST SNOWIEST.



$$
