000
CXUS56 KHNX 011732
CLMFAT


CLIMATE REPORT
NATIONAL WEATHER SERVICE SAN JOAQUIN VALLEY, CA
921 AM PST FRI DEC 1 2017

...................................

...THE FRESNO CA CLIMATE SUMMARY FOR THE MONTH OF NOVEMBER 2017...

CLIMATE NORMAL PERIOD 1981 TO 2010
CLIMATE RECORD PERIOD 1887 TO 2017

WEATHER         OBSERVED          NORMAL  DEPART  LAST YEAR`S
                 VALUE   DATE(S)  VALUE   FROM    VALUE  DATE(S)
                                          NORMAL
................................................................
TEMPERATURE (F)
RECORD
 HIGH              90   11/05/2010
 LOW               26   11/29/1975
HIGHEST            81   11/26        MM      MM       84  11/11
LOWEST             39   11/30        MM      MM       36  11/25
                        11/28
AVG. MAXIMUM     68.3              65.1     3.2     68.8
AVG. MINIMUM     47.6              43.4     4.2     46.3
MEAN             58.0              54.3     3.7     57.6
DAYS MAX >= 90      0               0.0     0.0        0
DAYS MIN <= 32      0               0.8    -0.8        0

PRECIPITATION (INCHES)
RECORD
 MAXIMUM         7.92   1885
TOTALS           0.28              1.07   -0.79     1.38
DAYS >= .01         4               5.5    -1.5        4
DAYS >= .10         1               2.7    -1.7        4
DAYS >= .50         0               0.7    -0.7        1
DAYS >= 1.00        0               0.1    -0.1        0
GREATEST
 24 HR. TOTAL    0.21   11/17 TO 11/17

SNOWFALL (INCHES)
RECORDS
 TOTAL              T   1955
TOTALS            0.0               0.0

DEGREE_DAYS
HEATING TOTAL     209               325    -116      226
 SINCE 7/1        258               388    -130      251
COOLING TOTAL       4                 2       2       10
 SINCE 1/1       2490              2124     366     2342
.................................................................

WIND (MPH)
AVERAGE WIND SPEED              4.1
HIGHEST WIND SPEED/DIRECTION    23/290    DATE  11/27
HIGHEST GUST SPEED/DIRECTION    29/300    DATE  11/27

AVERAGE RH (PERCENT)     67

WEATHER CONDITIONS. NUMBER OF DAYS WITH
THUNDERSTORM              0     RAIN                       1
HAIL                      0     FOG                       21
FOG W/VIS <= 1/4 MILE     2     HAZE                      20

-  INDICATES NEGATIVE NUMBERS.
R  INDICATES RECORD WAS SET OR TIED.
MM INDICATES DATA IS MISSING.
T  INDICATES TRACE AMOUNT.

$$
