000
CXUS52 KRAH 011343
CLMFAY


CLIMATE REPORT
NATIONAL WEATHER SERVICE RALEIGH NC
940 AM EDT WED JUL 1 2015

...................................

...THE FAYETTEVILLE REGL AIRPORT NC CLIMATE SUMMARY FOR THE MONTH OF JUNE 2015...

CLIMATE NORMAL PERIOD 1981 TO 2010
CLIMATE RECORD PERIOD 1910 TO 2015

WEATHER         OBSERVED          NORMAL  DEPART  LAST YEAR`S
                 VALUE   DATE(S)  VALUE   FROM    VALUE
                                          NORMAL
.............................................................
TEMPERATURE (F)
RECORD
 HIGH             106   06/29/2012
 LOW               40   06/07/1929
HIGHEST           102   06/16                         98
LOWEST             63   06/08                         52
AVG. MAXIMUM     91.4              88.6     2.8     91.7
AVG. MINIMUM     70.7              67.8     2.9     68.2
MEAN             81.0              78.2     2.8     80.0
DAYS MAX >= 90     20                                 18
DAYS MAX <= 32      0                                  0
DAYS MIN <= 32      0                                  0
DAYS MIN <= 0       0                                  0

PRECIPITATION (INCHES)
RECORD
 MAXIMUM        15.94   1995
TOTALS           9.14              4.35    4.79     2.69
DAYS >= .01        10
DAYS >= .10         9
DAYS >= .50         4
DAYS >= 1.00        4
GREATEST
 24 HR. TOTAL    4.06   06/08 TO 06/09
                        06/09 TO 06/09
                        06/09 TO 06/10

DEGREE_DAYS
COOLING TOTAL     489               396      93      457
 SINCE 1/1        819               680     139      823
..............................................................

WIND (MPH)
AVERAGE WIND SPEED              7.2
HIGHEST WIND SPEED/DIRECTION    43/320    DATE  06/19
HIGHEST GUST SPEED/DIRECTION    54/330    DATE  06/19

SKY COVER
POSSIBLE SUNSHINE (PERCENT)   MM
AVERAGE SKY COVER           0.30
NUMBER OF DAYS FAIR           21
NUMBER OF DAYS PC              5
NUMBER OF DAYS CLOUDY          3

AVERAGE RH (PERCENT)     70

WEATHER CONDITIONS. NUMBER OF DAYS WITH
THUNDERSTORM             12     MIXED PRECIP               0
HEAVY RAIN                5     RAIN                       8
LIGHT RAIN               10     FREEZING RAIN              0
LT FREEZING RAIN          0     HAIL                       0
HEAVY SNOW                0     SNOW                       0
LIGHT SNOW                0     SLEET                      0
FOG                      14     FOG W/VIS <= 1/4 MILE      0
HAZE                      1

-  INDICATES NEGATIVE NUMBERS.
R  INDICATES RECORD WAS SET OR TIED.
MM INDICATES DATA IS MISSING.
T  INDICATES TRACE AMOUNT.

&&

A RECORD RAINFALL OF 4.06 INCHES WAS SET AT FAYETTEVILLE REGIONAL
AIRPORT ON JUNE 9TH. THIS BREAKS THE OLD RECORD OF 2.02 SET IN 1957.

THE MINIMUM TEMPERATURE AT THE FAYETTEVILLE REGIONAL AIRPORT ON JUNE
14TH WAS 75 DEGREES. THIS BREAKS THE PREVIOUS RECORD HIGH MINIMUM
TEMPERATURE OF 74 DEGREES SET IN 2005.

A RECORD HIGH TEMPERATURE OF 101 DEGREES WAS SET AT FAYETTEVILLE
REGIONAL AIRPORT ON JUNE 15TH. THIS BREAKS THE OLD RECORD OF 98
DEGREES SET IN 1981.

THE MINIMUM TEMPERATURE AT THE FAYETTEVILLE REGIONAL AIRPORT ON JUNE
16TH WAS 77 DEGREES. THIS TIED THE PREVIOUS RECORD HIGH MINIMUM
TEMPERATURE SET IN 1998.

A RECORD HIGH TEMPERATURE OF 102 DEGREES WAS SET AT FAYETTEVILLE
REGIONAL AIRPORT ON JUNE 16TH. THIS BREAKS THE OLD RECORD OF 100
DEGREES SET IN 1981.

THE MINIMUM TEMPERATURE AT THE FAYETTEVILLE REGIONAL AIRPORT ON JUNE
17TH WAS 78 DEGREES. THIS BREAKS THE PREVIOUS RECORD HIGH MINIMUM
TEMPERATURE OF 77 DEGREES SET IN 1945.

A RECORD RAINFALL OF 1.13 INCHES WAS SET AT FAYETTEVILLE REGIONAL
AIRPORT ON JUNE 19TH. THIS BREAKS THE OLD RECORD OF 1.08 SET IN 1911.

$$
