000
CXUS52 KRAH 011308
CLMFAY


CLIMATE REPORT
NATIONAL WEATHER SERVICE RALEIGH NC
907 AM EDT SAT APR 1 2017

...................................

...THE FAYETTEVILLE REGL AIRPORT NC CLIMATE SUMMARY FOR THE MONTH OF MARCH 2017...

CLIMATE NORMAL PERIOD 1981 TO 2010
CLIMATE RECORD PERIOD 1910 TO 2017

WEATHER         OBSERVED          NORMAL  DEPART  LAST YEAR`S
                 VALUE   DATE(S)  VALUE   FROM    VALUE
                                          NORMAL
.............................................................
TEMPERATURE (F)
RECORD
 HIGH              91   03/17/1945
 LOW               14   03/03/1980
HIGHEST            87   03/21                         88
LOWEST             25   03/17                         30
AVG. MAXIMUM     67.6              66.4     1.2     72.6
AVG. MINIMUM     41.7              42.2    -0.5     48.6
MEAN             54.6              54.3     0.3     60.6
DAYS MAX >= 90      0                                  0
DAYS MAX <= 32      0                                  0
DAYS MIN <= 32     10                                  1
DAYS MIN <= 0       0                                  0

PRECIPITATION (INCHES)
RECORD
 MAXIMUM         8.90   1983
TOTALS           2.68              3.55   -0.87     1.01
DAYS >= .01        12
DAYS >= .10         6
DAYS >= .50         3
DAYS >= 1.00        0
GREATEST
 24 HR. TOTAL    0.90   03/31 TO 03/31

DEGREE_DAYS
HEATING TOTAL     349               344       5      190
 SINCE 7/1       1971              2569    -598     2003
COOLING TOTAL      36                12      24       62
 SINCE 1/1         51                16      35       62
..............................................................

WIND (MPH)
AVERAGE WIND SPEED              9.2
HIGHEST WIND SPEED/DIRECTION    29/220    DATE  03/31
HIGHEST GUST SPEED/DIRECTION    39/200    DATE  03/31

SKY COVER
POSSIBLE SUNSHINE (PERCENT)    0
AVERAGE SKY COVER           0.30
NUMBER OF DAYS FAIR           19
NUMBER OF DAYS PC             10
NUMBER OF DAYS CLOUDY          2

AVERAGE RH (PERCENT)     55

WEATHER CONDITIONS. NUMBER OF DAYS WITH
THUNDERSTORM              7     MIXED PRECIP               0
HEAVY RAIN                2     RAIN                       3
LIGHT RAIN                9     FREEZING RAIN              0
LT FREEZING RAIN          0     HAIL                       0
HEAVY SNOW                0     SNOW                       0
LIGHT SNOW                1     SLEET                      0
FOG                       9     FOG W/VIS <= 1/4 MILE      1
HAZE                      3

-  INDICATES NEGATIVE NUMBERS.
R  INDICATES RECORD WAS SET OR TIED.
MM INDICATES DATA IS MISSING.
T  INDICATES TRACE AMOUNT.

$$
