000
CXUS53 KFGF 011000
CLMFGF

CLIMATE REPORT
NATIONAL WEATHER SERVICE EASTERN NORTH DAKOTA/GRAND FORKS
500 AM CDT SAT JUL 1 2017

...................................

...THE GRAND FORKS UNIV. (NWS) CLIMATE SUMMARY FOR THE MONTH OF JUNE 2017...

CLIMATE NORMAL PERIOD 1981 TO 2010
CLIMATE RECORD PERIOD 1893 TO 2017

WEATHER         OBSERVED          NORMAL  DEPART  LAST YEAR`S
                 VALUE   DATE(S)  VALUE   FROM    VALUE
                                          NORMAL
.............................................................
TEMPERATURE (F)
RECORD
 HIGH             105   06/18/1933
 LOW               28   06/01/1917
                        06/03/1910
                        06/02/1910
HIGHEST            93   06/02        78      15
LOWEST             42   06/26        54     -12
                        06/25
AVG. MAXIMUM     77.2              76.6     0.6
AVG. MINIMUM     55.4              53.9     1.5
MEAN             66.3              65.3     1.0
DAYS MAX >= 90      1               1.7    -0.7
DAYS MAX <= 32      0               0.0     0.0
DAYS MIN <= 32      0               0.0     0.0
DAYS MIN <= 0       0               0.0     0.0

PRECIPITATION (INCHES)
RECORD
 MAXIMUM         9.52   1925
 MINIMUM         0.49   1903
TOTALS           5.64              3.74    1.90
DAILY AVG.       0.19              0.12    0.07
DAYS >= .01        13              11.0     2.0
DAYS >= .10         6               6.5    -0.5
DAYS >= .50         2               2.4    -0.4
DAYS >= 1.00        1               0.7     0.3
GREATEST
 24 HR. TOTAL    3.34   06/28 TO 06/28              1.45
 STORM TOTAL       MM                                 MM
 (MM/DD(HH))            MM

SNOWFALL (INCHES)
RECORDS
 TOTAL            0.5   1905
TOTALS            0.0               0.0     0.0
 LIQUID EQUIV    0.00              0.00    0.00
SINCE 7/1        49.7              43.4     6.3
 LIQUID 7/1      4.97
DAYS >= TRACE       0               0.0     0.0
DAYS >= 1.0         0               0.0     0.0
GREATEST
 SNOW DEPTH         0   MM

DEGREE_DAYS
HEATING TOTAL      45                83     -38
 SINCE 7/1       8107              9208   -1101
COOLING TOTAL      93                91       2
 SINCE 1/1         93               117     -24
..............................................................

SKY COVER
POSSIBLE SUNSHINE (PERCENT)   MM
AVERAGE SKY COVER             MM
NUMBER OF DAYS FAIR            0
NUMBER OF DAYS PC              0
NUMBER OF DAYS CLOUDY          0


WEATHER CONDITIONS. NUMBER OF DAYS WITH
THUNDERSTORM              0     MIXED PRECIP               0
HEAVY RAIN                3     RAIN                       4
LIGHT RAIN               10     FREEZING RAIN              0
LT FREEZING RAIN          0     HAIL                       0
HEAVY SNOW                0     SNOW                       0
LIGHT SNOW                0     SLEET                      0
FOG                       1     FOG W/VIS <= 1/4 MILE      0
HAZE                      1

-  INDICATES NEGATIVE NUMBERS.
R  INDICATES RECORD WAS SET OR TIED.
MM INDICATES DATA IS MISSING.
T  INDICATES TRACE AMOUNT.

&&

REMARKS...

THE MONTH OF JUNE WAS SLIGHTLY ABOVE NORMAL WITH RESPECT TO
TEMPERATURES. THE AVERAGE TEMPERATURE FOR JUNE WAS 66.3 DEGREES
WHICH IS 1.0 DEGREE ABOVE NORMAL.

PRECIPITATION FOR JUNE WAS SLIGHTLY ABOVE NORMAL.  THE TOTAL
RAINFALL WAS 5.64 INCHES WHICH IS 1.90 INCHES ABOVE NORMAL.

A RECORD LOW MAXIMUM TEMPERATURE WAS SET ON JUNE 24TH. A RECORD
DAILY MAXIMUM RAINFALL WAS SET ON JUNE 28TH.

REMEMBER...THIS DATA IS PROVISIONAL AND SUBJECT TO CHANGE. THE FINAL
AND OFFICIAL RECORDS WILL BE AVAILABLE FROM THE NATIONAL CENTERS FOR
ENVIRONMENTAL INFORMATION (FORMERLY THE NATIONAL CLIMATE DATA
CENTER).

$$
