000
CXUS55 KFGZ 011530
CLMFLG
CLIMATE REPORT
NATIONAL WEATHER SERVICE FLAGSTAFF AZ
830 AM MST MON APR 01 2024
...................................
...THE FLAGSTAFF AZ AIRPORT CLIMATE SUMMARY FOR THE MONTH OF MARCH 2024...
CLIMATE NORMAL PERIOD 1991 TO 2020
CLIMATE RECORD PERIOD 1898 TO 2024
WEATHER OBSERVED NORMAL DEPART LAST YEAR`S
VALUE DATE(S) VALUE FROM VALUE DATE(S)
NORMAL
................................................................
TEMPERATURE (F)
RECORD
HIGH 73 03/17/2007
03/26/1988
03/31/1966
LOW -16 03/04/1966
HIGHEST 58 03/21 52 03/13
LOWEST 18 03/09 5 03/04
03/17
03/27
AVG. MAXIMUM 47.6 52.2 -4.6 43.4
AVG. MINIMUM 26.6 23.8 2.8 21.8
MEAN 37.1 38.0 -0.9 32.6
DAYS MAX >= 90 0 0.0 0.0 MM
DAYS MAX <= 32 0 0.6 -0.6 MM
DAYS MIN <= 32 28 29.3 -1.3 28
DAYS MIN <= 0 0 0.1 -0.1 0
PRECIPITATION (INCHES)
RECORD
MAXIMUM 7.27 2023
MINIMUM T 1972
TOTALS 3.14 1.88 1.26 7.27
DAILY AVG. 0.10 0.06 0.04 0.23
DAYS >= .01 11 6.8 4.2 14
DAYS >= .10 7 4.3 2.7 10
DAYS >= .50 4 1.1 2.9 4
DAYS >= 1.00 0 0.4 -0.4 3
GREATEST
24 HR. TOTAL 0.86 03/14 TO 03/15 2.56
SNOWFALL (INCHES)
RECORDS
TOTAL 79.4 1991
TOTALS 30.2 15.6 43.7
SINCE 7/1 103.1 84.0 19.1 162.6
SNOWDEPTH AVG. MM MM
GREATEST
SNOW DEPTH 7 03/15 42 03/02
24 HR TOTAL 9.6 03/15 TO 03/15 24.0
DEGREE DAYS
HEATING TOTAL 856 837 19 995
SINCE 7/1 5154 5535 -381 MM
COOLING TOTAL 0 0 0 0
SINCE 1/1 0 0 0 MM
................................................................
WIND (MPH)
AVERAGE WIND SPEED 9.1
HIGHEST WIND SPEED/DIRECTION 40/220 DATE 03/02
HIGHEST GUST SPEED/DIRECTION 59/220 DATE 03/02
SKY COVER
POSSIBLE SUNSHINE (PERCENT) MM
AVERAGE SKY COVER 0.41
NUMBER OF DAYS FAIR 16
NUMBER OF DAYS PC 8
NUMBER OF DAYS CLOUDY 7
AVERAGE RH (PERCENT) 63
WEATHER CONDITIONS. NUMBER OF DAYS WITH
THUNDERSTORM 4 MIXED PRECIP 0
HEAVY RAIN 0 RAIN 0
LIGHT RAIN 2 FREEZING RAIN 0
LT FREEZING RAIN 0 HAIL 0
HEAVY SNOW 4 SNOW 6
LIGHT SNOW 13 SLEET 0
FOG 13 FOG W/VIS <= 1/4 MILE 4
HAZE 6
- INDICATES NEGATIVE NUMBERS.
R INDICATES RECORD WAS SET OR TIED.
MM INDICATES DATA IS MISSING.
T INDICATES TRACE AMOUNT.
$$