000
CXUS52 KTBW 011223
CLMFMY


CLIMATE REPORT
NATIONAL WEATHER SERVICE TAMPA BAY FL
719 AM EST SUN FEB 1 2015

...................................

...THE FORT MYERS CLIMATE SUMMARY FOR THE MONTH OF JANUARY 2015...

CLIMATE NORMAL PERIOD 1981 TO 2010
CLIMATE RECORD PERIOD 1902 TO 2015

WEATHER         OBSERVED          NORMAL  DEPART  LAST YEAR`S
                 VALUE   DATE(S)  VALUE   FROM    VALUE  DATE(S)
                                          NORMAL
................................................................
TEMPERATURE (F)
RECORD
 HIGH              90   01/20/2003
 LOW               27   01/26/1905
HIGHEST            86   01/03        MM      MM       83  01/13
                                                          01/11
LOWEST             46   01/29        MM      MM       37  01/19
                        01/25
                        01/08
AVG. MAXIMUM     75.9              74.7     1.2     72.5
AVG. MINIMUM     56.5              53.7     2.8     53.5
MEAN             66.2              64.2     2.0     63.0
DAYS MAX >= 90      0               0.0     0.0        0
DAYS MAX <= 32      0               0.0     0.0        0
DAYS MIN <= 32      0               0.2    -0.2        0
DAYS MIN <= 0       0               0.0     0.0        0

PRECIPITATION (INCHES)
RECORD
 MAXIMUM        40.36   2010
 MINIMUM         0.00   1950
TOTALS           0.57              1.94   -1.37     2.16
DAILY AVG.       0.02              0.06   -0.04     0.07
DAYS >= .01         6               5.5     0.5        9
DAYS >= .10         1               3.0    -2.0        3
DAYS >= .50         0               1.3    -1.3        1
DAYS >= 1.00        0               0.5    -0.5        1
GREATEST
 24 HR. TOTAL    0.37   01/12 TO 01/13

DEGREE_DAYS
HEATING TOTAL      55               108     -53      138
 SINCE 7/1        144               201     -57      151
COOLING TOTAL     100                83      17       83
 SINCE 1/1        100                92       8       83
.................................................................

WIND (MPH)
AVERAGE WIND SPEED              7.6
HIGHEST WIND SPEED/DIRECTION    28/310    DATE  01/26
HIGHEST GUST SPEED/DIRECTION    37/290    DATE  01/26

SKY COVER
POSSIBLE SUNSHINE (PERCENT)   MM
AVERAGE SKY COVER           0.30
NUMBER OF DAYS FAIR           21
NUMBER OF DAYS PC              8
NUMBER OF DAYS CLOUDY          2

AVERAGE RH (PERCENT)     73

WEATHER CONDITIONS. NUMBER OF DAYS WITH
THUNDERSTORM              0     MIXED PRECIP               0
HEAVY RAIN                1     RAIN                       1
LIGHT RAIN                9     FREEZING RAIN              0
LT FREEZING RAIN          0     HAIL                       0
HEAVY SNOW                0     SNOW                       0
LIGHT SNOW                0     SLEET                      0
FOG                      12     FOG W/VIS <= 1/4 MILE      1
HAZE                      2

-  INDICATES NEGATIVE NUMBERS.
R  INDICATES RECORD WAS SET OR TIED.
MM INDICATES DATA IS MISSING.
T  INDICATES TRACE AMOUNT.

$$
