000
CXUS52 KTBW 011524
CLMFMY


CLIMATE REPORT
NATIONAL WEATHER SERVICE TAMPA BAY FL
1125 AM EDT MON JUN 1 2015

...................................

...THE FORT MYERS CLIMATE SUMMARY FOR THE MONTH OF MAY 2015...

CLIMATE NORMAL PERIOD 1981 TO 2010
CLIMATE RECORD PERIOD 1902 TO 2015

WEATHER         OBSERVED          NORMAL  DEPART  LAST YEAR`S
                 VALUE   DATE(S)  VALUE   FROM    VALUE  DATE(S)
                                          NORMAL
................................................................
TEMPERATURE (F)
ALL-TIME MAY RECORD
 HIGH              99   05/26/1989
                        05/26/1953
 LOW               50   05/06/1945

MAY 2015
HIGHEST            95   05/25        MM      MM       95  05/24
                        05/22
                        05/15
LOWEST             61   05/01        MM      MM       61  05/17
                                                          05/05
AVG. MAXIMUM     91.2              89.4     1.8     90.5
AVG. MINIMUM     69.1              68.7     0.4     68.8
MEAN             80.2              79.0     1.2     79.6
DAYS MAX >= 90     25              13.5    11.5       23
DAYS MAX <= 32      0               0.0     0.0        0
DAYS MIN <= 32      0               0.0     0.0        0
DAYS MIN <= 0       0               0.0     0.0        0

PRECIPITATION (INCHES)
ALL-TIME MAY RECORD
 MAXIMUM        10.32   1968
 MINIMUM         0.20   2001

MAY 2015
TOTALS           2.17              2.65   -0.48     3.78
DAILY AVG.       0.07              0.09   -0.02     0.12
DAYS >= .01        13               6.8     6.2        9
DAYS >= .10         6               4.1     1.9        7
DAYS >= .50         2               1.8     0.2        3
DAYS >= 1.00        0               0.6    -0.6        2
GREATEST
 24 HR. TOTAL    0.71   05/31 TO 05/31

DEGREE_DAYS
HEATING TOTAL       0                 0       0        0
 SINCE 7/1        231               287     -56      178
COOLING TOTAL     479               436      43      464
 SINCE 1/1       1354              1066     288     1191
.................................................................

WIND (MPH)
AVERAGE WIND SPEED              7.2
HIGHEST WIND SPEED/DIRECTION    37/250    DATE  05/10
HIGHEST GUST SPEED/DIRECTION    54/260    DATE  05/10

SKY COVER (DOES NOT INCLUDE ANY CLOUDS ABOVE 12000 FEET)
POSSIBLE SUNSHINE (PERCENT)   MM
AVERAGE SKY COVER           0.20
NUMBER OF DAYS FAIR           30
NUMBER OF DAYS PC              1
NUMBER OF DAYS CLOUDY          0

AVERAGE RH (PERCENT)     67

WEATHER CONDITIONS. NUMBER OF DAYS WITH
THUNDERSTORM             16     MIXED PRECIP               0
HEAVY RAIN                6     RAIN                       7
LIGHT RAIN               15     FREEZING RAIN              0
LT FREEZING RAIN          0     HAIL                       0
HEAVY SNOW                0     SNOW                       0
LIGHT SNOW                0     SLEET                      0
FOG                       6     FOG W/VIS <= 1/4 MILE      0
HAZE                      3
 .................................................................

REMARKS
THE MAY 2015 AVERAGE MONTHLY TEMPERATURE OF 80.2 DEGREES TIES
WITH 1905 AS THE 11TH WARMEST MAY SINCE RECORDS BEGAN IN 1902.
THE WARMEST MAY OCCURRED IN 1995 WHEN THE AVERAGE TEMPERATURE WAS
82.0 DEGREES.

THE MAY 2015 MONTHLY RAINFALL TOTAL OF 2.17 INCHES RANKS AS THE
31ST DRIEST SINCE RECORDS BEGAN IN 1902.


-  INDICATES NEGATIVE NUMBERS.
R  INDICATES RECORD WAS SET OR TIED.
MM INDICATES DATA IS MISSING.
T  INDICATES TRACE AMOUNT.

$$
