000
CXUS56 KSGX 011442
CLMFUL


CLIMATE REPORT
NATIONAL WEATHER SERVICE SAN DIEGO, CA
642 AM PST SUN FEB 1 2015

...................................

...THE FULLERTON AIRPORT CA CLIMATE SUMMARY FOR THE MONTH OF JANUARY 2015...

CLIMATE NORMAL PERIOD 1981 TO 2010
CLIMATE RECORD PERIOD 1998 TO 2015

WEATHER         OBSERVED          NORMAL  DEPART  LAST YEAR`S
                 VALUE   DATE(S)  VALUE   FROM    VALUE  DATE(S)
                                          NORMAL
................................................................
TEMPERATURE (F)
RECORD
 HIGH              94   01/31/2003
 LOW               28   01/14/2007
HIGHEST            88   01/06        69      19       90  01/15
LOWEST             36   01/01        45      -9       42  01/01
AVG. MAXIMUM     73.9              67.8     6.1     75.6
AVG. MINIMUM     49.4              44.6     4.8     48.2
MEAN             61.6              56.2     5.4     61.9
DAYS MAX >= 90      0               0.1    -0.1        1
DAYS MAX <= 32      0               0.0     0.0        0
DAYS MAX >= 100     0                                  0
DAYS MIN <= 32      0               0.3    -0.3        0

PRECIPITATION (INCHES)
RECORD
 MAXIMUM        12.58   1969
 MINIMUM         0.01   2003
TOTALS           0.87              3.03   -2.16     0.02
DAILY AVG.       0.03              0.10   -0.07     0.00
DAYS >= .01         4                MM      MM        2
DAYS >= .10         3                MM      MM        0
DAYS >= .50         1                MM      MM        0
DAYS >= 1.00        0                MM      MM        0
DAYS >= 1.50        0                                  0
DAYS >= 2.00        0                                  0
GREATEST
 24 HR. TOTAL    0.66   01/10 TO 01/11           01/30 TO 01/31
                                                          01/31 TO 01/31
                                                          01/31 TO 01/31
 STORM TOTAL       MM                                 MM
 (MM/DD(HH))            MM                    01/31(00) TO 01/31(00)
                                                 01/31(00) TO 01/31(00)1
                                                 01/31(00) TO 01/31(00)1

SNOWFALL (INCHES)
RECORDS
 TOTAL             MM   MM
TOTALS            0.0
SINCE 7/1         0.0

DEGREE_DAYS
HEATING TOTAL     116               277    -161      102
 SINCE 7/1        313               717    -404      383
COOLING TOTAL      19                 4      15       14
 SINCE 1/1         19                 0      19       14

FREEZE DATES
RECORD
 EARLIEST     MM
 LATEST       MM
EARLIEST                        MM
LATEST                          MM
..................................................

WIND (MPH)
AVERAGE WIND SPEED              2.4
RESULTANT WIND SPEED/DIRECTION   1/104
HIGHEST WIND SPEED/DIRECTION    21/070    DATE  01/24
HIGHEST GUST SPEED/DIRECTION    27/120    DATE  01/25

SKY COVER
POSSIBLE SUNSHINE (PERCENT)   MM
AVERAGE SKY COVER           0.20
NUMBER OF DAYS FAIR           25
NUMBER OF DAYS PC              3
NUMBER OF DAYS CLOUDY          3

AVERAGE RH (PERCENT)     54

WEATHER CONDITIONS. NUMBER OF DAYS WITH
THUNDERSTORM              0     MIXED PRECIP               0
HEAVY RAIN                1     RAIN                       2
LIGHT RAIN                5     FREEZING RAIN              0
LT FREEZING RAIN          0     HAIL                       0
HEAVY SNOW                0     SNOW                       0
LIGHT SNOW                0     SLEET                      0
FOG                      11     FOG W/VIS <= 1/4 MILE      1
HAZE                     15

-  INDICATES NEGATIVE NUMBERS.
R  INDICATES RECORD WAS SET OR TIED.
MM INDICATES DATA IS MISSING.
T  INDICATES TRACE AMOUNT.

$$
